000
CXUS55 KVEF 070610
CLMBIH
CLIMATE REPORT
NATIONAL WEATHER SERVICE LAS VEGAS, NV
1010 PM PST TUE FEB 06 2024
...................................
...THE BISHOP CA CLIMATE SUMMARY FOR THE MONTH OF JANUARY 2024...
CLIMATE NORMAL PERIOD: 1991 TO 2020
CLIMATE RECORD PERIOD: 1943 TO 2024
WEATHER OBSERVED NORMAL DEPART LAST YEAR`S
VALUE DATE(S) VALUE FROM VALUE DATE(S)
NORMAL
................................................................
TEMPERATURE (F)
RECORD
HIGH 77 01/24/1948
LOW -7 01/07/1982
01/10/1974
HIGHEST 75 01/29 59 01/27
LOWEST 15 01/09 13 01/31
AVG. MAXIMUM 57.2 56.3 0.9 47.5
AVG. MINIMUM 25.4 23.5 1.9 25.6
MEAN 41.3 39.9 1.4 36.5
DAYS MAX >= 90 0 0.0 0.0 0
DAYS MAX <= 32 0 0.1 -0.1 0
DAYS MIN <= 32 29 28.6 0.4 29
DAYS MIN <= 0 0 0.0 0.0 0
PRECIPITATION (INCHES)
RECORD
MAXIMUM 8.93 1969
MINIMUM 0.00 2022
TOTALS 0.08 1.14 -1.06 5.55
DAILY AVG. 0.00 0.04 -0.04 0.18
DAYS >= .01 1 3.8 -2.8 9
DAYS >= .10 0 2.0 -2.0 7
DAYS >= .50 0 0.8 -0.8 3
DAYS >= 1.00 0 0.2 -0.2 2
GREATEST
24 HR. TOTAL 0.08 01/22 TO 01/22
SNOWFALL (INCHES)
RECORDS
TOTAL 30.1 2005
24 HR TOTAL 18.0
TOTALS T MM MM 0.0
SINCE 7/1 T
SNOWDEPTH AVG. 0
DAYS >= TRACE 1
DAYS >= 1.0 0
GREATEST
SNOW DEPTH 0
24 HR TOTAL T 01/03 TO 01/03
01/06 TO 01/06
STORM TOTAL 0.0
DEGREE DAYS
HEATING TOTAL 727 778 -51 874
SINCE 7/1 2256 2461 -205 MM
COOLING TOTAL 0 0 0 0
SINCE 1/1 0 0 0 MM
FREEZE DATES
RECORD
EARLIEST 09/11/1952
LATEST 06/16/1944
EARLIEST 10/27
LATEST 05/08
................................................................
WIND (MPH)
AVERAGE WIND SPEED 8.0
HIGHEST WIND SPEED/DIRECTION 39/340 DATE 01/11
HIGHEST GUST SPEED/DIRECTION 60/340 DATE 01/11
SKY COVER
POSSIBLE SUNSHINE (PERCENT) MM
AVERAGE SKY COVER 0.18
NUMBER OF DAYS FAIR 25
NUMBER OF DAYS PC 5
NUMBER OF DAYS CLOUDY 1
AVERAGE RH (PERCENT) 49
WEATHER CONDITIONS. NUMBER OF DAYS WITH
THUNDERSTORM 0 MIXED PRECIP 0
HEAVY RAIN 0 RAIN 0
LIGHT RAIN 2 FREEZING RAIN 0
LT FREEZING RAIN 0 HAIL 0
HEAVY SNOW 0 SNOW 0
LIGHT SNOW 2 SLEET 0
FOG 0 FOG W/VIS <= 1/4 MILE 0
HAZE 0
- INDICATES NEGATIVE NUMBERS.
R INDICATES RECORD WAS SET OR TIED.
MM INDICATES DATA IS MISSING.
T INDICATES TRACE AMOUNT.
$$