000
CXUS56 KBOI 011002
CF6BKE
PRELIMINARY LOCAL CLIMATOLOGICAL DATA (WS FORM: F-6)
STATION: BAKER OR
MONTH: FEBRUARY
YEAR: 2024
LATITUDE: 44 50 N
LONGITUDE: 117 49 W
TEMPERATURE IN F: :PCPN: SNOW: WIND :SUNSHINE: SKY :PK WND
================================================================================
1 2 3 4 5 6A 6B 7 8 9 10 11 12 13 14 15 16 17 18
12Z AVG MX 2MIN
DY MAX MIN AVG DEP HDD CDD WTR SNW DPTH SPD SPD DIR MIN PSBL S-S WX SPD DR
================================================================================
1 52 42 47 16 18 0 0.10 M M 8.5 20 130 M M 10 1 29 130
2 48 37 43 12 22 0 0.02 M M 2.7 8 230 M M 8 1 12 250
3 48 34 41 10 24 0 T M M 9.6 20 340 M M 10 27 340
4 46 28 37 6 28 0 T M M 9.8 21 110 M M 8 28 120
5 54 36 45 14 20 0 0.04 M M 14.1 26 200 M M 7 37 210
6 53 28 41 9 24 0 0.00 M M 3.8 10 320 M M 1 1 15 320
7 39 34 37 5 28 0 0.06 M M 7.5 15 330 M M 10 1 22 330
8 43 33 38 6 27 0 T M M 1.8 15 360 M M 10 1 20 360
9 42 25 34 2 31 0 0.05 M M 6.9 23 350 M M 7 1 33 330
10 45 20 33 1 32 0 0.00 M M 3.1 12 60 M M 0 13 60
11 44 24 34 2 31 0 0.00 M M 7.0 20 100 M M 6 26 90
12 50 28 39 6 26 0 0.00 M M 3.5 13 320 M M 4 16 320
13 48 23 36 3 29 0 0.00 M M 3.0 7 270 M M 3 18 10 320
14 42 22 32 -1 33 0 0.10 M M 5.7 17 90 M M 6 18 22 80
15 49 31 40 6 25 0 0.06 M M 4.3 18 350 M M 8 18 24 350
16 35 21 28 -6 37 0 T M M 8.3 18 340 M M 4 1 26 340
17 39 21 30 -4 35 0 0.08 M M 7.5 16 130 M M 5 1 22 120
18 41 33 37 3 28 0 0.03 M M 7.4 16 110 M M 10 1 22 110
19 48 37 43 9 22 0 0.05 M M 12.0 23 120 M M 8 31 120
20 53 36 45 10 20 0 0.01 M M 9.7 18 130 M M 6 25 120
21 54 32 43 8 22 0 0.01 M M 4.6 20 310 M M 4 24 300
22 54 28 41 6 24 0 0.00 M M 2.3 9 220 M M 4 12 13 50
23 58 24 41 5 24 0 0.00 M M 3.7 15 120 M M 0 128 21 100
24 59 23 41 5 24 0 0.00 M M 2.9 12 60 M M 3 128 15 40
25 60 34 47 11 18 0 T M M 8.6 24 200 M M 7 35 190
26 51 25 38 2 27 0 0.03 M M 13.9 35 340 M M 8 45 340
27 38 24 31 -6 34 0 0.03 M M 3.6 17 320 M M 9 23 320
28 45 32 39 2 26 0 T M M 14.7 24 100 M M 9 32 120
29 55 30 43 6 22 0 0.04 M M 16.1 35 170 M M 7 50 220
================================================================================
SM 1393 845 761 0 0.71 M 206.6 M 182
================================================================================
AV 48.0 29.1 7.1 FASTST M M 6 MAX(MPH)
MISC ----> 35 340 50 220
================================================================================
NOTES:
# LAST OF SEVERAL OCCURRENCES
COLUMN 17 PEAK WIND IN M.P.H.
PRELIMINARY LOCAL CLIMATOLOGICAL DATA (WS FORM: F-6) , PAGE 2
STATION: BAKER OR
MONTH: FEBRUARY
YEAR: 2024
LATITUDE: 44 50 N
LONGITUDE: 117 49 W
[TEMPERATURE DATA] [PRECIPITATION DATA] SYMBOLS USED IN COLUMN 16
AVERAGE MONTHLY: 38.6 TOTAL FOR MONTH: 0.71 1 = FOG OR MIST
DPTR FM NORMAL: 5.1 DPTR FM NORMAL: 0.12 2 = FOG REDUCING VISIBILITY
HIGHEST: 60 ON 25 GRTST 24HR 0.12 ON 1- 2 TO 1/4 MILE OR LESS
LOWEST: 20 ON 10 3 = THUNDER
SNOW, ICE PELLETS, HAIL 4 = ICE PELLETS
TOTAL MONTH: M 5 = HAIL
GRTST 24HR M ON M 6 = FREEZING RAIN OR DRIZZLE
GRTST DEPTH: M ON M 7 = DUSTSTORM OR SANDSTORM:
VSBY 1/2 MILE OR LESS
8 = SMOKE OR HAZE
[NO. OF DAYS WITH] [WEATHER - DAYS WITH] 9 = BLOWING SNOW
X = TORNADO
MAX 32 OR BELOW: 0 0.01 INCH OR MORE: 15
MAX 90 OR ABOVE: 0 0.10 INCH OR MORE: 2
MIN 32 OR BELOW: 19 0.50 INCH OR MORE: 0
MIN 0 OR BELOW: 0 1.00 INCH OR MORE: 0
[HDD (BASE 65) ]
TOTAL THIS MO. 761 CLEAR (SCALE 0-3) 5
DPTR FM NORMAL -120 PTCLDY (SCALE 4-7) 17
TOTAL FM JUL 1 4416 CLOUDY (SCALE 8-10) 7
DPTR FM NORMAL -468
[CDD (BASE 65) ]
TOTAL THIS MO. 0
DPTR FM NORMAL 0 [PRESSURE DATA]
TOTAL FM JAN 1 0 HIGHEST SLP 30.44 ON 23
DPTR FM NORMAL 0 LOWEST SLP 29.39 ON 29
[REMARKS]
#FINAL-02-24#