000
CXUS51 KRLX 021552
CF6BKW
PRELIMINARY LOCAL CLIMATOLOGICAL DATA (WS FORM: F-6)
STATION: BECKLEY WV
MONTH: OCTOBER
YEAR: 2020
LATITUDE: 37 46 N
LONGITUDE: 81 7 W
TEMPERATURE IN F: :PCPN: SNOW: WIND :SUNSHINE: SKY :PK WND
================================================================================
1 2 3 4 5 6A 6B 7 8 9 10 11 12 13 14 15 16 17 18
12Z AVG MX 2MIN
DY MAX MIN AVG DEP HDD CDD WTR SNW DPTH SPD SPD DIR MIN PSBL S-S WX SPD DR
================================================================================
1 63 44 54 -4 11 0 0.00 0.0 0 5.8 15 320 M M 6 21 240
2 57 38 48 -9 17 0 0.00 0.0 0 3.5 15 340 M M 3 22 330
3 61 35 48 -9 17 0 0.00 0.0 0 2.1 12 140 M M 2 17 150
4 66 47 57 0 8 0 0.12 0.0 0 7.3 17 310 M M 6 1 23 310
5 57 42 50 -6 15 0 0.01 0.0 0 4.9 13 340 M M 5 1 16 340
6 68 41 55 -1 10 0 0.00 0.0 0 6.9 18 270 M M 1 24 290
7 72 53 63 7 2 0 0.00 0.0 0 10.4 21 260 M M 0 26 250
8 69 48 59 4 6 0 0.00 0.0 0 5.3 15 350 M M 1 20 360
9 66 46 56 1 9 0 0.01 0.0 0 6.8 15 150 M M 0 21 160
10 62 57 60 5 5 0 0.40 0.0 0 6.4 12 160 M M 10 1 17 160
11 65 60 63 9 2 0 0.39 0.0 0 11.3 18 120 M M 9 1 27 130
12 68 61 65 11 0 0 T 0.0 0 7.8 14 110 M M 10 1 19 130
13 64 42 53 -1 12 0 0.03 0.0 0 7.6 18 310 M M 5 1 24 320
14 71 41 56 2 9 0 0.00 0.0 0 5.8 14 150 M M 0 1 19 170
15 73 46 60 7 5 0 0.00 0.0 0 10.3 22 220 M M 3 35 210
16 54 35 45 -8 20 0 0.03 0.0 0 5.7 15 340 M M 6 1 19 340
17 56 30 43 -10 22 0 0.00 0.0 0 4.6 16 140 M M 0 26 150
18 65 42 54 1 11 0 0.00 0.0 0 8.7 15 140 M M 3 24 130
19 72 51 62 10 3 0 0.00 0.0 0 7.0 14 160 M M 6 18 160
20 75 53 64 12 1 0 0.00 0.0 0 5.8 13 250 M M 1 17 150
21 77 52 65 13 0 0 0.00 0.0 0 4.7 14 260 M M 0 18 260
22 79 53 66 14 0 1 0.00 0.0 0 4.6 10 140 M M 1 14 170
23 76 58 67 16 0 2 0.00 0.0 0 6.1 12 240 M M 1 16 250
24 64 49 57 6 8 0 0.01 0.0 0 5.1 13 330 M M 9 12 15 350
25 61 49 55 4 10 0 0.20 0.0 0 7.1 15 140 M M 10 12 21 150
26 70 52 61 11 4 0 T 0.0 0 6.4 15 270 M M 10 12 21 150
27 65 53 59 9 6 0 0.00 0.0 0 3.6 14 260 M M 8 12 18 260
28 64 54 59 9 6 0 0.05 0.0 0 3.7 9 220 M M 7 1 11 160
29 68 51 60 10 5 0 1.74 0.0 0 8.0 18 230 M M 10 12 25 220
30 51 38 45 -4 20 0 0.03 0.0 0 8.9 20 330 M M 10 1 25 300
31 54 30 42 -7 23 0 0.00 0.0 0 7.5 16 130 M M 0 23 150
================================================================================
SM 2033 1451 267 3 3.02 0.0 199.7 M 143
================================================================================
AV 65.6 46.8 6.4 FASTST M M 5 MAX(MPH)
MISC ----> 22 220 35 210
================================================================================
NOTES:
# LAST OF SEVERAL OCCURRENCES
COLUMN 17 PEAK WIND IN M.P.H.
PRELIMINARY LOCAL CLIMATOLOGICAL DATA (WS FORM: F-6) , PAGE 2
STATION: BECKLEY WV
MONTH: OCTOBER
YEAR: 2020
LATITUDE: 37 46 N
LONGITUDE: 81 7 W
[TEMPERATURE DATA] [PRECIPITATION DATA] SYMBOLS USED IN COLUMN 16
AVERAGE MONTHLY: 56.2 TOTAL FOR MONTH: 3.02 1 = FOG OR MIST
DPTR FM NORMAL: 3.0 DPTR FM NORMAL: 0.45 2 = FOG REDUCING VISIBILITY
HIGHEST: 79 ON 22 GRTST 24HR 1.79 ON 28-29 TO 1/4 MILE OR LESS
LOWEST: 30 ON 31,17 3 = THUNDER
SNOW, ICE PELLETS, HAIL 4 = ICE PELLETS
TOTAL MONTH: 0.0 INCH 5 = HAIL
GRTST 24HR 0.0 6 = FREEZING RAIN OR DRIZZLE
GRTST DEPTH: 0 7 = DUSTSTORM OR SANDSTORM:
VSBY 1/2 MILE OR LESS
8 = SMOKE OR HAZE
[NO. OF DAYS WITH] [WEATHER - DAYS WITH] 9 = BLOWING SNOW
X = TORNADO
MAX 32 OR BELOW: 0 0.01 INCH OR MORE: 12
MAX 90 OR ABOVE: 0 0.10 INCH OR MORE: 5
MIN 32 OR BELOW: 2 0.50 INCH OR MORE: 1
MIN 0 OR BELOW: 0 1.00 INCH OR MORE: 1
[HDD (BASE 65) ]
TOTAL THIS MO. 267 CLEAR (SCALE 0-3) 14
DPTR FM NORMAL -105 PTCLDY (SCALE 4-7) 8
TOTAL FM JUL 1 380 CLOUDY (SCALE 8-10) 9
DPTR FM NORMAL -127
[CDD (BASE 65) ]
TOTAL THIS MO. 3
DPTR FM NORMAL -3 [PRESSURE DATA]
TOTAL FM JAN 1 797 HIGHEST SLP 30.45 ON 31
DPTR FM NORMAL 241 LOWEST SLP 29.44 ON 29
[REMARKS]
#FINAL-10-20#