046
CXUS51 KRNK 010634 CCA
CLABLF
CLIMATE REPORT...CORRECTED
NATIONAL WEATHER SERVICE BLACKSBURG VA
130 AM EST WED JAN 1 2020
...................................
...THE BLUEFIELD WV CLIMATE SUMMARY FOR THE YEAR OF 2019...
CLIMATE NORMAL PERIOD 1981 TO 2010
CLIMATE RECORD PERIOD 1909 TO 2019
WEATHER OBSERVED NORMAL DEPART
VALUE DATE(S) VALUE FROM
NORMAL
................................................
TEMPERATURE (F)
RECORD
HIGH 99 09/11/2019
08/09/1957
07/28/1952
LOW -21 01/21/1985
HIGHEST 92 09/12
LOWEST -2 01/21
AVG. MAXIMUM 62.8 63.4 -0.6
AVG. MINIMUM 44.9 46.1 -1.2
MEAN 53.8 54.8 -1.0
DAYS MAX >= 90 2 3.3 -1.3
DAYS MAX <= 32 18 17.5 0.5
DAYS MIN <= 32 89 80.9 8.1
DAYS MIN <= 0 2 0.9 1.1
PRECIPITATION (INCHES)
RECORD
MAXIMUM 54.58 2004
MINIMUM 30.07 1969
TOTALS 39.23 39.63 -0.40
DAILY AVG. 0.11 0.11 0.00
DAYS >= .01 137 149.3 -12.3
DAYS >= .10 90 85.2 4.8
DAYS >= .50 29 26.0 3.0
DAYS >= 1.00 6 6.6 -0.6
GREATEST
24 HR. TOTAL 1.31
SNOWFALL (INCHES)
TOTALS 13.6
DAYS >= TRACE 48
DAYS >= 1.0 5
GREATEST
24 HR TOTAL 2.8
DEGREE_DAYS
HEATING TOTAL 4721 4588 133
COOLING TOTAL 748 854 -106
.................................................
WIND (MPH)
AVERAGE WIND SPEED 6.7
HIGHEST WIND SPEED/DIRECTION 41/250 DATE 11/27
HIGHEST GUST SPEED/DIRECTION 55/240 DATE 11/27
SKY COVER
AVERAGE SKY COVER 0.50
AVERAGE RH (PERCENT) 69
WEATHER CONDITIONS. NUMBER OF DAYS WITH:
THUNDERSTORM 44 MIXED PRECIP 0
HEAVY RAIN 44 RAIN 81
LIGHT RAIN 157 FREEZING RAIN 4
LIGHT FREEZING RAIN 6 HAIL 0
HEAVY SNOW 0 SNOW 8
LIGHT SNOW 47 SLEET 6
FOG 166 FOG W/VIS <= 1/4 MILE 50
HAZE 5
- INDICATES NEGATIVE NUMBERS.
R INDICATES RECORD WAS SET OR TIED.
MM INDICATES DATA IS MISSING.
T INDICATES TRACE AMOUNT.
REMARKS:
DUE TO MISSING TEMPERATURES ON MAY 10 AND JULY 11-12, ALL
TEMPERATURE AND COOLING DEGREE DAY INFORMATION WILL BE CALCULATED
WITHOUT DATA FROM THESE DATES.
$$
RAB