000
CXUS55 KPSR 011005
CF6BLH
PRELIMINARY LOCAL CLIMATOLOGICAL DATA (WS FORM: F-6)
STATION: BLYTHE CA
MONTH: MAY
YEAR: 2022
LATITUDE: 33 37 N
LONGITUDE: 114 43 W
TEMPERATURE IN F: :PCPN: SNOW: WIND :SUNSHINE: SKY :PK WND
================================================================================
1 2 3 4 5 6A 6B 7 8 9 10 11 12 13 14 15 16 17 18
12Z AVG MX 2MIN
DY MAX MIN AVG DEP HDD CDD WTR SNW DPTH SPD SPD DIR MIN PSBL S-S WX SPD DR
================================================================================
1 97 67 82 6 0 17 0.00 M M 10.7 26 220 M M 0 39 220
2 95 67 81 5 0 16 0.00 M M 9.1 21 200 M M 0 28 200
3 94 66 80 3 0 15 0.00 M M 8.2 20 320 M M 0 27 330
4 93 65 79 2 0 14 0.00 M M 13.1 26 340 M M 0 40 360
5 98 60 79 2 0 14 0.00 M M 4.9 14 240 M M 0 20 150
6 103 66 85 8 0 20 0.00 M M 10.6 22 230 M M 0 28 200
7 103 70 87 9 0 22 0.00 M M 13.5 32 240 M M 0 8 44 220
8 93 67 80 2 0 15 0.00 M M 17.0 36 230 M M 0 8 45 240
9 86 61 74 -4 0 9 0.00 M M 12.3 25 240 M M 0 34 220
10 86 62 74 -5 0 9 0.00 M M 12.5 24 240 M M 0 29 360
11 82 57 70 -9 0 5 0.00 M M 12.6 29 350 M M 0 8 38 360
12 87 56 72 -7 0 7 0.00 M M 11.7 22 360 M M 0 29 350
13 99 62 81 1 0 16 0.00 M M 5.9 15 350 M M 0 21 360
14 104 62 83 3 0 18 0.00 M M 4.3 10 360 M M 0 16 250
15 107 63 85 5 0 20 0.00 M M 7.6 22 240 M M 0 28 250
16 104 67 86 6 0 21 0.00 M M 7.5 20 200 M M 0 26 170
17 101 70 86 5 0 21 0.00 M M 11.5 23 170 M M 0 30 160
18 100 71 86 5 0 21 0.00 M M 7.8 16 240 M M 0 20 200
19 101 70 86 5 0 21 0.00 M M 12.4 22 180 M M 0 29 190
20 98 72 85 3 0 20 0.00 M M 16.4 25 230 M M 0 8 33 240
21 91 66 79 -3 0 14 0.00 M M 8.4 18 160 M M 0 8 25 130
22 97 68 83 1 0 18 0.00 M M 7.7 18 200 M M 0 24 170
23 98 72 85 3 0 20 0.00 M M 9.2 17 170 M M 0 23 160
24 101 72 87 4 0 22 0.00 M M 7.0 16 240 M M 0 20 240
25 105 74 90 7 0 25 0.00 M M 9.1 20 170 M M 1 26 160
26 104 71 88 5 0 23 0.00 M M 11.2 23 170 M M 0 30 180
27 105 75 90 6 0 25 0.00 M M 11.5 22 170 M M 0 28 170
28 99 74 87 3 0 22 0.00 M M 13.4 26 220 M M 0 8 35 200
29 99 66 83 -1 0 18 0.00 M M 10.2 24 270 M M 0 8 33 270
30 96 69 83 -1 0 18 0.00 M M 6.2 21 360 M M 0 30 260
31 96 70 83 -2 0 18 0.00 M M 6.1 14 140 M M 0 20 150
================================================================================
SM 3022 2078 0 544 0.00 M 309.6 M 1
================================================================================
AV 97.5 67.0 10.0 FASTST M M 0 MAX(MPH)
MISC ----> 36 230 45 240
================================================================================
NOTES:
# LAST OF SEVERAL OCCURRENCES
COLUMN 17 PEAK WIND IN M.P.H.
PRELIMINARY LOCAL CLIMATOLOGICAL DATA (WS FORM: F-6) , PAGE 2
STATION: BLYTHE CA
MONTH: MAY
YEAR: 2022
LATITUDE: 33 37 N
LONGITUDE: 114 43 W
[TEMPERATURE DATA] [PRECIPITATION DATA] SYMBOLS USED IN COLUMN 16
AVERAGE MONTHLY: 82.3 TOTAL FOR MONTH: 0.00 1 = FOG OR MIST
DPTR FM NORMAL: 2.0 DPTR FM NORMAL: -0.05 2 = FOG REDUCING VISIBILITY
HIGHEST: 107 ON 15 GRTST 24HR 0.00 ON 1- 1 TO 1/4 MILE OR LESS
LOWEST: 56 ON 12 3 = THUNDER
SNOW, ICE PELLETS, HAIL 4 = ICE PELLETS
TOTAL MONTH: M 5 = HAIL
GRTST 24HR M ON M 6 = FREEZING RAIN OR DRIZZLE
GRTST DEPTH: M ON M 7 = DUSTSTORM OR SANDSTORM:
VSBY 1/2 MILE OR LESS
8 = SMOKE OR HAZE
[NO. OF DAYS WITH] [WEATHER - DAYS WITH] 9 = BLOWING SNOW
X = TORNADO
MAX 32 OR BELOW: 0 0.01 INCH OR MORE: 0
MAX 90 OR ABOVE: 27 0.10 INCH OR MORE: 0
MIN 32 OR BELOW: 0 0.50 INCH OR MORE: 0
MIN 0 OR BELOW: 0 1.00 INCH OR MORE: 0
[HDD (BASE 65) ]
TOTAL THIS MO. 0 CLEAR (SCALE 0-3) 31
DPTR FM NORMAL -1 PTCLDY (SCALE 4-7) 0
TOTAL FM JUL 1 808 CLOUDY (SCALE 8-10) 0
DPTR FM NORMAL -203
[CDD (BASE 65) ]
TOTAL THIS MO. 544
DPTR FM NORMAL 67 [PRESSURE DATA]
TOTAL FM JAN 1 978 HIGHEST SLP M ON M
DPTR FM NORMAL 169 LOWEST SLP 29.47 ON 29
[REMARKS]
#FINAL-05-22#