000
CXUS55 KSEW 011522
CF6BLI
PRELIMINARY LOCAL CLIMATOLOGICAL DATA (WS FORM: F-6)
STATION: BELLINGHAM WA AIRPORT
MONTH: JULY
YEAR: 2023
LATITUDE: 48 47 N
LONGITUDE: 122 32 W
TEMPERATURE IN F: :PCPN: SNOW: WIND :SUNSHINE: SKY :PK WND
================================================================================
1 2 3 4 5 6A 6B 7 8 9 10 11 12 13 14 15 16 17 18
12Z AVG MX 2MIN
DY MAX MIN AVG DEP HDD CDD WTR SNW DPTH SPD SPD DIR MIN PSBL S-S WX SPD DR
================================================================================
1 70 55 63 1 2 0 0.00 M M 9.0 16 180 M M 0 26 190
2 75 51 63 1 2 0 0.00 M M 3.7 12 280 M M 1 18 300
3 77 51 64 2 1 0 0.00 M M 3.4 13 290 M M 0 19 290
4 81 51 66 4 0 1 0.00 M M 2.8 10 290 M M 0 1 16 290
5 85 54 70 8 0 5 0.00 M M 2.5 9 200 M M 0 18 15 200
6 81 56 69 6 0 4 0.00 M M 5.9 14 190 M M 0 23 190
7 66 57 62 -1 3 0 0.00 M M 11.2 18 180 M M 1 26 190
8 68 57 63 0 2 0 0.00 M M 9.2 15 190 M M 1 25 200
9 71 55 63 0 2 0 0.00 M M 8.9 15 180 M M 0 28 170
10 67 56 62 -1 3 0 0.00 M M 8.8 17 170 M M 5 25 160
11 72 58 65 2 0 0 0.00 M M 6.8 13 200 M M 4 22 200
12 69 57 63 -1 2 0 0.00 M M 9.0 16 180 M M 1 25 170
13 72 58 65 1 0 0 0.00 M M 8.2 15 180 M M 0 23 180
14 77 57 67 3 0 2 0.00 M M 6.0 12 190 M M 0 17 190
15 81 58 70 6 0 5 0.00 M M 6.6 15 180 M M 0 25 190
16 76 58 67 3 0 2 0.00 M M 9.6 15 190 M M 2 25 190
17 71 60 66 2 0 1 0.00 M M 10.5 18 180 M M 4 30 180
18 78 51 65 1 0 0 0.00 M M 3.5 9 300 M M 0 15 280
19 85 54 70 6 0 5 0.00 M M 3.9 10 300 M M 0 17 310
20 78 60 69 5 0 4 0.00 M M 9.3 16 190 M M 0 27 170
21 73 60 67 2 0 2 0.00 M M 11.2 18 180 M M 0 30 180
22 75 58 67 2 0 2 0.00 M M 8.8 15 170 M M 3 25 190
23 77 58 68 3 0 3 0.00 M M 6.6 13 190 M M 0 20 190
24 71 58 65 0 0 0 M M M 6.3 14 190 M M 8 1 23 190
25 66 54 60 -5 5 0 M M M 6.4 14 170 M M 7 1 22 160
26 73 51 62 -3 3 0 M M M 4.0 10 300 M M 2 18 290
27 76 55 66 1 0 1 M M M 5.4 12 300 M M 1 16 310
28 72 53 63 -2 2 0 0.00 M M 6.9 14 180 M M 0 21 170
29 69 60 65 0 0 0 0.00 M M 10.6 17 180 M M 4 27 170
30 71 53 62 -3 3 0 0.00 M M 8.3 16 190 M M 4 26 180
31 75 49 62 -3 3 0 0.00 M M 3.9 9 180 M M 0 14 210
================================================================================
SM 2298 1723 33 37 0.00 M 217.2 M 48
================================================================================
AV 74.1 55.6 7.0 FASTST M M 2 MAX(MPH)
MISC ----> # 18 180 # 30 180
================================================================================
NOTES:
# LAST OF SEVERAL OCCURRENCES
COLUMN 17 PEAK WIND IN M.P.H.
PRELIMINARY LOCAL CLIMATOLOGICAL DATA (WS FORM: F-6) , PAGE 2
STATION: BELLINGHAM WA AIRPORT
MONTH: JULY
YEAR: 2023
LATITUDE: 48 47 N
LONGITUDE: 122 32 W
[TEMPERATURE DATA] [PRECIPITATION DATA] SYMBOLS USED IN COLUMN 16
AVERAGE MONTHLY: 64.9 TOTAL FOR MONTH: 0.00 1 = FOG OR MIST
DPTR FM NORMAL: 1.0 DPTR FM NORMAL: -0.88 2 = FOG REDUCING VISIBILITY
HIGHEST: 85 ON 19, 5 GRTST 24HR 0.01 ON 24-24 TO 1/4 MILE OR LESS
LOWEST: 49 ON 31 3 = THUNDER
SNOW, ICE PELLETS, HAIL 4 = ICE PELLETS
TOTAL MONTH: M 5 = HAIL
GRTST 24HR M ON M 6 = FREEZING RAIN OR DRIZZLE
GRTST DEPTH: M ON M 7 = DUSTSTORM OR SANDSTORM:
VSBY 1/2 MILE OR LESS
8 = SMOKE OR HAZE
[NO. OF DAYS WITH] [WEATHER - DAYS WITH] 9 = BLOWING SNOW
X = TORNADO
MAX 32 OR BELOW: 0 0.01 INCH OR MORE: 0
MAX 90 OR ABOVE: 0 0.10 INCH OR MORE: 0
MIN 32 OR BELOW: 0 0.50 INCH OR MORE: 0
MIN 0 OR BELOW: 0 1.00 INCH OR MORE: 0
[HDD (BASE 65) ]
TOTAL THIS MO. 33 CLEAR (SCALE 0-3) 24
DPTR FM NORMAL -34 PTCLDY (SCALE 4-7) 6
TOTAL FM JUL 1 33 CLOUDY (SCALE 8-10) 1
DPTR FM NORMAL -37
[CDD (BASE 65) ]
TOTAL THIS MO. 37
DPTR FM NORMAL 6 [PRESSURE DATA]
TOTAL FM JAN 1 51 HIGHEST SLP 30.22 ON 25
DPTR FM NORMAL 11 LOWEST SLP 29.82 ON 6
[REMARKS]
#FINAL-07-23#
CORRECTED