000
CXUS55 KBOI 012216
CF6BOI
PRELIMINARY LOCAL CLIMATOLOGICAL DATA (WS FORM: F-6)
STATION: BOISE ID
MONTH: JUNE
YEAR: 2021
LATITUDE: 43 34 N
LONGITUDE: 116 13 W
TEMPERATURE IN F: :PCPN: SNOW: WIND :SUNSHINE: SKY :PK WND
================================================================================
1 2 3 4 5 6A 6B 7 8 9 10 11 12 13 14 15 16 17 18
12Z AVG MX 2MIN
DY MAX MIN AVG DEP HDD CDD WTR SNW DPTH SPD SPD DIR MIN PSBL S-S WX SPD DR
================================================================================
1 90 57 74 10 0 9 0.00 0.0 0 5.3 15 310 M M 0 20 300
2 96 63 80 16 0 15 0.00 0.0 0 5.8 14 310 M M 0 20 320
3 103 64 84 20 0 19 T 0.0 0 8.7 25 270 M M 0 8 35 270
4 94 66 80 15 0 15 0.00 0.0 0 7.5 18 310 M M 0 27 310
5 86 61 74 9 0 9 0.00 0.0 0 13.6 30 320 M M 0 36 310
6 77 49 63 -2 2 0 0.00 0.0 0 9.7 28 320 M M 0 36 310
7 80 47 64 -1 1 0 0.00 0.0 0 7.3 18 310 M M 0 24 310
8 81 54 68 2 0 3 0.00 0.0 0 8.5 17 280 M M 0 23 280
9 79 56 68 2 0 3 0.00 0.0 0 13.8 29 300 M M 2 37 300
10 63 45 54 -12 11 0 0.71 0.0 0 11.5 29 300 M M 5 1 40 300
11 78 51 65 -1 0 0 0.00 0.0 0 12.3 24 140 M M 1 8 33 120
12 83 61 72 6 0 7 T 0.0 0 6.3 15 330 M M 2 19 340
13 97 64 81 14 0 16 0.00 0.0 0 8.2 18 300 M M 0 23 300
14 94 65 80 13 0 15 0.00 0.0 0 7.0 14 320 M M 0 19 330
15 89 61 75 8 0 10 0.00 0.0 0 9.3 27 320 M M 0 39 310
16 82 52 67 -1 0 2 0.00 0.0 0 9.4 20 300 M M 0 24 300
17 91 55 73 5 0 8 0.00 0.0 0 7.5 18 310 M M 0 27 320
18 97 58 78 10 0 13 0.00 0.0 0 5.9 17 310 M M 0 24 300
19 95 60 78 10 0 13 0.00 0.0 0 8.7 18 350 M M 0 25 360
20 91 63 77 8 0 12 0.00 0.0 0 10.3 23 300 M M 0 35 330
21 96 64 80 11 0 15 0.00 0.0 0 6.5 16 150 M M 0 27 160
22 98 69 84 14 0 19 T 0.0 0 12.1 41 260 M M 0 8 59 270
23 92 60 76 6 0 11 0.00 0.0 0 7.1 26 210 M M 0 37 210
24 95 63 79 9 0 14 0.00 0.0 0 9.2 21 320 M M 0 8 32 280
25 94 61 78 7 0 13 0.00 0.0 0 9.7 24 310 M M 1 32 310
26 95 65 80 9 0 15 0.00 0.0 0 5.4 16 290 M M 0 22 320
27 99 70 85 14 0 20 0.00 0.0 0 7.2 15 110 M M 0 19 120
28 103 72 88 16 0 23 0.00 0.0 0 8.0 22 150 M M 0 8 39 190
29 105 74 90 18 0 25 0.00 0.0 0 6.8 16 120 M M 0 21 120
30 104 78 91 18 0 26 T 0.0 0 11.4 28 100 M M 0 38 36 100
================================================================================
SM 2727 1828 14 350 0.71 0.0 260.0 M 11
================================================================================
AV 90.9 60.9 8.7 FASTST M M 0 MAX(MPH)
MISC ----> 41 260 59 270
================================================================================
NOTES:
# LAST OF SEVERAL OCCURRENCES
COLUMN 17 PEAK WIND IN M.P.H.
PRELIMINARY LOCAL CLIMATOLOGICAL DATA (WS FORM: F-6) , PAGE 2
STATION: BOISE ID
MONTH: JUNE
YEAR: 2021
LATITUDE: 43 34 N
LONGITUDE: 116 13 W
[TEMPERATURE DATA] [PRECIPITATION DATA] SYMBOLS USED IN COLUMN 16
AVERAGE MONTHLY: 75.9 TOTAL FOR MONTH: 0.71 1 = FOG OR MIST
DPTR FM NORMAL: 8.1 DPTR FM NORMAL: -0.04 2 = FOG REDUCING VISIBILITY
HIGHEST: 105 ON 29 GRTST 24HR 0.77 ON 10-10 TO 1/4 MILE OR LESS
LOWEST: 45 ON 10 3 = THUNDER
SNOW, ICE PELLETS, HAIL 4 = ICE PELLETS
TOTAL MONTH: 0.0 INCH 5 = HAIL
GRTST 24HR 0.0 6 = FREEZING RAIN OR DRIZZLE
GRTST DEPTH: 0 7 = DUSTSTORM OR SANDSTORM:
VSBY 1/2 MILE OR LESS
8 = SMOKE OR HAZE
[NO. OF DAYS WITH] [WEATHER - DAYS WITH] 9 = BLOWING SNOW
X = TORNADO
MAX 32 OR BELOW: 0 0.01 INCH OR MORE: 1
MAX 90 OR ABOVE: 20 0.10 INCH OR MORE: 1
MIN 32 OR BELOW: 0 0.50 INCH OR MORE: 1
MIN 0 OR BELOW: 0 1.00 INCH OR MORE: 0
[HDD (BASE 65) ]
TOTAL THIS MO. 14 CLEAR (SCALE 0-3) 29
DPTR FM NORMAL -47 PTCLDY (SCALE 4-7) 1
TOTAL FM JUL 1 5018 CLOUDY (SCALE 8-10) 0
DPTR FM NORMAL -302
[CDD (BASE 65) ]
TOTAL THIS MO. 350
DPTR FM NORMAL 207 [PRESSURE DATA]
TOTAL FM JAN 1 383 HIGHEST SLP 30.24 ON 16
DPTR FM NORMAL 195 LOWEST SLP 29.53 ON 7
[REMARKS]
#FINAL-06-21#