000
CXUS54 KMAF 011110
CF6BPG
PRELIMINARY LOCAL CLIMATOLOGICAL DATA (WS FORM: F-6)
STATION: BIG SPRING MCMAHON-WRINKLE FI
MONTH: JUNE
YEAR: 2023
LATITUDE: 32 12 N
LONGITUDE: 101 31 W
TEMPERATURE IN F: :PCPN: SNOW: WIND :SUNSHINE: SKY :PK WND
================================================================================
1 2 3 4 5 6A 6B 7 8 9 10 11 12 13 14 15 16 17 18
12Z AVG MX 2MIN
DY MAX MIN AVG DEP HDD CDD WTR SNW DPTH SPD SPD DIR MIN PSBL S-S WX SPD DR
================================================================================
1 85 69 77 M 0 12 M M M 16.3 25 140 M M 5 32 150
2 86 63 75 M 0 10 0.27 M M 15.5 28 160 M M 5 38 33 160
3 78 60 69 M 0 4 1.21 M M 8.7 14 50 M M 6 13 45 50
4 80 61 71 M 0 6 0.03 M M 7.9 15 50 M M 1 18 60
5 78 62 70 M 0 5 0.22 M M 8.7 16 260 M M 5 M M
6 83 59 71 M 0 6 M M M 5.8 12 40 M M 2 8 M M
7 86 59 73 M 0 8 0.49 M M 9.4 36 300 M M 1 38 48 300
8 87 61 74 M 0 9 M M M 4.8 18 340 M M 0 25 340
9 96 66 81 M 0 16 M M M 9.5 16 110 M M 0 24 40
10 97 64 81 M 0 16 M M M 9.5 22 230 M M 0 28 260
11 100 65 83 M 0 18 M M M 9.6 16 210 M M 0 23 190
12 82 70 76 M 0 11 M M M 15.2 23 50 M M 2 28 60
13 91 67 79 M 0 14 M M M 9.0 16 100 M M 4 18 M M
14 94 62 78 M 0 13 M M M 6.3 10 120 M M 1 12 17 350
15 103 66 85 M 0 20 M M M 11.0 17 240 M M 0 8 29 240
16 98 64 81 M 0 16 M M M 6.1 15 80 M M 0 M M
17 103 70 87 M 0 22 M M M 8.7 17 210 M M 0 30 250
18 99 70 85 M 0 20 M M M 9.7 16 30 M M 0 18 120
19 108 70 89 M 0 24 M M M 6.0 18 150 M M 0 23 360
20 109 73 91 M 0 26 M M M 7.1 15 90 M M 0 21 260
21 111 77 94 M 0 29 M M M 9.2 17 200 M M 0 49 100
22 107 74 91 M 0 26 M M M 18.6 29 80 M M 0 8 40 80
23 106 73 90 M 0 25 0.35 M M 13.6 32 160 M M 1 45 160
24 108 73 91 M 0 26 M M M 14.8 26 180 M M 0 31 180
25 112 76 94 M 0 29 M M M 13.9 21 200 M M 1 25 40
26 107 74 91 M 0 26 M M M 9.0 20 350 M M 0 3 32 190
27 110 81 96 M 0 31 M M M 15.2 21 180 M M 0 31 170
28 106 81 94 M 0 29 M M M 19.8 24 170 M M 0 36 190
29 102 74 88 M 0 23 M M M 16.7 26 170 M M 0 33 150
30 98 70 84 M 0 19 0.13 M M 17.8 28 350 M M 2 45 190
================================================================================
SM 2910 2054 0 539 2.70 M 333.3 M 36
================================================================================
AV 97.0 68.5 11.1 FASTST M M 1 MAX(MPH)
MISC ----> 36 300 49 100
================================================================================
NOTES:
# LAST OF SEVERAL OCCURRENCES
COLUMN 17 PEAK WIND IN M.P.H.
PRELIMINARY LOCAL CLIMATOLOGICAL DATA (WS FORM: F-6) , PAGE 2
STATION: BIG SPRING MCMAHON-WRINKLE FI
MONTH: JUNE
YEAR: 2023
LATITUDE: 32 12 N
LONGITUDE: 101 31 W
[TEMPERATURE DATA] [PRECIPITATION DATA] SYMBOLS USED IN COLUMN 16
AVERAGE MONTHLY: 82.7 TOTAL FOR MONTH: 2.70 1 = FOG OR MIST
DPTR FM NORMAL: 0.0 DPTR FM NORMAL: M 2 = FOG REDUCING VISIBILITY
HIGHEST: 112 ON 25 GRTST 24HR 1.21 ON 3- 3 TO 1/4 MILE OR LESS
LOWEST: 59 ON 7, 6 3 = THUNDER
SNOW, ICE PELLETS, HAIL 4 = ICE PELLETS
TOTAL MONTH: M 5 = HAIL
GRTST 24HR M ON M 6 = FREEZING RAIN OR DRIZZLE
GRTST DEPTH: M ON M 7 = DUSTSTORM OR SANDSTORM:
VSBY 1/2 MILE OR LESS
8 = SMOKE OR HAZE
[NO. OF DAYS WITH] [WEATHER - DAYS WITH] 9 = BLOWING SNOW
X = TORNADO
MAX 32 OR BELOW: 0 0.01 INCH OR MORE: 7
MAX 90 OR ABOVE: 21 0.10 INCH OR MORE: 6
MIN 32 OR BELOW: 0 0.50 INCH OR MORE: 1
MIN 0 OR BELOW: 0 1.00 INCH OR MORE: 1
[HDD (BASE 65) ]
TOTAL THIS MO. 0 CLEAR (SCALE 0-3) 25
DPTR FM NORMAL M PTCLDY (SCALE 4-7) 5
TOTAL FM JUL 1 2316 CLOUDY (SCALE 8-10) 0
DPTR FM NORMAL M
[CDD (BASE 65) ]
TOTAL THIS MO. 539
DPTR FM NORMAL M [PRESSURE DATA]
TOTAL FM JAN 1 954 HIGHEST SLP M ON M
DPTR FM NORMAL M LOWEST SLP M ON M
[REMARKS]
#FINAL-06-23#