000
CXUS54 KLZK 011130
CF6BPK
PRELIMINARY LOCAL CLIMATOLOGICAL DATA (WS FORM: F-6)
STATION: MOUNTAIN HOME AIRPORT
MONTH: APRIL
YEAR: 2022
LATITUDE: 36 22 N
LONGITUDE: 92 28 W
TEMPERATURE IN F: :PCPN: SNOW: WIND :SUNSHINE: SKY :PK WND
================================================================================
1 2 3 4 5 6A 6B 7 8 9 10 11 12 13 14 15 16 17 18
12Z AVG MX 2MIN
DY MAX MIN AVG DEP HDD CDD WTR SNW DPTH SPD SPD DIR MIN PSBL S-S WX SPD DR
================================================================================
1 61 27 44 -11 21 0 T M M 3.4 12 150 M M 0 16 150
2 68 42 55 0 10 0 0.22 M M 3.7 14 310 M M 5 1 29 320
3 72 41 57 1 8 0 T M M 7.2 15 150 M M 2 23 160
4 60 47 54 -2 11 0 0.18 M M 3.9 12 140 M M 8 13 17 20
5 76 51 64 8 1 0 T M M 6.9 17 180 M M 5 3 21 200
6 67 49 58 1 7 0 0.17 M M 7.4 16 10 M M 5 13 26 10
7 57 42 50 -7 15 0 T M M 8.1 20 340 M M 4 34 270
8 45 36 41 -16 24 0 T M M 7.0 17 320 M M 9 4 30 300
9 66 27 47 -11 18 0 0.00 M M 4.0 10 310 M M 0 18 340
10 80 48 64 6 1 0 0.00 M M 10.8 28 220 M M 1 39 200
11 68 56 62 4 3 0 0.53 M M 6.0 16 160 M M 8 13 24 350
12 76 58 67 9 0 2 0.00 M M 11.3 21 220 M M 9 1 32 210
13 71 39 55 -4 10 0 1.51 M M 9.0 22 220 M M 7 13 31 210
14 66 34 50 -9 15 0 0.00 M M 4.9 12 220 M M 0 20 240
15 79 45 62 3 3 0 0.07 M M 7.3 17 220 M M 5 3 24 150
16 59 47 53 -7 12 0 0.01 M M 4.3 15 60 M M 8 24 30
17 54 42 48 -12 17 0 0.21 M M 7.8 17 140 M M 10 23 150
18 61 42 52 -8 13 0 0.00 M M 5.3 9 350 M M 4 20 10
19 65 35 50 -10 15 0 0.00 M M 6.0 15 140 M M 0 20 140
20 62 48 55 -5 10 0 0.78 M M 8.5 21 190 M M 9 13 32 170
21 74 59 67 6 0 2 T M M 5.6 13 140 M M 9 1 17 180
22 83 63 73 12 0 8 0.00 M M 10.0 20 220 M M 2 29 210
23 82 67 75 14 0 10 0.00 M M 13.8 24 220 M M 1 35 220
24 74 60 67 5 0 2 0.43 M M 6.1 16 230 M M 6 13 23 210
25 65 46 56 -6 9 0 0.60 M M 4.5 14 350 M M 4 1 21 360
26 66 46 56 -6 9 0 0.00 M M 4.0 10 90 M M 0 17 90
27 74 41 58 -4 7 0 0.00 M M 6.2 14 200 M M 0 19 200
28 69 50 60 -2 5 0 0.13 M M 4.7 10 170 M M 8 1 14 180
29 83 61 72 9 0 7 T M M 10.2 23 200 M M 5 33 180
30 83 56 70 7 0 5 0.02 M M 7.4 18 240 M M 4 3 27 220
================================================================================
SM 2066 1405 244 36 4.86 M 205.3 M 138
================================================================================
AV 68.9 46.8 6.8 FASTST M M 5 MAX(MPH)
MISC ----> 28 220 39 200
================================================================================
NOTES:
# LAST OF SEVERAL OCCURRENCES
COLUMN 17 PEAK WIND IN M.P.H.
PRELIMINARY LOCAL CLIMATOLOGICAL DATA (WS FORM: F-6) , PAGE 2
STATION: MOUNTAIN HOME AIRPORT
MONTH: APRIL
YEAR: 2022
LATITUDE: 36 22 N
LONGITUDE: 92 28 W
[TEMPERATURE DATA] [PRECIPITATION DATA] SYMBOLS USED IN COLUMN 16
AVERAGE MONTHLY: 57.9 TOTAL FOR MONTH: 4.86 1 = FOG OR MIST
DPTR FM NORMAL: -1.4 DPTR FM NORMAL: 0.18 2 = FOG REDUCING VISIBILITY
HIGHEST: 83 ON 30,29 GRTST 24HR 1.51 ON 13-13 TO 1/4 MILE OR LESS
LOWEST: 27 ON 1, 9 3 = THUNDER
SNOW, ICE PELLETS, HAIL 4 = ICE PELLETS
TOTAL MONTH: M 5 = HAIL
GRTST 24HR M ON M 6 = FREEZING RAIN OR DRIZZLE
GRTST DEPTH: M ON M 7 = DUSTSTORM OR SANDSTORM:
VSBY 1/2 MILE OR LESS
8 = SMOKE OR HAZE
[NO. OF DAYS WITH] [WEATHER - DAYS WITH] 9 = BLOWING SNOW
X = TORNADO
MAX 32 OR BELOW: 0 0.01 INCH OR MORE: 13
MAX 90 OR ABOVE: 0 0.10 INCH OR MORE: 10
MIN 32 OR BELOW: 2 0.50 INCH OR MORE: 4
MIN 0 OR BELOW: 0 1.00 INCH OR MORE: 1
[HDD (BASE 65) ]
TOTAL THIS MO. 244 CLEAR (SCALE 0-3) 10
DPTR FM NORMAL 31 PTCLDY (SCALE 4-7) 13
TOTAL FM JUL 1 3407 CLOUDY (SCALE 8-10) 7
DPTR FM NORMAL -339
[CDD (BASE 65) ]
TOTAL THIS MO. 36
DPTR FM NORMAL -3 [PRESSURE DATA]
TOTAL FM JAN 1 36 HIGHEST SLP M ON M
DPTR FM NORMAL -13 LOWEST SLP 29.44 ON 5
[REMARKS]
#FINAL-04-22#