000
CXUS54 KLCH 010830
CF6BPT
PRELIMINARY LOCAL CLIMATOLOGICAL DATA (WS FORM: F-6)
STATION: BEAUMONT PORT ARTHUR
MONTH: JULY
YEAR: 2021
LATITUDE: 29 57 N
LONGITUDE: 94 1 W
TEMPERATURE IN F: :PCPN: SNOW: WIND :SUNSHINE: SKY :PK WND
================================================================================
1 2 3 4 5 6A 6B 7 8 9 10 11 12 13 14 15 16 17 18
12Z AVG MX 2MIN
DY MAX MIN AVG DEP HDD CDD WTR SNW DPTH SPD SPD DIR MIN PSBL S-S WX SPD DR
================================================================================
1 90 74 82 -1 0 17 T 0.0 M 4.4 13 190 M M 3 1 19 180
2 92 75 84 1 0 19 0.18 0.0 M 4.3 17 10 M M 4 13 25 10
3 86 74 80 -3 0 15 0.30 0.0 M 3.9 16 20 M M 5 13 21 50
4 88 73 81 -2 0 16 T 0.0 0 5.3 13 170 M M 5 1 16 110
5 90 74 82 -1 0 17 0.00 0.0 M 4.9 14 170 M M 2 1 19 110
6 87 76 82 -1 0 17 T 0.0 M 5.7 15 170 M M 4 23 160
7 85 71 78 -5 0 13 0.00 0.0 M 4.4 22 190 M M 3 13 32 190
8 85 76 81 -2 0 16 T 0.0 M 8.7 20 110 M M 3 1 26 110
9 84 73 79 -4 0 14 0.93 0.0 M 7.5 24 270 M M 7 13 34 260
10 89 76 83 0 0 18 0.00 0.0 M 8.1 18 180 M M 4 1 25 180
11 91 76 84 1 0 19 T 0.0 M 6.8 17 330 M M 5 13 25 330
12 91 73 82 -2 0 17 0.21 0.0 M 6.1 25 300 M M 2 13 46 260
13 92 73 83 -1 0 18 T 0.0 M 4.4 13 130 M M 2 13 17 110
14 91 73 82 -2 0 17 T 0.0 M 7.1 16 130 M M 2 3 24 100
15 91 75 83 -1 0 18 0.02 0.0 M 6.6 17 170 M M 3 1 23 170
16 91 75 83 -1 0 18 0.69 0.0 M 6.2 18 190 M M 1 1238 25 190
17 91 76 84 0 0 19 0.00 0.0 M 5.1 14 120 M M 3 18 130
18 92 75 84 0 0 19 0.00 0.0 M 4.4 16 140 M M 2 21 150
19 92 74 83 -1 0 18 0.78 0.0 M 4.8 25 320 M M 4 13 34 330
20 87 74 81 -3 0 16 0.17 0.0 M 5.6 14 350 M M 6 13 20 20
21 90 73 82 -2 0 17 0.00 0.0 M 3.5 12 180 M M 3 13 17 140
22 89 72 81 -3 0 16 0.03 0.0 M 3.9 16 170 M M 2 13 21 230
23 94 77 86 2 0 21 0.00 0.0 M 6.6 15 200 M M 1 1 23 240
24 95 76 86 2 0 21 0.00 0.0 M 5.6 14 190 M M 0 20 180
25 93 73 83 -1 0 18 0.00 0.0 M 3.5 10 190 M M 1 12 14 180
26 97 74 86 2 0 21 0.00 0.0 M 5.1 14 180 M M 1 1 20 180
27 93 73 83 -1 0 18 0.65 0.0 0 4.6 20 30 M M 5 13 29 30
28 94 72 83 -1 0 18 0.00 0.0 0 3.8 10 190 M M 2 14 180
29 96 75 86 2 0 21 0.71 0.0 0 5.0 25 180 M M 3 13 38 180
30 92 75 84 0 0 19 0.05 0.0 M 3.9 13 260 M M 2 138 17 260
31 96 76 86 2 0 21 0.00 0.0 M 4.7 15 170 M M 2 3 18 170
================================================================================
SM 2814 2302 0 552 4.72 0.0 164.5 M 92
================================================================================
AV 90.8 74.3 5.3 FASTST M M 3 MAX(MPH)
MISC ----> # 25 300 46 260
================================================================================
NOTES:
# LAST OF SEVERAL OCCURRENCES
COLUMN 17 PEAK WIND IN M.P.H.
PRELIMINARY LOCAL CLIMATOLOGICAL DATA (WS FORM: F-6) , PAGE 2
STATION: BEAUMONT PORT ARTHUR
MONTH: JULY
YEAR: 2021
LATITUDE: 29 57 N
LONGITUDE: 94 1 W
[TEMPERATURE DATA] [PRECIPITATION DATA] SYMBOLS USED IN COLUMN 16
AVERAGE MONTHLY: 82.5 TOTAL FOR MONTH: 4.72 1 = FOG OR MIST
DPTR FM NORMAL: -1.1 DPTR FM NORMAL: -2.13 2 = FOG REDUCING VISIBILITY
HIGHEST: 97 ON 26 GRTST 24HR 0.94 ON 19-20 TO 1/4 MILE OR LESS
LOWEST: 71 ON 7 3 = THUNDER
SNOW, ICE PELLETS, HAIL 4 = ICE PELLETS
TOTAL MONTH: 0.0 INCH 5 = HAIL
GRTST 24HR 0.0 6 = FREEZING RAIN OR DRIZZLE
GRTST DEPTH: 0 7 = DUSTSTORM OR SANDSTORM:
VSBY 1/2 MILE OR LESS
8 = SMOKE OR HAZE
[NO. OF DAYS WITH] [WEATHER - DAYS WITH] 9 = BLOWING SNOW
X = TORNADO
MAX 32 OR BELOW: 0 0.01 INCH OR MORE: 12
MAX 90 OR ABOVE: 22 0.10 INCH OR MORE: 9
MIN 32 OR BELOW: 0 0.50 INCH OR MORE: 5
MIN 0 OR BELOW: 0 1.00 INCH OR MORE: 0
[HDD (BASE 65) ]
TOTAL THIS MO. 0 CLEAR (SCALE 0-3) 18
DPTR FM NORMAL 0 PTCLDY (SCALE 4-7) 13
TOTAL FM JUL 1 0 CLOUDY (SCALE 8-10) 0
DPTR FM NORMAL 0
[CDD (BASE 65) ]
TOTAL THIS MO. 552
DPTR FM NORMAL -25 [PRESSURE DATA]
TOTAL FM JAN 1 1629 HIGHEST SLP 30.18 ON 14
DPTR FM NORMAL -91 LOWEST SLP 29.86 ON 20
[REMARKS]
#FINAL-07-21#