000
CXUS54 KLCH 010930
CF6BPT
PRELIMINARY LOCAL CLIMATOLOGICAL DATA (WS FORM: F-6)
STATION: BEAUMONT PORT ARTHUR
MONTH: NOVEMBER
YEAR: 2023
LATITUDE: 29 57 N
LONGITUDE: 94 1 W
TEMPERATURE IN F: :PCPN: SNOW: WIND :SUNSHINE: SKY :PK WND
================================================================================
1 2 3 4 5 6A 6B 7 8 9 10 11 12 13 14 15 16 17 18
12Z AVG MX 2MIN
DY MAX MIN AVG DEP HDD CDD WTR SNW DPTH SPD SPD DIR MIN PSBL S-S WX SPD DR
================================================================================
1 64 39 52 -14 13 0 0.00 0.0 M 8.4 14 350 M M 0 19 330
2 67 38 53 -13 12 0 0.00 0.0 M 4.6 13 110 M M 2 16 80
3 76 47 62 -3 3 0 0.00 0.0 M 4.6 13 100 M M 2 17 80
4 81 53 67 2 0 2 0.00 0.0 M 4.1 12 110 M M 0 12 16 130
5 84 55 70 5 0 5 0.00 0.0 M 4.0 13 180 M M 1 12 17 180
6 83 58 71 7 0 6 0.00 0.0 M 7.1 16 160 M M 2 12 22 170
7 86 64 75 11 0 10 0.00 0.0 M 8.4 21 190 M M 2 12 29 190
8 85 63 74 10 0 9 0.00 0.0 M 8.4 18 160 M M 1 12 26 180
9 83 67 75 11 0 10 0.04 0.0 M 6.2 15 170 M M 6 1 20 70
10 72 56 64 1 1 0 0.27 0.0 M 9.0 18 10 M M 10 1 26 10
11 61 56 59 -4 6 0 T 0.0 M 8.9 15 20 M M 10 1 20 20
12 68 58 63 0 2 0 0.12 0.0 M 7.5 14 10 M M 7 1 18 20
13 63 60 62 0 3 0 0.42 0.0 M 10.9 20 70 M M 8 1 29 70
14 66 59 63 1 2 0 0.02 0.0 M 9.2 15 30 M M 10 1 19 40
15 62 54 58 -4 7 0 0.00 0.0 M 8.6 15 20 M M 8 1 21 360
16 68 59 64 2 1 0 0.00 0.0 M 4.5 12 20 M M 8 1 16 20
17 78 58 68 7 0 3 0.00 0.0 M 2.0 9 210 M M 6 128 12 200
18 78 54 66 5 0 1 0.00 0.0 M 6.8 15 40 M M 5 12 21 40
19 74 52 63 2 2 0 0.00 0.0 M 6.9 15 120 M M 3 12 19 100
20 82 66 74 13 0 9 0.04 0.0 M 12.3 26 180 M M 7 1 37 190
21 66 47 57 -3 8 0 0.00 0.0 M 15.4 28 320 M M 4 39 320
22 60 41 51 -9 14 0 0.00 0.0 M 5.3 13 310 M M 0 17 320
23 55 42 49 -11 16 0 0.03 M M 3.6 9 80 M M 7 18 11 350
24 68 48 58 -2 7 0 0.00 0.0 M 6.2 12 50 M M 5 15 30
25 69 45 57 -2 8 0 0.00 0.0 M 8.3 15 100 M M 2 21 60
26 68 45 57 -2 8 0 T M M 11.6 22 320 M M 4 30 320
27 59 39 49 -10 16 0 0.00 0.0 M 8.3 15 40 M M 0 8 20 20
28 64 41 53 -6 12 0 0.00 0.0 M 5.7 15 20 M M 3 19 30
29 68 39 54 -5 11 0 0.00 0.0 M 7.6 16 120 M M 1 18 22 130
30 71 55 63 5 2 0 3.07 0.0 0 14.3 33 140 M M 10 13 49 130
================================================================================
SM 2129 1558 154 55 4.01 0.0 228.7 M 134
================================================================================
AV 71.0 51.9 7.6 FASTST M M 4 MAX(MPH)
MISC ----> 33 140 49 130
================================================================================
NOTES:
# LAST OF SEVERAL OCCURRENCES
COLUMN 17 PEAK WIND IN M.P.H.
PRELIMINARY LOCAL CLIMATOLOGICAL DATA (WS FORM: F-6) , PAGE 2
STATION: BEAUMONT PORT ARTHUR
MONTH: NOVEMBER
YEAR: 2023
LATITUDE: 29 57 N
LONGITUDE: 94 1 W
[TEMPERATURE DATA] [PRECIPITATION DATA] SYMBOLS USED IN COLUMN 16
AVERAGE MONTHLY: 61.5 TOTAL FOR MONTH: 4.01 1 = FOG OR MIST
DPTR FM NORMAL: -0.5 DPTR FM NORMAL: 0.12 2 = FOG REDUCING VISIBILITY
HIGHEST: 86 ON 7 GRTST 24HR 3.07 ON 30-30 TO 1/4 MILE OR LESS
LOWEST: 38 ON 2 3 = THUNDER
SNOW, ICE PELLETS, HAIL 4 = ICE PELLETS
TOTAL MONTH: 0.0 INCH 5 = HAIL
GRTST 24HR 0.0 6 = FREEZING RAIN OR DRIZZLE
GRTST DEPTH: 0 7 = DUSTSTORM OR SANDSTORM:
VSBY 1/2 MILE OR LESS
8 = SMOKE OR HAZE
[NO. OF DAYS WITH] [WEATHER - DAYS WITH] 9 = BLOWING SNOW
X = TORNADO
MAX 32 OR BELOW: 0 0.01 INCH OR MORE: 8
MAX 90 OR ABOVE: 0 0.10 INCH OR MORE: 4
MIN 32 OR BELOW: 0 0.50 INCH OR MORE: 1
MIN 0 OR BELOW: 0 1.00 INCH OR MORE: 1
[HDD (BASE 65) ]
TOTAL THIS MO. 154 CLEAR (SCALE 0-3) 14
DPTR FM NORMAL -4 PTCLDY (SCALE 4-7) 10
TOTAL FM JUL 1 177 CLOUDY (SCALE 8-10) 6
DPTR FM NORMAL -8
[CDD (BASE 65) ]
TOTAL THIS MO. 55
DPTR FM NORMAL -10 [PRESSURE DATA]
TOTAL FM JAN 1 3792 HIGHEST SLP 30.46 ON 1
DPTR FM NORMAL 743 LOWEST SLP 29.66 ON 30
[REMARKS]
#FINAL-11-23#