000
CXUS54 KLCH 011030
CLMBPT
CLIMATE REPORT
NATIONAL WEATHER SERVICE LAKE CHARLES, LA
430 AM CST FRI DEC 01 2023
...................................
...THE BEAUMONT PORT ARTHUR CLIMATE SUMMARY FOR THE MONTH OF NOVEMBER 2023...
CLIMATE NORMAL PERIOD: 1991 TO 2020
CLIMATE RECORD PERIOD: 1901 TO 2023
WEATHER OBSERVED NORMAL DEPART LAST YEAR`S
VALUE DATE(S) VALUE FROM VALUE DATE(S)
NORMAL
................................................................
TEMPERATURE (F)
RECORD
HIGH 94 11/24/1923
LOW 22 11/30/1976
HIGHEST 86 11/07 MM MM 86 11/06
11/08
LOWEST 38 11/02 MM MM 36 11/13
AVG. MAXIMUM 71.0 72.3 -1.3 69.3
AVG. MINIMUM 51.9 51.5 0.4 51.8
MEAN 61.5 61.9 -0.5 60.5
DAYS MAX >= 90 0 0.0 0.0 0
DAYS MAX <= 32 0 0.0 0.0 0
DAYS MIN <= 32 0 0.6 -0.6 0
DAYS MIN <= 0 0 0.0 0.0 0
PRECIPITATION (INCHES)
RECORD
MAXIMUM 22.74 1902
MINIMUM 0.15 1967
TOTALS 4.01 3.89 0.12 10.12
DAILY AVG. 0.13 0.13 0.00 0.34
DAYS >= .01 8 7.6 0.4 14
DAYS >= .10 4 4.9 -0.9 9
DAYS >= .50 1 2.3 -1.3 6
DAYS >= 1.00 1 1.3 -0.3 4
GREATEST
24 HR. TOTAL 3.07 11/30 TO 11/30
SNOWFALL (INCHES)
RECORDS
TOTAL 0.0 5
TOTALS 0.0 MM MM 0.0
SINCE 7/1 0.0 MM MM MM
SNOWDEPTH AVG. MM MM
DAYS >= 1.0 0 MM MM 0
GREATEST
SNOW DEPTH MM MM MM
24 HR TOTAL MM
DEGREE DAYS
HEATING TOTAL 154 158 -4 207
SINCE 7/1 177 185 -8 MM
COOLING TOTAL 55 65 -10 81
SINCE 1/1 3792 3049 743 MM
................................................................
WIND (MPH)
AVERAGE WIND SPEED 7.6
HIGHEST WIND SPEED/DIRECTION 33/140 DATE 11/30
HIGHEST GUST SPEED/DIRECTION 49/130 DATE 11/30
SKY COVER
POSSIBLE SUNSHINE (PERCENT) MM
AVERAGE SKY COVER 0.44
NUMBER OF DAYS FAIR 14
NUMBER OF DAYS PC 9
NUMBER OF DAYS CLOUDY 7
AVERAGE RH (PERCENT) 74
WEATHER CONDITIONS. NUMBER OF DAYS WITH
THUNDERSTORM 1 MIXED PRECIP 2
HEAVY RAIN 1 RAIN 10
LIGHT RAIN 9 FREEZING RAIN 0
LT FREEZING RAIN 0 HAIL 0
HEAVY SNOW 0 SNOW 0
LIGHT SNOW 0 SLEET 0
FOG 20 FOG W/VIS <= 1/4 MILE 8
HAZE 4
- INDICATES NEGATIVE NUMBERS.
R INDICATES RECORD WAS SET OR TIED.
MM INDICATES DATA IS MISSING.
T INDICATES TRACE AMOUNT.
$$