000
CXUS53 KDVN 010656
CLMBRL
CLIMATE REPORT
NATIONAL WEATHER SERVICE QUAD CITIES IA IL
200 AM CDT FRI SEP 01 2023
...................................
...THE BURLINGTON IA CLIMATE SUMMARY FOR THE MONTH OF AUGUST 2023...
CLIMATE NORMAL PERIOD 1991 TO 2020
CLIMATE RECORD PERIOD 1897 TO 2023
WEATHER OBSERVED NORMAL DEPART LAST YEAR`S
VALUE DATE(S) VALUE FROM VALUE
NORMAL
..............................................................
TEMPERATURE (F)
RECORD
HIGH 110 08/08/1934
LOW 41 08/20/1950
HIGHEST 96 08/24 86 10
LOWEST 51 08/31 63 -12
AVG. MAXIMUM 82.5 83.5 -1.0
AVG. MINIMUM 64.1 64.0 0.1
MEAN 73.3 73.8 -0.5
DAYS MAX >= 90 5
DAYS MAX <= 32 0
DAYS MIN <= 32 0
DAYS MIN <= 0 0
PRECIPITATION (INCHES)
TOTALS 7.56 3.77 3.79
DAILY AVG. 0.24 0.12 0.12
DAYS >= .01 9
DAYS >= .10 4
DAYS >= .50 2
DAYS >= 1.00 1
GREATEST
24 HR. TOTAL 6.14 08/05 TO 08/05
DEGREE DAYS
HEATING TOTAL 1 4 -3
SINCE 7/1 1 2 -1
COOLING TOTAL 266 275 -9
SINCE 1/1 871 936 -65
..............................................................
WIND (MPH)
AVERAGE WIND SPEED 6.1
HIGHEST WIND SPEED/DIRECTION 29/070 DATE 08/05
HIGHEST GUST SPEED/DIRECTION 42/080 DATE 08/05
SKY COVER
POSSIBLE SUNSHINE (PERCENT) MM
AVERAGE SKY COVER 0.27
NUMBER OF DAYS FAIR 20
NUMBER OF DAYS PC 11
NUMBER OF DAYS CLOUDY 0
AVERAGE RH (PERCENT) 80
WEATHER CONDITIONS. NUMBER OF DAYS WITH
THUNDERSTORM 5 HAIL 0
SLEET 0 FOG 22
FOG W/VIS <= 1/4 MILE 3 HAZE 9
- INDICATES NEGATIVE NUMBERS.
R INDICATES RECORD WAS SET OR TIED.
MM INDICATES DATA IS MISSING.
T INDICATES TRACE AMOUNT.
$$