000
CXUS54 KLIX 010810
CF6BTR
PRELIMINARY LOCAL CLIMATOLOGICAL DATA (WS FORM: F-6)
STATION: BATON ROUGE
MONTH: MARCH
YEAR: 2023
LATITUDE: 30 31 N
LONGITUDE: 91 9 W
TEMPERATURE IN F: :PCPN: SNOW: WIND :SUNSHINE: SKY :PK WND
================================================================================
1 2 3 4 5 6A 6B 7 8 9 10 11 12 13 14 15 16 17 18
12Z AVG MX 2MIN
DY MAX MIN AVG DEP HDD CDD WTR SNW DPTH SPD SPD DIR MIN PSBL S-S WX SPD DR
================================================================================
1 86 70 78 19 0 13 0.00 0.0 M 13.1 25 200 M M 7 33 200
2 87 72 80 21 0 15 T 0.0 M 12.0 24 170 M M 7 33 170
3 77 59 68 8 0 3 T 0.0 M 13.5 30 260 M M 3 41 250
4 76 49 63 3 2 0 0.00 0.0 M 3.4 12 350 M M 0 15 350
5 82 50 66 6 0 1 0.00 0.0 M 5.2 12 100 M M 0 17 70
6 88 59 74 14 0 9 0.00 0.0 M 7.7 18 240 M M 6 25 250
7 88 71 80 20 0 15 0.01 0.0 M 4.4 14 320 M M 7 18 20 310
8 87 69 78 18 0 13 0.00 0.0 M 6.2 12 230 M M 4 18 19 200
9 87 69 78 17 0 13 0.00 0.0 M 7.5 14 220 M M 5 1 18 200
10 76 63 70 9 0 5 0.02 0.0 M 5.7 14 360 M M 7 18 20 340
11 84 60 72 11 0 7 0.00 0.0 M 10.0 23 190 M M M 33 190
12 83 54 69 8 0 4 T 0.0 M 11.5 21 220 M M 8 8 32 220
13 68 48 58 -4 7 0 0.00 0.0 M 9.7 17 20 M M 1 25 10
14 62 44 53 -9 12 0 T M M 7.9 15 360 M M 3 21 30
15 70 40 55 -7 10 0 0.00 0.0 M 6.1 14 80 M M 0 18 70
16 79 43 61 -1 4 0 0.00 0.0 M 10.9 23 130 M M 4 33 140
17 70 46 58 -4 7 0 2.22 M M 7.9 18 160 M M 8 13 28 320
18 53 46 50 -12 15 0 T M M 6.4 17 10 M M 5 27 20
19 53 34 44 -19 21 0 0.00 0.0 M 8.1 17 340 M M 0 26 310
20 61 29 45 -18 20 0 0.00 0.0 M 5.8 13 190 M M 2 19 80
21 75 47 61 -2 4 0 0.00 0.0 M 9.3 18 160 M M 5 31 160
22 85 55 70 7 0 5 0.00 0.0 M 8.3 18 210 M M 4 25 160
23 86 64 75 12 0 10 0.00 0.0 M 8.9 20 200 M M 7 128 26 190
24 86 70 78 14 0 13 T 0.0 M 14.8 24 190 M M 9 35 170
25 88 70 79 15 0 14 0.00 0.0 M 6.9 18 220 M M 4 24 230
26 88 73 81 17 0 16 0.03 0.0 M 11.2 25 190 M M 9 1 34 190
27 87 69 78 14 0 13 0.85 0.0 M 5.2 23 260 M M 8 138 29 260
28 81 59 70 6 0 5 0.29 0.0 M 7.2 17 360 M M 4 13 26 20
29 66 51 59 -5 6 0 0.01 0.0 M 5.4 14 60 M M 2 20 60
30 81 49 65 0 0 0 0.00 0.0 M 8.0 17 120 M M 1 23 120
31 84 66 75 10 0 10 0.00 0.0 M 13.5 28 190 M M 8 18 37 180
================================================================================
SM 2424 1748 108 184 3.43 0.0 261.7 M 138
================================================================================
AV 78.2 56.4 8.4 FASTST M M 5 MAX(MPH)
MISC ----> 30 260 41 250
================================================================================
NOTES:
# LAST OF SEVERAL OCCURRENCES
COLUMN 17 PEAK WIND IN M.P.H.
PRELIMINARY LOCAL CLIMATOLOGICAL DATA (WS FORM: F-6) , PAGE 2
STATION: BATON ROUGE
MONTH: MARCH
YEAR: 2023
LATITUDE: 30 31 N
LONGITUDE: 91 9 W
[TEMPERATURE DATA] [PRECIPITATION DATA] SYMBOLS USED IN COLUMN 16
AVERAGE MONTHLY: 67.3 TOTAL FOR MONTH: 3.43 1 = FOG OR MIST
DPTR FM NORMAL: 5.3 DPTR FM NORMAL: -1.03 2 = FOG REDUCING VISIBILITY
HIGHEST: 88 ON 26,25 GRTST 24HR 2.22 ON 17-17 TO 1/4 MILE OR LESS
LOWEST: 29 ON 20 3 = THUNDER
SNOW, ICE PELLETS, HAIL 4 = ICE PELLETS
TOTAL MONTH: 0.0 INCH 5 = HAIL
GRTST 24HR 0.0 6 = FREEZING RAIN OR DRIZZLE
GRTST DEPTH: M ON M 7 = DUSTSTORM OR SANDSTORM:
VSBY 1/2 MILE OR LESS
8 = SMOKE OR HAZE
[NO. OF DAYS WITH] [WEATHER - DAYS WITH] 9 = BLOWING SNOW
X = TORNADO
MAX 32 OR BELOW: 0 0.01 INCH OR MORE: 7
MAX 90 OR ABOVE: 0 0.10 INCH OR MORE: 3
MIN 32 OR BELOW: 1 0.50 INCH OR MORE: 2
MIN 0 OR BELOW: 0 1.00 INCH OR MORE: 1
[HDD (BASE 65) ]
TOTAL THIS MO. 108 CLEAR (SCALE 0-3) 9
DPTR FM NORMAL -50 PTCLDY (SCALE 4-7) 19
TOTAL FM JUL 1 1095 CLOUDY (SCALE 8-10) 3
DPTR FM NORMAL -384
[CDD (BASE 65) ]
TOTAL THIS MO. 184
DPTR FM NORMAL 119 [PRESSURE DATA]
TOTAL FM JAN 1 347 HIGHEST SLP M ON M
DPTR FM NORMAL 244 LOWEST SLP 29.44 ON 3
[REMARKS]
#FINAL-03-23#