000
CXUS56 KLOX 011155
CF6BUR
PRELIMINARY LOCAL CLIMATOLOGICAL DATA (WS FORM: F-6)
STATION: HOLLYWOOD/BURBANK AIRPORT CA
MONTH: JUNE
YEAR: 2021
LATITUDE: 34 12 N
LONGITUDE: 118 22 W
TEMPERATURE IN F: :PCPN: SNOW: WIND :SUNSHINE: SKY :PK WND
================================================================================
1 2 3 4 5 6A 6B 7 8 9 10 11 12 13 14 15 16 17 18
12Z AVG MX 2MIN
DY MAX MIN AVG DEP HDD CDD WTR SNW DPTH SPD SPD DIR MIN PSBL S-S WX SPD DR
================================================================================
1 83 59 71 3 0 6 0.00 M M 7.6 13 120 M M 3 18 M M
2 82 58 70 2 0 5 0.00 M M 6.9 13 110 M M 0 18 20 170
3 82 59 71 3 0 6 0.00 M M 7.4 14 180 M M 4 8 M M
4 81 60 71 3 0 6 0.00 M M 6.6 13 190 M M 0 8 18 170
5 80 60 70 2 0 5 0.00 M M 6.4 12 190 M M 3 8 M M
6 74 60 67 -1 0 2 0.00 M M 7.6 14 190 M M 5 8 M M
7 66 58 62 -6 3 0 T M M 6.0 12 170 M M 10 18 14 220
8 74 58 66 -2 0 1 0.00 M M 5.7 13 170 M M 4 8 18 160
9 75 58 67 -2 0 2 0.00 M M 6.2 16 170 M M 0 21 180
10 76 55 66 -3 0 1 0.00 M M 6.6 15 150 M M 0 21 140
11 84 59 72 3 0 7 0.00 M M 6.7 12 170 M M 0 M M
12 88 60 74 5 0 9 0.00 M M 5.3 13 130 M M 0 M M
13 90 62 76 7 0 11 0.00 M M 5.0 12 170 M M 0 M M
14 94 64 79 9 0 14 0.00 M M 5.7 13 180 M M 0 M M
15 102 68 85 15 0 20 0.00 M M 5.1 14 110 M M 0 17 90
16 89 67 78 8 0 13 0.00 M M 7.9 16 110 M M 0 20 120
17 93 67 80 10 0 15 T M M 6.6 16 130 M M 0 3 24 130
18 86 65 76 6 0 11 0.00 M M 8.1 20 180 M M 1 8 23 180
19 86 64 75 4 0 10 0.00 M M 6.9 14 180 M M 2 8 18 130
20 82 61 72 1 0 7 0.00 M M 6.9 16 180 M M 1 18 19 150
21 84 60 72 1 0 7 0.00 M M 7.0 15 190 M M 2 18 18 180
22 85 61 73 2 0 8 0.00 M M 6.7 17 180 M M 1 18 21 170
23 87 62 75 3 0 10 0.00 M M 7.1 16 180 M M 0 19 160
24 80 60 70 -2 0 5 0.00 M M 7.0 14 170 M M 0 18 220
25 82 60 71 -1 0 6 0.00 M M 6.1 15 120 M M 0 8 19 110
26 88 62 75 3 0 10 0.00 M M 6.0 15 100 M M 0 19 120
27 89 66 78 5 0 13 0.00 M M 6.4 16 110 M M 0 20 220
28 88 65 77 4 0 12 0.00 M M 6.8 17 180 M M 0 8 20 180
29 84 65 75 2 0 10 0.00 M M 6.6 15 180 M M 2 8 21 140
30 87 63 75 2 0 10 0.00 M M 6.6 14 180 M M 3 18 17 180
================================================================================
SM 2521 1846 3 242 T M 197.5 M 41
================================================================================
AV 84.0 61.5 6.6 FASTST M M 1 MAX(MPH)
MISC ----> 20 180 24 130
================================================================================
NOTES:
# LAST OF SEVERAL OCCURRENCES
COLUMN 17 PEAK WIND IN M.P.H.
PRELIMINARY LOCAL CLIMATOLOGICAL DATA (WS FORM: F-6) , PAGE 2
STATION: HOLLYWOOD/BURBANK AIRPORT CA
MONTH: JUNE
YEAR: 2021
LATITUDE: 34 12 N
LONGITUDE: 118 22 W
[TEMPERATURE DATA] [PRECIPITATION DATA] SYMBOLS USED IN COLUMN 16
AVERAGE MONTHLY: 72.8 TOTAL FOR MONTH: T 1 = FOG OR MIST
DPTR FM NORMAL: 2.7 DPTR FM NORMAL: -0.09 2 = FOG REDUCING VISIBILITY
HIGHEST: 102 ON 15 GRTST 24HR T ON 7- 7 TO 1/4 MILE OR LESS
LOWEST: 55 ON 10 3 = THUNDER
SNOW, ICE PELLETS, HAIL 4 = ICE PELLETS
TOTAL MONTH: M 5 = HAIL
GRTST 24HR M ON M 6 = FREEZING RAIN OR DRIZZLE
GRTST DEPTH: M ON M 7 = DUSTSTORM OR SANDSTORM:
VSBY 1/2 MILE OR LESS
8 = SMOKE OR HAZE
[NO. OF DAYS WITH] [WEATHER - DAYS WITH] 9 = BLOWING SNOW
X = TORNADO
MAX 32 OR BELOW: 0 0.01 INCH OR MORE: 0
MAX 90 OR ABOVE: 4 0.10 INCH OR MORE: 0
MIN 32 OR BELOW: 0 0.50 INCH OR MORE: 0
MIN 0 OR BELOW: 0 1.00 INCH OR MORE: 0
[HDD (BASE 65) ]
TOTAL THIS MO. 3 CLEAR (SCALE 0-3) 25
DPTR FM NORMAL -5 PTCLDY (SCALE 4-7) 4
TOTAL FM JUL 1 1163 CLOUDY (SCALE 8-10) 1
DPTR FM NORMAL -234
[CDD (BASE 65) ]
TOTAL THIS MO. 242
DPTR FM NORMAL 81 [PRESSURE DATA]
TOTAL FM JAN 1 401 HIGHEST SLP 30.06 ON 10
DPTR FM NORMAL 84 LOWEST SLP 29.61 ON 27
[REMARKS]
#FINAL-06-21#