000
CXUS54 KLZK 011230
CF6BVX
PRELIMINARY LOCAL CLIMATOLOGICAL DATA (WS FORM: F-6)
STATION: BATESVILLE REGIONAL AIRPORT
MONTH: JULY
YEAR: 2023
LATITUDE: 35 43 N
LONGITUDE: 91 39 W
TEMPERATURE IN F: :PCPN: SNOW: WIND :SUNSHINE: SKY :PK WND
================================================================================
1 2 3 4 5 6A 6B 7 8 9 10 11 12 13 14 15 16 17 18
12Z AVG MX 2MIN
DY MAX MIN AVG DEP HDD CDD WTR SNW DPTH SPD SPD DIR MIN PSBL S-S WX SPD DR
================================================================================
1 96 78 87 7 0 22 T M M 4.9 16 220 M M 2 3 21 230
2 97 73 85 5 0 20 0.05 M M 7.2 20 240 M M 0 3 28 240
3 95 68 82 2 0 17 T M M 3.4 8 150 M M 1 8 M M
4 95 73 84 4 0 19 0.00 M M 6.5 14 110 M M 1 8 18 110
5 92 72 82 2 0 17 0.34 M M 4.0 10 320 M M 3 138 17 320
6 92 70 81 1 0 16 0.00 M M 4.3 13 120 M M 4 1238 M M
7 88 70 79 -1 0 14 1.03 M M 5.7 13 90 M M 4 1238 M M
8 90 74 82 2 0 17 0.00 M M 4.1 8 280 M M 1 1 M M
9 76 65 71 -9 0 6 0.31 M M 3.4 9 70 M M 8 13 18 40
10 86 62 74 -7 0 9 0.00 M M 4.2 8 90 M M 4 M M
11 86 60 73 -8 0 8 0.00 M M 3.2 10 70 M M 0 M M
12 91 69 80 -1 0 15 0.00 M M 4.7 10 190 M M 6 18 M M
13 93 71 82 1 0 17 0.59 M M 6.2 14 110 M M 3 138 31 20
14 90 72 81 0 0 16 0.46 M M 4.7 13 230 M M 5 13 17 270
15 90 69 80 -1 0 15 0.07 M M 4.7 10 250 M M 2 8 M M
16 93 69 81 0 0 16 0.00 M M 2.7 6 160 M M 0 M M
17 93 71 82 1 0 17 0.04 M M 3.3 9 280 M M 1 138 32 260
18 96 72 84 3 0 19 0.00 M M 5.1 17 100 M M 1 18 24 100
19 93 81 87 6 0 22 0.02 M M 6.5 12 190 M M 0 3 M M
20 96 80 88 7 0 23 T M M 4.3 12 250 M M 0 8 M M
21 81 69 75 -6 0 10 0.66 M M 3.9 20 290 M M 5 138 32 290
22 87 66 77 -4 0 12 T M M 2.5 7 99 M M 3 18 M M
23 92 65 79 -2 0 14 T M M 4.0 8 280 M M 0 8 M M
24 94 70 82 1 0 17 T M M 3.7 10 250 M M 1 8 M M
25 94 74 84 3 0 19 0.00 M M 7.7 12 180 M M 0 17 210
26 95 79 87 6 0 22 0.00 M M 7.4 16 220 M M 0 22 220
27 100 79 90 9 0 25 0.00 M M 6.2 12 240 M M 0 17 240
28 99 74 87 6 0 22 0.00 M M 5.5 13 200 M M 0 21 220
29 99 73 86 5 0 21 0.02 M M 5.4 16 10 M M 0 3 28 10
30 97 71 84 3 0 19 0.05 M M 4.3 9 110 M M 1 M M
31 91 70 81 0 0 16 1.21 M M 4.3 16 270 M M 2 3 38 300
================================================================================
SM 2857 2209 0 522 4.85 M 148.2 M 58
================================================================================
AV 92.2 71.3 4.8 FASTST M M 2 MAX(MPH)
MISC ----> 20 240 38 300
================================================================================
NOTES:
# LAST OF SEVERAL OCCURRENCES
COLUMN 17 PEAK WIND IN M.P.H.
PRELIMINARY LOCAL CLIMATOLOGICAL DATA (WS FORM: F-6) , PAGE 2
STATION: BATESVILLE REGIONAL AIRPORT
MONTH: JULY
YEAR: 2023
LATITUDE: 35 43 N
LONGITUDE: 91 39 W
[TEMPERATURE DATA] [PRECIPITATION DATA] SYMBOLS USED IN COLUMN 16
AVERAGE MONTHLY: 81.7 TOTAL FOR MONTH: 4.85 1 = FOG OR MIST
DPTR FM NORMAL: 1.0 DPTR FM NORMAL: 1.23 2 = FOG REDUCING VISIBILITY
HIGHEST: 100 ON 27 GRTST 24HR 1.22 ON 30-31 TO 1/4 MILE OR LESS
LOWEST: 60 ON 11 3 = THUNDER
SNOW, ICE PELLETS, HAIL 4 = ICE PELLETS
TOTAL MONTH: M 5 = HAIL
GRTST 24HR M ON M 6 = FREEZING RAIN OR DRIZZLE
GRTST DEPTH: M ON M 7 = DUSTSTORM OR SANDSTORM:
VSBY 1/2 MILE OR LESS
8 = SMOKE OR HAZE
[NO. OF DAYS WITH] [WEATHER - DAYS WITH] 9 = BLOWING SNOW
X = TORNADO
MAX 32 OR BELOW: 0 0.01 INCH OR MORE: 13
MAX 90 OR ABOVE: 25 0.10 INCH OR MORE: 7
MIN 32 OR BELOW: 0 0.50 INCH OR MORE: 4
MIN 0 OR BELOW: 0 1.00 INCH OR MORE: 2
[HDD (BASE 65) ]
TOTAL THIS MO. 0 CLEAR (SCALE 0-3) 23
DPTR FM NORMAL 0 PTCLDY (SCALE 4-7) 8
TOTAL FM JUL 1 0 CLOUDY (SCALE 8-10) 0
DPTR FM NORMAL 0
[CDD (BASE 65) ]
TOTAL THIS MO. 522
DPTR FM NORMAL 35 [PRESSURE DATA]
TOTAL FM JAN 1 1144 HIGHEST SLP 30.14 ON 25
DPTR FM NORMAL 126 LOWEST SLP 29.78 ON 15
[REMARKS]
#FINAL-07-23#