000
CXUS55 KRIW 010945
CF6BYG
PRELIMINARY LOCAL CLIMATOLOGICAL DATA (WS FORM: F-6)
STATION: BUFFALO WY
MONTH: SEPTEMBER
YEAR: 2020
LATITUDE: 44 22 N
LONGITUDE: 106 43 W
TEMPERATURE IN F: :PCPN: SNOW: WIND :SUNSHINE: SKY :PK WND
================================================================================
1 2 3 4 5 6A 6B 7 8 9 10 11 12 13 14 15 16 17 18
12Z AVG MX 2MIN
DY MAX MIN AVG DEP HDD CDD WTR SNW DPTH SPD SPD DIR MIN PSBL S-S WX SPD DR
================================================================================
1 76 41 59 -6 6 0 0.00 M M 8.3 21 360 M M 0 8 28 350
2 93 54 74 9 0 9 0.00 M M 12.5 43 330 M M 2 8 64 340
3 81 47 64 0 1 0 0.00 M M 6.6 16 150 M M 0 M M
4 85 53 69 5 0 4 0.00 M M 7.1 20 150 M M 0 24 160
5 99 69 84 21 0 19 0.00 M M 8.1 22 320 M M 0 36 320
6 82 57 70 7 0 5 0.00 M M 11.6 26 360 M M 0 39 350
7 65 33 49 -13 16 0 0.73 M M 19.0 32 350 M M 7 1 44 340
8 41 30 36 -26 29 0 0.13 M M 7.9 24 350 M M 7 1 30 330
9 60 27 44 -18 21 0 0.00 M M 6.5 16 360 M M 0 23 360
10 66 40 53 -8 12 0 0.00 M M 7.6 24 150 M M 1 29 150
11 63 45 54 -6 11 0 T M M 5.4 22 190 M M 5 27 180
12 80 45 63 3 2 0 0.00 M M 5.7 13 240 M M 0 17 30
13 84 59 72 12 0 7 0.00 M M 7.7 14 330 M M 0 19 260
14 91 58 75 16 0 10 0.00 M M 7.1 14 270 M M 0 16 140
15 83 60 72 14 0 7 0.00 M M 9.5 25 330 M M 1 8 41 340
16 78 49 64 6 1 0 0.00 M M 7.9 16 140 M M 0 8 23 140
17 76 48 62 5 3 0 0.00 M M 4.8 14 160 M M 0 8 19 170
18 81 49 65 8 0 0 0.00 M M 7.4 22 160 M M 0 8 28 160
19 87 49 68 12 0 3 0.00 M M 12.3 38 240 M M 1 48 240
20 73 45 59 3 6 0 0.00 M M 5.4 13 260 M M 1 16 110
21 79 47 63 8 2 0 0.00 M M 9.2 18 170 M M 0 24 170
22 84 48 66 11 0 1 0.00 M M 5.4 22 340 M M 0 30 350
23 77 54 66 12 0 1 0.00 M M 8.6 18 220 M M 1 25 200
24 91 57 74 20 0 9 0.00 M M 11.2 41 330 M M 0 8 60 340
25 72 51 62 8 3 0 0.00 M M 6.9 18 150 M M 1 25 150
26 64 47 56 3 9 0 0.03 M M 12.0 30 320 M M 7 1 43 330
27 57 38 48 -5 17 0 T M M 17.3 30 340 M M 4 50 360
28 63 36 50 -2 15 0 0.00 M M 6.4 18 350 M M 0 27 350
29 77 47 62 10 3 0 0.00 M M 9.4 20 300 M M 0 29 310
30 60 46 53 2 12 0 0.00 M M 18.3 30 340 M M 3 40 340
================================================================================
SM 2268 1429 169 75 0.89 M 273.1 M 41
================================================================================
AV 75.6 47.6 9.1 FASTST M M 1 MAX(MPH)
MISC ----> # 43 330 # 64 340
================================================================================
NOTES:
# LAST OF SEVERAL OCCURRENCES
COLUMN 17 PEAK WIND IN M.P.H.
PRELIMINARY LOCAL CLIMATOLOGICAL DATA (WS FORM: F-6) , PAGE 2
STATION: BUFFALO WY
MONTH: SEPTEMBER
YEAR: 2020
LATITUDE: 44 22 N
LONGITUDE: 106 43 W
[TEMPERATURE DATA] [PRECIPITATION DATA] SYMBOLS USED IN COLUMN 16
AVERAGE MONTHLY: 61.6 TOTAL FOR MONTH: 0.89 1 = FOG OR MIST
DPTR FM NORMAL: 3.4 DPTR FM NORMAL: -0.42 2 = FOG REDUCING VISIBILITY
HIGHEST: 99 ON 5 GRTST 24HR 0.73 ON 7- 7 TO 1/4 MILE OR LESS
LOWEST: 27 ON 9 3 = THUNDER
SNOW, ICE PELLETS, HAIL 4 = ICE PELLETS
TOTAL MONTH: M 5 = HAIL
GRTST 24HR M ON M 6 = FREEZING RAIN OR DRIZZLE
GRTST DEPTH: M ON M 7 = DUSTSTORM OR SANDSTORM:
VSBY 1/2 MILE OR LESS
8 = SMOKE OR HAZE
[NO. OF DAYS WITH] [WEATHER - DAYS WITH] 9 = BLOWING SNOW
X = TORNADO
MAX 32 OR BELOW: 0 0.01 INCH OR MORE: 3
MAX 90 OR ABOVE: 4 0.10 INCH OR MORE: 2
MIN 32 OR BELOW: 2 0.50 INCH OR MORE: 1
MIN 0 OR BELOW: 0 1.00 INCH OR MORE: 0
[HDD (BASE 65) ]
TOTAL THIS MO. 169 CLEAR (SCALE 0-3) 25
DPTR FM NORMAL -80 PTCLDY (SCALE 4-7) 5
TOTAL FM JUL 1 192 CLOUDY (SCALE 8-10) 0
DPTR FM NORMAL -122
[CDD (BASE 65) ]
TOTAL THIS MO. 75
DPTR FM NORMAL 30 [PRESSURE DATA]
TOTAL FM JAN 1 708 HIGHEST SLP 30.56 ON 8
DPTR FM NORMAL 217 LOWEST SLP 29.57 ON 24
[REMARKS]
#FINAL-09-20#