000
CXUS55 KPIH 011447
CF6BYI
PRELIMINARY LOCAL CLIMATOLOGICAL DATA (WS FORM: F-6)
STATION: BURLEY ID
MONTH: APRIL
YEAR: 2020
LATITUDE: 42 32 N
LONGITUDE: 113 46 W
TEMPERATURE IN F: :PCPN: SNOW: WIND :SUNSHINE: SKY :PK WND
================================================================================
1 2 3 4 5 6A 6B 7 8 9 10 11 12 13 14 15 16 17 18
12Z AVG MX 2MIN
DY MAX MIN AVG DEP HDD CDD WTR SNW DPTH SPD SPD DIR MIN PSBL S-S WX SPD DR
================================================================================
1 39 29 34 -9 31 0 T M M 12.0 21 260 M M 8 28 260
2 45 23 34 -9 31 0 T M M 11.4 22 250 M M 2 29 260
3 49 23 36 -7 29 0 0.00 M M 4.5 17 220 M M 6 29 230
4 61 23 42 -2 23 0 T M M 5.3 18 240 M M 3 25 240
5 56 31 44 0 21 0 0.17 M M 4.2 25 180 M M 4 3 31 180
6 59 36 48 4 17 0 0.03 M M 7.6 20 250 M M 6 13 24 180
7 64 34 49 5 16 0 0.00 M M 7.9 25 190 M M 1 35 190
8 67 36 52 8 13 0 0.00 M M 3.7 14 210 M M 0 16 220
9 72 29 51 7 14 0 0.00 M M 10.0 31 190 M M 0 41 190
10 69 38 54 9 11 0 0.00 M M 10.1 18 200 M M 0 24 250
11 61 41 51 6 14 0 0.00 M M 18.1 33 280 M M 0 47 270
12 46 30 38 -7 27 0 0.00 M M 8.3 20 50 M M 8 25 50
13 45 27 36 -9 29 0 T M M 8.4 15 260 M M 5 21 280
14 55 25 40 -6 25 0 0.00 M M 12.6 24 280 M M 1 33 280
15 58 36 47 1 18 0 T M M 15.4 35 250 M M 8 48 240
16 48 25 37 -9 28 0 0.00 M M 7.9 22 80 M M 7 30 80
17 59 19 39 -7 26 0 0.00 M M 4.9 17 200 M M 0 22 210
18 66 30 48 2 17 0 0.00 M M 7.2 16 280 M M 0 23 280
19 64 37 51 4 14 0 0.00 M M 10.0 20 200 M M 3 25 230
20 67 33 50 3 15 0 0.00 M M 6.1 14 280 M M 0 17 260
21 70 35 53 6 12 0 0.00 M M 10.4 21 270 M M 0 32 290
22 65 42 54 6 11 0 0.00 M M 14.8 26 260 M M 2 36 270
23 60 42 51 3 14 0 T M M 18.2 31 280 M M 5 47 280
24 62 37 50 2 15 0 0.00 M M 10.0 18 260 M M 1 26 260
25 69 35 52 4 13 0 0.00 M M 3.8 12 200 M M 0 16 270
26 70 45 58 10 7 0 T M M 8.4 18 260 M M 2 25 290
27 66 39 53 4 12 0 T M M 10.2 29 260 M M 1 38 260
28 71 41 56 7 9 0 0.00 M M 8.5 16 290 M M 0 23 280
29 84 39 62 13 3 0 T M M 6.7 22 200 M M 1 3 27 200
30 75 49 62 12 3 0 0.05 M M 11.3 29 300 M M 5 38 41 320
================================================================================
SM 1842 1009 518 0 0.25 M 277.9 M 79
================================================================================
AV 61.4 33.6 9.3 FASTST M M 3 MAX(MPH)
MISC ----> # 35 250 # 48 240
================================================================================
NOTES:
# LAST OF SEVERAL OCCURRENCES
PRECIPITATION SUSPECT DURING FREEZING/FROZEN EVENTS
COLUMN 17 PEAK WIND IN M.P.H.
PRELIMINARY LOCAL CLIMATOLOGICAL DATA (WS FORM: F-6) , PAGE 2
STATION: BURLEY ID
MONTH: APRIL
YEAR: 2020
LATITUDE: 42 32 N
LONGITUDE: 113 46 W
[TEMPERATURE DATA] [PRECIPITATION DATA] SYMBOLS USED IN COLUMN 16
AVERAGE MONTHLY: 47.5 TOTAL FOR MONTH: 0.25 1 = FOG OR MIST
DPTR FM NORMAL: 1.4 DPTR FM NORMAL: -0.84 2 = FOG REDUCING VISIBILITY
HIGHEST: 84 ON 29 GRTST 24HR 0.18 ON 31- 1 TO 1/4 MILE OR LESS
LOWEST: 19 ON 17 3 = THUNDER
SNOW, ICE PELLETS, HAIL 4 = ICE PELLETS
TOTAL MONTH: M 5 = HAIL
GRTST 24HR M ON M 6 = FREEZING RAIN OR DRIZZLE
GRTST DEPTH: M ON M 7 = DUSTSTORM OR SANDSTORM:
VSBY 1/2 MILE OR LESS
8 = SMOKE OR HAZE
[NO. OF DAYS WITH] [WEATHER - DAYS WITH] 9 = BLOWING SNOW
X = TORNADO
MAX 32 OR BELOW: 0 0.01 INCH OR MORE: 3
MAX 90 OR ABOVE: 0 0.10 INCH OR MORE: 1
MIN 32 OR BELOW: 12 0.50 INCH OR MORE: 0
MIN 0 OR BELOW: 0 1.00 INCH OR MORE: 0
[HDD (BASE 65) ]
TOTAL THIS MO. 518 CLEAR (SCALE 0-3) 20
DPTR FM NORMAL -51 PTCLDY (SCALE 4-7) 10
TOTAL FM JUL 1 5943 CLOUDY (SCALE 8-10) 0
DPTR FM NORMAL -445
[CDD (BASE 65) ]
TOTAL THIS MO. 0
DPTR FM NORMAL 0 [PRESSURE DATA]
TOTAL FM JAN 1 0 HIGHEST SLP 30.30 ON 14
DPTR FM NORMAL 0 LOWEST SLP 29.57 ON 5
[REMARKS]
#FINAL-04-20#