000
CXUS56 KTFX 011210
CF6BZN
PRELIMINARY LOCAL CLIMATOLOGICAL DATA (WS FORM: F-6)
STATION: BOZEMAN/GALLATIN FIELD MT
MONTH: JANUARY
YEAR: 2022
LATITUDE: 45 46 N
LONGITUDE: 111 9 W
TEMPERATURE IN F: :PCPN: SNOW: WIND :SUNSHINE: SKY :PK WND
================================================================================
1 2 3 4 5 6A 6B 7 8 9 10 11 12 13 14 15 16 17 18
12Z AVG MX 2MIN
DY MAX MIN AVG DEP HDD CDD WTR SNW DPTH SPD SPD DIR MIN PSBL S-S WX SPD DR
================================================================================
1 10 -20 -5 -25 70 0 0.00 0.0 5 1.6 7 150 M M 6 9 260
2 19 3 11 -9 54 0 0.00 0.0 5 3.1 12 150 M M 0 12 150
3 41 -2 20 0 45 0 0.00 0.0 5 4.8 17 140 M M 3 22 160
4 38 -7 16 -4 49 0 0.03 1.0 5 6.9 31 300 M M 6 12 41 210
5 -1 -7 -4 -24 69 0 0.03 1.5 6 4.5 10 210 M M 9 1 13 220
6 16 -7 5 -15 60 0 0.07 2.0 8 1.2 7 180 M M 9 18 14 230
7 44 14 29 9 36 0 0.00 0.0 8 12.1 25 220 M M 6 38 240
8 38 7 23 2 42 0 0.00 0.0 7 7.7 24 300 M M 1 29 310
9 25 -1 12 -9 53 0 0.00 0.0 7 4.0 12 200 M M 0 12 200
10 23 -3 10 -11 55 0 0.00 0.0 7 3.0 13 190 M M 0 13 190
11 38 1 20 -1 45 0 0.00 0.0 7 4.2 14 150 M M 3 8 16 160
12 45 27 36 15 29 0 0.00 0.0 6 3.8 14 350 M M 9 22 340
13 36 18 27 6 38 0 0.00 0.0 5 4.3 14 170 M M 2 16 170
14 37 17 27 6 38 0 T T 5 2.7 8 130 M M 7 1 10 170
15 32 10 21 0 44 0 0.00 0.0 4 3.9 9 130 M M 1 10 190
16 35 14 25 4 40 0 0.00 0.0 4 3.7 12 200 M M 1 15 190
17 38 22 30 9 35 0 0.00 0.0 4 3.5 10 210 M M 2 15 360
18 42 16 29 7 36 0 0.02 1.5 4 8.0 16 250 M M 8 1 21 230
19 19 0 10 -12 55 0 0.11 3.5 11 1.5 9 230 M M 8 1 11 230
20 36 -3 17 -5 48 0 T T 9 2.7 9 130 M M 8 18 10 20
21 38 19 29 7 36 0 T T 8 3.8 10 290 M M 6 13 280
22 36 12 24 2 41 0 0.00 0.0 7 3.4 8 140 M M 7 9 160
23 33 6 20 -2 45 0 0.00 0.0 6 3.8 12 120 M M 2 12 50
24 26 5 16 -6 49 0 0.06 0.3 6 3.4 10 150 M M 5 12 11 150
25 32 5 19 -3 46 0 T T 6 2.6 10 150 M M 5 128 11 140
26 28 3 16 -6 49 0 T T 6 3.6 13 250 M M 2 14 250
27 31 0 16 -6 49 0 T T 6 2.9 10 140 M M 3 12 230
28 24 -5 10 -12 55 0 0.00 0.0 6 3.2 9 140 M M 0 13 210
29 31 3 17 -5 48 0 T T 6 2.8 12 200 M M 0 18 200
30 35 10 23 1 42 0 0.00 0.0 5 2.1 13 110 M M 0 14 140
31 40 16 28 6 37 0 T T 5 13.0 37 280 M M 7 49 270
================================================================================
SM 965 173 1438 0 0.32 9.8 131.8 M 126
================================================================================
AV 31.1 5.6 4.3 FASTST M M 4 MAX(MPH)
MISC ----> 37 280 49 270
================================================================================
NOTES:
# LAST OF SEVERAL OCCURRENCES
COLUMN 17 PEAK WIND IN M.P.H.
PRELIMINARY LOCAL CLIMATOLOGICAL DATA (WS FORM: F-6) , PAGE 2
STATION: BOZEMAN/GALLATIN FIELD MT
MONTH: JANUARY
YEAR: 2022
LATITUDE: 45 46 N
LONGITUDE: 111 9 W
[TEMPERATURE DATA] [PRECIPITATION DATA] SYMBOLS USED IN COLUMN 16
AVERAGE MONTHLY: 18.4 TOTAL FOR MONTH: 0.32 1 = FOG OR MIST
DPTR FM NORMAL: -2.8 DPTR FM NORMAL: -0.12 2 = FOG REDUCING VISIBILITY
HIGHEST: 45 ON 12 GRTST 24HR 0.18 ON 5- 6 TO 1/4 MILE OR LESS
LOWEST: -20 ON 1 3 = THUNDER
SNOW, ICE PELLETS, HAIL 4 = ICE PELLETS
TOTAL MONTH: 10.3 INCHES 5 = HAIL
GRTST 24HR 3.5 ON 19-19 6 = FREEZING RAIN OR DRIZZLE
GRTST DEPTH: 11 ON 19 7 = DUSTSTORM OR SANDSTORM:
VSBY 1/2 MILE OR LESS
8 = SMOKE OR HAZE
[NO. OF DAYS WITH] [WEATHER - DAYS WITH] 9 = BLOWING SNOW
X = TORNADO
MAX 32 OR BELOW: 14 0.01 INCH OR MORE: 6
MAX 90 OR ABOVE: 0 0.10 INCH OR MORE: 1
MIN 32 OR BELOW: 31 0.50 INCH OR MORE: 0
MIN 0 OR BELOW: 11 1.00 INCH OR MORE: 0
[HDD (BASE 65) ]
TOTAL THIS MO. 1438 CLEAR (SCALE 0-3) 16
DPTR FM NORMAL 80 PTCLDY (SCALE 4-7) 10
TOTAL FM JUL 1 4353 CLOUDY (SCALE 8-10) 5
DPTR FM NORMAL -480
[CDD (BASE 65) ]
TOTAL THIS MO. 0
DPTR FM NORMAL 0 [PRESSURE DATA]
TOTAL FM JAN 1 0 HIGHEST SLP 30.84 ON 9
DPTR FM NORMAL 0 LOWEST SLP 29.32 ON 7
[REMARKS]
#FINAL-01-22#