000
CXUS55 KGJT 011123
CF6CAG
PRELIMINARY LOCAL CLIMATOLOGICAL DATA (WS FORM: F-6)
STATION: CRAIG CO
MONTH: JANUARY
YEAR: 2023
LATITUDE: 40 30 N
LONGITUDE: 107 32 W
TEMPERATURE IN F: :PCPN: SNOW: WIND :SUNSHINE: SKY :PK WND
================================================================================
1 2 3 4 5 6A 6B 7 8 9 10 11 12 13 14 15 16 17 18
12Z AVG MX 2MIN
DY MAX MIN AVG DEP HDD CDD WTR SNW DPTH SPD SPD DIR MIN PSBL S-S WX SPD DR
================================================================================
1 43 31 37 21 28 0 0.02 M M 4.5 14 70 M M 10 1 17 70
2 36 24 30 14 35 0 0.17 M M 6.1 23 230 M M 10 128 29 230
3 26 21 24 8 41 0 0.05 M M 3.7 15 260 M M 10 18 19 260
4 30 2 16 0 49 0 0.00 M M 2.4 17 260 M M 8 23 260
5 32 -2 15 -1 50 0 T M M 3.4 10 210 M M 3 1 12 210
6 32 25 29 13 36 0 0.23 M M 7.6 16 240 M M 10 1 20 260
7 36 0 18 2 47 0 T M M 1.5 12 240 M M 8 128 14 230
8 28 0 14 -2 51 0 0.00 M M 1.7 10 280 M M 7 18 12 280
9 37 2 20 4 45 0 0.03 M M 3.0 21 220 M M 6 18 27 220
10 42 33 38 22 27 0 T M M 10.2 31 210 M M 10 1 41 210
11 42 21 32 16 33 0 0.13 M M 10.7 29 270 M M 10 128 37 280
12 24 0 12 -4 53 0 0.00 M M 0.7 7 220 M M 3 128 8 210
13 28 1 15 -1 50 0 0.00 M M 3.1 12 210 M M 0 14 220
14 32 8 20 4 45 0 0.00 M M 2.4 10 200 M M 5 13 200
15 39 22 31 15 34 0 0.04 M M 6.5 18 280 M M 10 1 24 280
16 34 17 26 9 39 0 0.02 M M 4.6 13 80 M M 9 12 16 90
17 32 7 20 3 45 0 0.26 M M 5.0 16 210 M M 6 128 21 210
18 27 -4 12 -5 53 0 0.02 M M 10.0 25 350 M M 8 18 35 340
19 18 -14 2 -15 63 0 0.00 M M 1.4 8 210 M M 0 18 9 220
20 17 0 9 -8 56 0 0.00 M M 1.5 8 210 M M 8 8 9 280
21 18 -4 7 -10 58 0 T M M 1.4 8 300 M M 8 18 9 210
22 17 -11 3 -14 62 0 0.00 M M 3.6 13 210 M M 2 14 210
23 20 1 11 -7 54 0 0.00 M M 3.2 10 240 M M 5 12 240
24 19 2 11 -7 54 0 T M M 1.5 8 360 M M 8 18 8 360
25 20 0 10 -8 55 0 T M M 3.1 10 270 M M 9 18 12 280
26 22 -14 4 -14 61 0 0.01 M M 3.0 13 80 M M 8 18 18 80
27 29 20 25 7 40 0 0.39 M M 7.5 18 240 M M 10 12 23 230
28 31 22 27 9 38 0 0.02 M M 6.8 17 250 M M 10 1 23 250
29 24 3 14 -4 51 0 0.17 M M 5.3 13 340 M M 10 18 17 340
30 7 -33 -13 -31 78 0 0.08 M M 2.1 9 350 M M 8 18 10 350
31 -4 -41 -22 -41 87 0 T M M 2.2 12 220 M M 3 128 14 230
================================================================================
SM 838 139 1518 0 1.64 M 129.7 M 222
================================================================================
AV 27.0 4.5 4.2 FASTST M M 7 MAX(MPH)
MISC ----> 31 210 41 210
================================================================================
NOTES:
# LAST OF SEVERAL OCCURRENCES
COLUMN 17 PEAK WIND IN M.P.H.
PRELIMINARY LOCAL CLIMATOLOGICAL DATA (WS FORM: F-6) , PAGE 2
STATION: CRAIG CO
MONTH: JANUARY
YEAR: 2023
LATITUDE: 40 30 N
LONGITUDE: 107 32 W
[TEMPERATURE DATA] [PRECIPITATION DATA] SYMBOLS USED IN COLUMN 16
AVERAGE MONTHLY: 15.8 TOTAL FOR MONTH: 1.64 1 = FOG OR MIST
DPTR FM NORMAL: -1.0 DPTR FM NORMAL: 0.73 2 = FOG REDUCING VISIBILITY
HIGHEST: 43 ON 1 GRTST 24HR 0.40 ON 26-27 TO 1/4 MILE OR LESS
LOWEST: -41 ON 31 3 = THUNDER
SNOW, ICE PELLETS, HAIL 4 = ICE PELLETS
TOTAL MONTH: M 5 = HAIL
GRTST 24HR M ON M 6 = FREEZING RAIN OR DRIZZLE
GRTST DEPTH: M ON M 7 = DUSTSTORM OR SANDSTORM:
VSBY 1/2 MILE OR LESS
8 = SMOKE OR HAZE
[NO. OF DAYS WITH] [WEATHER - DAYS WITH] 9 = BLOWING SNOW
X = TORNADO
MAX 32 OR BELOW: 23 0.01 INCH OR MORE: 15
MAX 90 OR ABOVE: 0 0.10 INCH OR MORE: 6
MIN 32 OR BELOW: 30 0.50 INCH OR MORE: 0
MIN 0 OR BELOW: 13 1.00 INCH OR MORE: 0
[HDD (BASE 65) ]
TOTAL THIS MO. 1518 CLEAR (SCALE 0-3) 4
DPTR FM NORMAL 24 PTCLDY (SCALE 4-7) 11
TOTAL FM JUL 1 5012 CLOUDY (SCALE 8-10) 16
DPTR FM NORMAL 155
[CDD (BASE 65) ]
TOTAL THIS MO. 0
DPTR FM NORMAL 0 [PRESSURE DATA]
TOTAL FM JAN 1 0 HIGHEST SLP 30.94 ON 31
DPTR FM NORMAL 0 LOWEST SLP 29.47 ON 15
[REMARKS]
#FINAL-01-23#