000
CXUS55 KGJT 021809
CF6CAG
PRELIMINARY LOCAL CLIMATOLOGICAL DATA (WS FORM: F-6)
STATION: CRAIG CO
MONTH: OCTOBER
YEAR: 2020
LATITUDE: 40 30 N
LONGITUDE: 107 32 W
TEMPERATURE IN F: :PCPN: SNOW: WIND :SUNSHINE: SKY :PK WND
================================================================================
1 2 3 4 5 6A 6B 7 8 9 10 11 12 13 14 15 16 17 18
12Z AVG MX 2MIN
DY MAX MIN AVG DEP HDD CDD WTR SNW DPTH SPD SPD DIR MIN PSBL S-S WX SPD DR
================================================================================
1 74 24 49 0 16 0 0.00 M M 2.0 15 300 M M 0 24 320
2 75 25 50 1 15 0 0.00 M M 3.5 17 270 M M 0 22 260
3 73 25 49 1 16 0 0.00 M M 3.1 14 350 M M 0 20 280
4 79 26 53 5 12 0 0.00 M M 4.5 21 270 M M 0 27 260
5 79 24 52 5 13 0 0.00 M M 4.7 21 280 M M 0 28 300
6 80 23 52 5 13 0 0.00 M M 3.0 15 290 M M 0 23 270
7 81 21 51 4 14 0 0.00 M M 2.7 14 290 M M 0 21 290
8 83 22 53 7 12 0 0.00 M M 5.7 29 270 M M 0 8 44 260
9 81 29 55 9 10 0 0.00 M M 3.1 17 260 M M 0 25 270
10 80 29 55 10 10 0 0.00 M M 8.1 25 240 M M 1 34 220
11 66 26 46 1 19 0 0.10 M M 13.6 28 220 M M 4 1 39 220
12 66 20 43 -2 22 0 0.00 M M 7.7 31 270 M M 0 42 280
13 75 23 49 5 16 0 0.00 M M 7.5 29 260 M M 0 42 260
14 71 28 50 6 15 0 0.00 M M 9.9 28 250 M M 2 40 260
15 55 24 40 -3 25 0 0.00 M M 7.6 24 290 M M 0 31 280
16 65 18 42 -1 23 0 0.00 M M 7.5 22 240 M M 0 31 250
17 68 34 51 8 14 0 0.00 M M 9.9 29 260 M M 4 44 220
18 70 38 54 12 11 0 0.00 M M 9.1 29 240 M M 6 36 250
19 65 31 48 6 17 0 0.00 M M 6.5 21 280 M M 0 27 270
20 67 25 46 5 19 0 0.00 M M 4.5 23 260 M M 0 32 280
21 75 24 50 9 15 0 0.00 M M 7.1 29 270 M M 0 41 270
22 58 18 38 -3 27 0 0.00 M M 7.9 26 350 M M 0 35 320
23 40 8 24 -16 41 0 0.00 M M 1.5 9 60 M M 1 11 60
24 52 14 33 -7 32 0 T M M 2.0 15 350 M M 5 23 350
25 39 5 22 -18 43 0 0.28 M M 12.0 18 240 M M 10 128 24 250
26 17 -13 2 -37 63 0 T M M 4.3 14 240 M M 5 18 16 250
27 26 -14 6 -33 59 0 0.00 M M 0.7 6 220 M M 3 18 7 220
28 39 2 21 -17 44 0 0.00 M M 1.0 6 270 M M 0 7 220
29 54 11 33 -5 32 0 0.00 M M 1.9 7 60 M M 0 10 60
30 58 18 38 0 27 0 0.00 M M 2.6 10 270 M M 0 13 260
31 60 20 40 3 25 0 0.00 M M 2.7 18 270 M M 0 25 290
================================================================================
SM 1971 608 720 0 0.38 M 167.9 M 41
================================================================================
AV 63.6 19.6 5.4 FASTST M M 1 MAX(MPH)
MISC ----> # 31 270 # 44 260
================================================================================
NOTES:
# LAST OF SEVERAL OCCURRENCES
COLUMN 17 PEAK WIND IN M.P.H.
PRELIMINARY LOCAL CLIMATOLOGICAL DATA (WS FORM: F-6) , PAGE 2
STATION: CRAIG CO
MONTH: OCTOBER
YEAR: 2020
LATITUDE: 40 30 N
LONGITUDE: 107 32 W
[TEMPERATURE DATA] [PRECIPITATION DATA] SYMBOLS USED IN COLUMN 16
AVERAGE MONTHLY: 41.6 TOTAL FOR MONTH: 0.38 1 = FOG OR MIST
DPTR FM NORMAL: -1.4 DPTR FM NORMAL: -1.27 2 = FOG REDUCING VISIBILITY
HIGHEST: 83 ON 8 GRTST 24HR 0.28 ON 25-25 TO 1/4 MILE OR LESS
LOWEST: -14 ON 27 3 = THUNDER
SNOW, ICE PELLETS, HAIL 4 = ICE PELLETS
TOTAL MONTH: M 5 = HAIL
GRTST 24HR M ON M 6 = FREEZING RAIN OR DRIZZLE
GRTST DEPTH: M ON M 7 = DUSTSTORM OR SANDSTORM:
VSBY 1/2 MILE OR LESS
8 = SMOKE OR HAZE
[NO. OF DAYS WITH] [WEATHER - DAYS WITH] 9 = BLOWING SNOW
X = TORNADO
MAX 32 OR BELOW: 2 0.01 INCH OR MORE: 2
MAX 90 OR ABOVE: 0 0.10 INCH OR MORE: 2
MIN 32 OR BELOW: 29 0.50 INCH OR MORE: 0
MIN 0 OR BELOW: 2 1.00 INCH OR MORE: 0
[HDD (BASE 65) ]
TOTAL THIS MO. 720 CLEAR (SCALE 0-3) 24
DPTR FM NORMAL 40 PTCLDY (SCALE 4-7) 6
TOTAL FM JUL 1 1014 CLOUDY (SCALE 8-10) 1
DPTR FM NORMAL -31
[CDD (BASE 65) ]
TOTAL THIS MO. 0
DPTR FM NORMAL 0 [PRESSURE DATA]
TOTAL FM JAN 1 268 HIGHEST SLP 30.68 ON 27
DPTR FM NORMAL 126 LOWEST SLP 29.55 ON 11
[REMARKS]
#FINAL-10-20#