000
CXUS55 KGJT 011000
CF6CAG
PRELIMINARY LOCAL CLIMATOLOGICAL DATA (WS FORM: F-6)
STATION: CRAIG CO
MONTH: APRIL
YEAR: 2020
LATITUDE: 40 30 N
LONGITUDE: 107 32 W
TEMPERATURE IN F: :PCPN: SNOW: WIND :SUNSHINE: SKY :PK WND
================================================================================
1 2 3 4 5 6A 6B 7 8 9 10 11 12 13 14 15 16 17 18
12Z AVG MX 2MIN
DY MAX MIN AVG DEP HDD CDD WTR SNW DPTH SPD SPD DIR MIN PSBL S-S WX SPD DR
================================================================================
1 66 34 50 11 15 0 0.00 M M 12.4 35 230 M M 7 47 220
2 53 17 35 -4 30 0 0.19 M M 8.1 24 230 M M 9 128 32 240
3 41 10 26 -13 39 0 0.00 M M 2.1 10 110 M M 5 12 14 270
4 57 22 40 0 25 0 0.00 M M 7.0 24 230 M M 3 35 220
5 61 30 46 6 19 0 0.00 M M 10.3 30 210 M M 7 42 200
6 65 26 46 6 19 0 0.00 M M 10.6 32 210 M M 1 42 230
7 65 28 47 7 18 0 0.00 M M 7.2 24 280 M M 2 37 230
8 64 25 45 4 20 0 0.00 M M 3.1 17 260 M M 0 23 260
9 70 24 47 6 18 0 0.00 M M 6.3 23 240 M M 2 31 230
10 66 29 48 7 17 0 T M M 5.2 28 220 M M 2 37 290
11 64 22 43 1 22 0 0.10 M M 9.3 28 290 M M 3 1 43 250
12 39 23 31 -11 34 0 0.09 M M 9.8 21 260 M M 8 1 27 250
13 34 15 25 -17 40 0 T M M 8.2 24 330 M M 7 18 31 330
14 44 9 27 -15 38 0 0.00 M M 11.1 26 290 M M 7 35 240
15 46 32 39 -3 26 0 0.05 M M 9.6 25 230 M M 9 1 41 240
16 34 15 25 -18 40 0 0.21 M M 8.2 18 230 M M 8 12 23 290
17 46 7 27 -16 38 0 0.00 M M 4.0 12 80 M M 1 16 80
18 54 27 41 -2 24 0 T M M 5.4 21 160 M M 7 25 160
19 59 25 42 -1 23 0 0.10 M M 5.5 28 280 M M 5 123 35 270
20 59 30 45 1 20 0 0.00 M M 3.3 13 270 M M 4 18 260
21 65 25 45 1 20 0 0.00 M M 3.4 17 240 M M 2 22 240
22 66 30 48 4 17 0 0.00 M M 7.8 21 270 M M 3 29 290
23 61 35 48 4 17 0 0.05 M M 11.0 30 310 M M 8 3 43 330
24 57 37 47 2 18 0 0.00 M M 7.2 24 250 M M 9 34 250
25 64 39 52 7 13 0 T M M 7.1 21 260 M M 6 29 260
26 62 34 48 3 17 0 0.11 M M 9.0 32 180 M M 4 3 41 190
27 75 31 53 8 12 0 T M M 8.0 32 270 M M 2 53 310
28 69 38 54 8 11 0 0.00 M M 10.1 25 290 M M 3 35 280
29 75 28 52 6 13 0 0.00 M M 3.3 13 280 M M 0 18 280
30 81 35 58 12 7 0 0.06 M M 8.8 41 280 M M 3 57 280
================================================================================
SM 1762 782 670 0 0.96 M 222.4 M 137
================================================================================
AV 58.7 26.1 7.4 FASTST M M 5 MAX(MPH)
MISC ----> # 41 280 # 57 280
================================================================================
NOTES:
# LAST OF SEVERAL OCCURRENCES
COLUMN 17 PEAK WIND IN M.P.H.
PRELIMINARY LOCAL CLIMATOLOGICAL DATA (WS FORM: F-6) , PAGE 2
STATION: CRAIG CO
MONTH: APRIL
YEAR: 2020
LATITUDE: 40 30 N
LONGITUDE: 107 32 W
[TEMPERATURE DATA] [PRECIPITATION DATA] SYMBOLS USED IN COLUMN 16
AVERAGE MONTHLY: 42.4 TOTAL FOR MONTH: 0.96 1 = FOG OR MIST
DPTR FM NORMAL: -0.1 DPTR FM NORMAL: -0.70 2 = FOG REDUCING VISIBILITY
HIGHEST: 81 ON 30 GRTST 24HR 0.21 ON 16-16 TO 1/4 MILE OR LESS
LOWEST: 7 ON 17 3 = THUNDER
SNOW, ICE PELLETS, HAIL 4 = ICE PELLETS
TOTAL MONTH: M 5 = HAIL
GRTST 24HR M ON M 6 = FREEZING RAIN OR DRIZZLE
GRTST DEPTH: M ON M 7 = DUSTSTORM OR SANDSTORM:
VSBY 1/2 MILE OR LESS
8 = SMOKE OR HAZE
[NO. OF DAYS WITH] [WEATHER - DAYS WITH] 9 = BLOWING SNOW
X = TORNADO
MAX 32 OR BELOW: 0 0.01 INCH OR MORE: 9
MAX 90 OR ABOVE: 0 0.10 INCH OR MORE: 5
MIN 32 OR BELOW: 23 0.50 INCH OR MORE: 0
MIN 0 OR BELOW: 0 1.00 INCH OR MORE: 0
[HDD (BASE 65) ]
TOTAL THIS MO. 670 CLEAR (SCALE 0-3) 11
DPTR FM NORMAL -4 PTCLDY (SCALE 4-7) 15
TOTAL FM JUL 1 8190 CLOUDY (SCALE 8-10) 4
DPTR FM NORMAL 178
[CDD (BASE 65) ]
TOTAL THIS MO. 0
DPTR FM NORMAL 0 [PRESSURE DATA]
TOTAL FM JAN 1 0 HIGHEST SLP 30.41 ON 17
DPTR FM NORMAL 0 LOWEST SLP 29.41 ON 1
[REMARKS]
#FINAL-04-20#