000
CXUS55 KABQ 011309
CLMCAO
CLIMATE REPORT
NATIONAL WEATHER SERVICE ALBUQUERQUE NM
609 AM MST MON JAN 01 2024
...................................
...THE CLAYTON NM CLIMATE SUMMARY FOR THE MONTH OF DECEMBER 2023...
CLIMATE NORMAL PERIOD 1991 TO 2020
CLIMATE RECORD PERIOD 1896 TO 2023
WEATHER OBSERVED NORMAL DEPART LAST YEAR`S
VALUE DATE(S) VALUE FROM VALUE DATE(S)
NORMAL
................................................................
TEMPERATURE (F)
RECORD
HIGH 92 12/26/1917
LOW -14 12/21/1990
HIGHEST 72 12/07 MM MM 69 12/05
12/27
LOWEST 17 12/25 MM MM -6 12/22
12/26
AVG. MAXIMUM 52.2 48.6 3.6 50.6
AVG. MINIMUM 27.3 22.0 5.3 19.7
MEAN 39.8 35.3 4.5 35.2
DAYS MAX >= 90 0 0.0 0.0 0
DAYS MAX <= 32 1 3.7 -2.7 3
DAYS MIN <= 32 24 27.4 -3.4 28
DAYS MIN <= 0 0 0.4 -0.4 2
PRECIPITATION (INCHES)
TOTALS 0.99 0.42 0.57 0.05
DAILY AVG. 0.03 0.01 0.02 0.00
DAYS >= .01 4 3.7 0.3 1
DAYS >= .10 3 1.1 1.9 0
DAYS >= .50 1 0.1 0.9 0
DAYS >= 1.00 0 0.0 0.0 0
GREATEST
24 HR. TOTAL 0.74 12/13 TO 12/14 0.05
SNOWFALL (INCHES)
TOTALS 3.5 6.8 -3.3 0.5
SINCE 7/1 4.0 10.7 -6.7 MM
DAYS >= 1.0 2 1.6 0.4 0
GREATEST
SNOW DEPTH 2 12/15 MM 12/29
12/30
12/16
24 HR TOTAL MM 0.5
DEGREE DAYS
HEATING TOTAL 772 920 -148 917
SINCE 7/1 1587 1969 -382 MM
COOLING TOTAL 0 0 0 0
SINCE 1/1 1091 967 124 MM
................................................................
WIND (MPH)
AVERAGE WIND SPEED 11.2
HIGHEST WIND SPEED/DIRECTION 36/350 DATE 12/24
HIGHEST GUST SPEED/DIRECTION 49/320 DATE 12/23
SKY COVER
AVERAGE SKY COVER 0.20
AVERAGE RH (PERCENT) 57
WEATHER CONDITIONS. NUMBER OF DAYS WITH
THUNDERSTORM 0 MIXED PRECIP 0
HEAVY RAIN 0 RAIN 1
LIGHT RAIN 2 FREEZING RAIN 0
LT FREEZING RAIN 1 HAIL 0
HEAVY SNOW 0 SNOW 0
LIGHT SNOW 3 SLEET 0
FOG 5 FOG W/VIS <= 1/4 MILE 2
HAZE 0
- INDICATES NEGATIVE NUMBERS.
R INDICATES RECORD WAS SET OR TIED.
MM INDICATES DATA IS MISSING.
T INDICATES TRACE AMOUNT.
$$