000
CXUS55 KBOU 010900
CF6CCU
PRELIMINARY LOCAL CLIMATOLOGICAL DATA (WS FORM: F-6)
STATION: COPPER MTN/RED CLIFF
MONTH: MARCH
YEAR: 2022
LATITUDE: 39 28 N
LONGITUDE: 106 9 W
TEMPERATURE IN F: :PCPN: SNOW: WIND :SUNSHINE: SKY :PK WND
================================================================================
1 2 3 4 5 6A 6B 7 8 9 10 11 12 13 14 15 16 17 18
12Z AVG MX 2MIN
DY MAX MIN AVG DEP HDD CDD WTR SNW DPTH SPD SPD DIR MIN PSBL S-S WX SPD DR
================================================================================
1 41 25 33 M 32 0 M M M 6.4 13 280 M M 0 M M
2 46 30 38 M 27 0 M M M 4.7 14 290 M M 1 20 310
3 46 34 40 M 25 0 M M M 9.0 14 150 M M 1 21 180
4 36 21 29 M 36 0 M M M 9.5 23 170 M M 6 32 170
5 27 16 22 M 43 0 M M M 11.8 22 250 M M 8 33 250
6 19 9 14 M 51 0 M M M 8.2 22 290 M M 9 8 29 290
7 14 1 8 M 57 0 M M M 9.5 17 300 M M 10 8 22 290
8 14 -4 5 M 60 0 M M M 10.7 16 180 M M 8 8 30 220
9 18 9 14 M 51 0 M M M 15.3 22 250 M M 10 33 250
10 9 -6 2 M 63 0 M M M 14.1 25 260 M M 8 8 36 260
11 12 -6 3 M 62 0 M M M 12.0 21 280 M M 6 8 30 250
12 30 12 21 M 44 0 M M M 12.4 21 240 M M 7 8 31 240
13 34 19 27 M 38 0 M M M 12.2 21 280 M M 4 8 35 260
14 30 14 22 M 43 0 M M M 11.1 16 300 M M 4 22 300
15 39 23 31 M 34 0 M M M 7.9 21 260 M M 0 25 260
16 34 21 28 M 37 0 M M M 9.9 22 260 M M 6 8 31 260
17 21 12 17 M 48 0 M M M 10.5 17 270 M M 10 8 23 300
18 25 9 17 M 48 0 M M M 11.7 21 260 M M 2 31 300
19 34 18 26 M 39 0 M M M 12.5 22 160 M M 3 26 270
20 34 27 31 M 34 0 M M M 12.7 18 180 M M 4 29 190
21 28 14 21 M 44 0 M M M 6.9 17 300 M M 9 8 22 300
22 18 7 13 M 52 0 M M M 12.6 22 310 M M 10 8 30 310
23 27 9 18 M 47 0 M M M 17.9 29 290 M M 4 8 37 300
24 37 23 30 M 35 0 M M M 15.9 27 290 M M 4 36 300
25 39 27 33 M 32 0 M M M 17.5 32 290 M M 2 8 40 300
26 46 34 40 M 25 0 M M M 18.8 30 280 M M 4 8 46 280
27 48 37 43 M 22 0 M M M 15.1 22 280 M M 1 31 250
28 45 32 39 M 26 0 M M M 12.4 20 250 M M 3 32 250
29 32 25 29 M 36 0 M M M 10.3 24 290 M M 9 18 29 290
30 25 18 22 M 43 0 M M M 17.5 30 300 M M 9 8 45 300
31 36 19 28 M 37 0 M M M 8.8 15 240 M M 6 21 280
================================================================================
SM 944 529 1271 0 M M 365.8 M 168
================================================================================
AV 30.5 17.1 11.8 FASTST M M 5 MAX(MPH)
MISC ----> 32 290 46 280
================================================================================
NOTES:
# LAST OF SEVERAL OCCURRENCES
COLUMN 17 PEAK WIND IN M.P.H.
PRELIMINARY LOCAL CLIMATOLOGICAL DATA (WS FORM: F-6) , PAGE 2
STATION: COPPER MTN/RED CLIFF
MONTH: MARCH
YEAR: 2022
LATITUDE: 39 28 N
LONGITUDE: 106 9 W
[TEMPERATURE DATA] [PRECIPITATION DATA] SYMBOLS USED IN COLUMN 16
AVERAGE MONTHLY: 23.8 TOTAL FOR MONTH: M 1 = FOG OR MIST
DPTR FM NORMAL: 0.0 DPTR FM NORMAL: M 2 = FOG REDUCING VISIBILITY
HIGHEST: 48 ON 27 GRTST 24HR M ON M TO 1/4 MILE OR LESS
LOWEST: -6 ON 11,10 3 = THUNDER
SNOW, ICE PELLETS, HAIL 4 = ICE PELLETS
TOTAL MONTH: M 5 = HAIL
GRTST 24HR M ON M 6 = FREEZING RAIN OR DRIZZLE
GRTST DEPTH: M ON M 7 = DUSTSTORM OR SANDSTORM:
VSBY 1/2 MILE OR LESS
8 = SMOKE OR HAZE
[NO. OF DAYS WITH] [WEATHER - DAYS WITH] 9 = BLOWING SNOW
X = TORNADO
MAX 32 OR BELOW: 16 0.01 INCH OR MORE: 0
MAX 90 OR ABOVE: 0 0.10 INCH OR MORE: 0
MIN 32 OR BELOW: 28 0.50 INCH OR MORE: 0
MIN 0 OR BELOW: 3 1.00 INCH OR MORE: 0
[HDD (BASE 65) ]
TOTAL THIS MO. 1271 CLEAR (SCALE 0-3) 8
DPTR FM NORMAL M PTCLDY (SCALE 4-7) 14
TOTAL FM JUL 1 7857 CLOUDY (SCALE 8-10) 9
DPTR FM NORMAL M
[CDD (BASE 65) ]
TOTAL THIS MO. 0
DPTR FM NORMAL M [PRESSURE DATA]
TOTAL FM JAN 1 0 HIGHEST SLP M ON M
DPTR FM NORMAL M LOWEST SLP M ON M
[REMARKS]
#FINAL-03-22#