000
CXUS55 KBOU 010900
CF6CCU
PRELIMINARY LOCAL CLIMATOLOGICAL DATA (WS FORM: F-6)
STATION: COPPER MTN/RED CLIFF
MONTH: APRIL
YEAR: 2021
LATITUDE: 39 28 N
LONGITUDE: 106 9 W
TEMPERATURE IN F: :PCPN: SNOW: WIND :SUNSHINE: SKY :PK WND
================================================================================
1 2 3 4 5 6A 6B 7 8 9 10 11 12 13 14 15 16 17 18
12Z AVG MX 2MIN
DY MAX MIN AVG DEP HDD CDD WTR SNW DPTH SPD SPD DIR MIN PSBL S-S WX SPD DR
================================================================================
1 45 19 32 M 33 0 0.00 M M 9.4 15 260 M M 0 23 220
2 46 32 39 M 26 0 0.00 M M 13.8 21 300 M M 1 31 290
3 54 34 44 M 21 0 0.00 M M 5.0 16 260 M M 1 M M
4 46 37 42 M 23 0 0.00 M M 10.7 20 280 M M 5 30 280
5 46 37 42 M 23 0 0.00 M M 11.9 23 250 M M 0 33 210
6 37 18 28 M 37 0 0.00 M M 14.3 22 280 M M 7 39 270
7 34 18 26 M 39 0 0.00 M M 16.3 28 290 M M 6 18 38 270
8 39 27 33 M 32 0 0.00 M M 20.9 31 270 M M 6 8 43 270
9 32 14 23 M 42 0 0.00 M M 18.4 31 290 M M 4 8 37 270
10 37 23 30 M 35 0 0.00 M M 18.7 28 270 M M 1 8 39 280
11 39 28 34 M 31 0 0.00 M M 22.4 37 260 M M 2 8 46 260
12 37 25 31 M 34 0 0.00 M M 12.5 30 260 M M 4 41 240
13 34 23 29 M 36 0 0.00 M M 14.9 22 150 M M 9 8 29 150
14 37 28 33 M 32 0 0.00 M M 20.0 30 160 M M 5 35 160
15 32 21 27 M 38 0 0.00 M M 9.4 16 140 M M 10 26 140
16 28 18 23 M 42 0 0.01 M M 5.9 12 300 M M 10 17 0
17 27 12 20 M 45 0 0.02 M M 1.9 7 330 M M 7 8 16 340
18 34 14 24 M 41 0 0.00 M M 7.8 16 290 M M 4 25 290
19 34 19 27 M 38 0 0.00 M M 20.3 33 270 M M 8 8 51 270
20 28 7 18 M 47 0 0.00 M M 9.4 16 260 M M 5 24 270
21 34 19 27 M 38 0 0.00 M M 9.5 23 210 M M 9 8 36 210
22 34 23 29 M 36 0 0.00 M M 14.1 25 250 M M 8 8 33 160
23 32 23 28 M 37 0 0.02 M M 8.2 20 250 M M 6 8 29 290
24 37 25 31 M 34 0 0.00 M M 16.1 31 240 M M 4 8 43 240
25 45 30 38 M 27 0 0.03 M M 17.3 30 240 M M 3 8 43 230
26 45 32 39 M 26 0 0.02 M M 16.3 33 180 M M 0 44 230
27 36 27 32 M 33 0 0.00 M M 9.7 22 110 M M 6 12 25 120
28 37 27 32 M 33 0 0.02 M M 7.3 15 310 M M 7 18 25 320
29 50 30 40 M 25 0 0.04 M M 4.6 13 290 M M 0 M M
30 59 37 48 M 17 0 0.00 M M 4.1 12 290 M M 0 16 0
================================================================================
SM 1155 727 1001 0 0.16 M 371.3 M 138
================================================================================
AV 38.5 24.2 12.4 FASTST M M 5 MAX(MPH)
MISC ----> 37 260 51 270
================================================================================
NOTES:
# LAST OF SEVERAL OCCURRENCES
COLUMN 17 PEAK WIND IN M.P.H.
PRELIMINARY LOCAL CLIMATOLOGICAL DATA (WS FORM: F-6) , PAGE 2
STATION: COPPER MTN/RED CLIFF
MONTH: APRIL
YEAR: 2021
LATITUDE: 39 28 N
LONGITUDE: 106 9 W
[TEMPERATURE DATA] [PRECIPITATION DATA] SYMBOLS USED IN COLUMN 16
AVERAGE MONTHLY: 31.4 TOTAL FOR MONTH: 0.16 1 = FOG OR MIST
DPTR FM NORMAL: 0.0 DPTR FM NORMAL: M 2 = FOG REDUCING VISIBILITY
HIGHEST: 59 ON 30 GRTST 24HR 0.04 ON 29-29 TO 1/4 MILE OR LESS
LOWEST: 7 ON 20 3 = THUNDER
SNOW, ICE PELLETS, HAIL 4 = ICE PELLETS
TOTAL MONTH: M 5 = HAIL
GRTST 24HR M ON M 6 = FREEZING RAIN OR DRIZZLE
GRTST DEPTH: M ON M 7 = DUSTSTORM OR SANDSTORM:
VSBY 1/2 MILE OR LESS
8 = SMOKE OR HAZE
[NO. OF DAYS WITH] [WEATHER - DAYS WITH] 9 = BLOWING SNOW
X = TORNADO
MAX 32 OR BELOW: 6 0.01 INCH OR MORE: 7
MAX 90 OR ABOVE: 0 0.10 INCH OR MORE: 0
MIN 32 OR BELOW: 26 0.50 INCH OR MORE: 0
MIN 0 OR BELOW: 0 1.00 INCH OR MORE: 0
[HDD (BASE 65) ]
TOTAL THIS MO. 1001 CLEAR (SCALE 0-3) 10
DPTR FM NORMAL M PTCLDY (SCALE 4-7) 15
TOTAL FM JUL 1 9025 CLOUDY (SCALE 8-10) 5
DPTR FM NORMAL M
[CDD (BASE 65) ]
TOTAL THIS MO. 0
DPTR FM NORMAL M [PRESSURE DATA]
TOTAL FM JAN 1 0 HIGHEST SLP M ON M
DPTR FM NORMAL M LOWEST SLP M ON M
[REMARKS]
#FINAL-04-21#