000
CXUS53 KEAX 010736
CF6CDJ
PRELIMINARY LOCAL CLIMATOLOGICAL DATA (WS FORM: F-6)
STATION: CHILLICOTHE
MONTH: AUGUST
YEAR: 2022
LATITUDE: 39 49 N
LONGITUDE: 93 35 W
TEMPERATURE IN F: :PCPN: SNOW: WIND :SUNSHINE: SKY :PK WND
================================================================================
1 2 3 4 5 6A 6B 7 8 9 10 11 12 13 14 15 16 17 18
12Z AVG MX 2MIN
DY MAX MIN AVG DEP HDD CDD WTR SNW DPTH SPD SPD DIR MIN PSBL S-S WX SPD DR
================================================================================
1 94 75 85 7 0 20 0.00 M M 2.8 12 200 M M 0 18 210
2 95 74 85 7 0 20 0.00 M M 6.5 13 180 M M 0 21 170
3 85 76 81 3 0 16 0.29 M M 4.0 14 180 M M 0 3 22 180
4 90 70 80 3 0 15 0.00 M M 2.9 9 40 M M 0 13 20
5 92 67 80 3 0 15 0.00 M M 2.0 9 120 M M 0 17 110
6 94 77 86 9 0 21 0.00 M M 6.1 15 200 M M 0 22 190
7 94 79 87 10 0 22 0.00 M M 6.9 13 200 M M 0 20 170
8 84 67 76 -1 0 11 0.03 M M 2.6 10 340 M M 0 17 330
9 84 63 74 -3 0 9 0.00 M M 2.3 9 20 M M 0 15 20
10 87 61 74 -3 0 9 0.00 M M 0.6 9 50 M M 0 13 30
11 90 62 76 -1 0 11 0.00 M M 0.7 6 40 M M 0 9 10
12 87 68 78 2 0 13 0.00 M M 4.5 12 140 M M 0 22 110
13 96 68 82 6 0 17 0.00 M M 4.8 14 190 M M 0 21 180
14 86 69 78 2 0 13 0.00 M M 3.8 10 40 M M 0 17 30
15 76 67 72 -4 0 7 0.14 M M 5.1 15 50 M M 0 26 60
16 79 65 72 -4 0 7 2.33 M M 4.3 15 70 M M 0 3 26 80
17 84 62 73 -3 0 8 0.00 M M 2.5 8 40 M M 0 12 70
18 84 60 72 -4 0 7 0.00 M M 2.3 9 180 M M 0 14 170
19 83 64 74 -1 0 9 0.02 M M 5.5 12 200 M M 0 20 250
20 83 64 74 -1 0 9 0.01 M M 4.6 13 310 M M 0 22 300
21 86 63 75 0 0 10 0.00 M M 2.3 8 360 M M 0 16 40
22 85 62 74 -1 0 9 0.00 M M 1.9 8 80 M M 0 11 30
23 86 58 72 -2 0 7 0.00 M M 1.0 7 60 M M 0 13 90
24 89 62 76 2 0 11 0.00 M M 1.4 7 110 M M 0 12 120
25 89 66 78 4 0 13 0.00 M M 1.9 12 310 M M 0 27 270
26 87 65 76 2 0 11 0.00 M M 1.4 7 90 M M 0 12 90
27 91 70 81 7 0 16 0.00 M M 5.1 10 130 M M 0 18 140
28 88 72 80 7 0 15 0.20 M M 6.6 16 190 M M 0 24 190
29 94 68 81 8 0 16 0.16 M M 4.0 22 200 M M 0 31 200
30 87 61 74 1 0 9 0.00 M M 1.8 9 350 M M 0 18 360
31 88 57 73 1 0 8 0.00 M M 0.6 7 180 M M 0 10 190
================================================================================
SM 2717 2062 0 384 3.18 M 102.8 M 0
================================================================================
AV 87.6 66.5 3.3 FASTST M M 0 MAX(MPH)
MISC ----> 22 200 31 200
================================================================================
NOTES:
# LAST OF SEVERAL OCCURRENCES
COLUMN 17 PEAK WIND IN M.P.H.
PRELIMINARY LOCAL CLIMATOLOGICAL DATA (WS FORM: F-6) , PAGE 2
STATION: CHILLICOTHE
MONTH: AUGUST
YEAR: 2022
LATITUDE: 39 49 N
LONGITUDE: 93 35 W
[TEMPERATURE DATA] [PRECIPITATION DATA] SYMBOLS USED IN COLUMN 16
AVERAGE MONTHLY: 77.1 TOTAL FOR MONTH: 3.18 1 = FOG OR MIST
DPTR FM NORMAL: 1.5 DPTR FM NORMAL: -1.58 2 = FOG REDUCING VISIBILITY
HIGHEST: 96 ON 13 GRTST 24HR 2.47 ON 15-16 TO 1/4 MILE OR LESS
LOWEST: 57 ON 31 3 = THUNDER
SNOW, ICE PELLETS, HAIL 4 = ICE PELLETS
TOTAL MONTH: M 5 = HAIL
GRTST 24HR M ON M 6 = FREEZING RAIN OR DRIZZLE
GRTST DEPTH: M ON M 7 = DUSTSTORM OR SANDSTORM:
VSBY 1/2 MILE OR LESS
8 = SMOKE OR HAZE
[NO. OF DAYS WITH] [WEATHER - DAYS WITH] 9 = BLOWING SNOW
X = TORNADO
MAX 32 OR BELOW: 0 0.01 INCH OR MORE: 8
MAX 90 OR ABOVE: 10 0.10 INCH OR MORE: 5
MIN 32 OR BELOW: 0 0.50 INCH OR MORE: 1
MIN 0 OR BELOW: 0 1.00 INCH OR MORE: 1
[HDD (BASE 65) ]
TOTAL THIS MO. 0 CLEAR (SCALE 0-3) 31
DPTR FM NORMAL -2 PTCLDY (SCALE 4-7) 0
TOTAL FM JUL 1 0 CLOUDY (SCALE 8-10) 0
DPTR FM NORMAL -1
[CDD (BASE 65) ]
TOTAL THIS MO. 384
DPTR FM NORMAL 53 [PRESSURE DATA]
TOTAL FM JAN 1 1330 HIGHEST SLP M ON M
DPTR FM NORMAL 239 LOWEST SLP 29.67 ON 28
[REMARKS]
#FINAL-08-22#