000
CXUS53 KEAX 010736
CF6CDJ
PRELIMINARY LOCAL CLIMATOLOGICAL DATA (WS FORM: F-6)
STATION: CHILLICOTHE
MONTH: AUGUST
YEAR: 2021
LATITUDE: 39 49 N
LONGITUDE: 93 35 W
TEMPERATURE IN F: :PCPN: SNOW: WIND :SUNSHINE: SKY :PK WND
================================================================================
1 2 3 4 5 6A 6B 7 8 9 10 11 12 13 14 15 16 17 18
12Z AVG MX 2MIN
DY MAX MIN AVG DEP HDD CDD WTR SNW DPTH SPD SPD DIR MIN PSBL S-S WX SPD DR
================================================================================
1 84 64 74 -4 0 9 0.00 M M 2.6 12 20 M M 0 17 340
2 81 62 72 -6 0 7 0.00 M M 2.8 9 50 M M 0 16 40
3 82 59 71 -7 0 6 0.00 M M 1.7 8 40 M M 0 12 30
4 81 58 70 -7 0 5 0.00 M M 2.5 9 150 M M 0 14 120
5 83 65 74 -3 0 9 0.64 M M 6.1 15 220 M M 0 26 220
6 85 67 76 -1 0 11 0.16 M M 6.0 15 200 M M 0 23 210
7 89 73 81 4 0 16 0.00 M M 6.5 15 190 M M 0 24 200
8 82 71 77 0 0 12 0.01 M M 4.6 14 200 M M 0 20 190
9 92 76 84 7 0 19 0.00 M M 6.3 13 200 M M 0 19 210
10 85 71 78 1 0 13 0.00 M M 5.5 15 180 M M 0 25 240
11 93 78 86 9 0 21 0.00 M M 8.4 16 200 M M 0 28 200
12 92 69 81 5 0 16 0.47 M M 4.0 28 360 M M 0 48 340
13 84 67 76 0 0 11 0.02 M M 1.7 9 300 M M 0 14 310
14 85 63 74 -2 0 9 0.00 M M 1.6 8 50 M M 0 13 50
15 83 59 71 -5 0 6 0.00 M M 1.6 7 110 M M 0 13 100
16 83 61 72 -4 0 7 0.00 M M 2.1 9 110 M M 0 16 130
17 87 63 75 -1 0 10 0.00 M M 2.9 12 140 M M 0 17 110
18 89 65 77 1 0 12 0.00 M M 3.5 13 160 M M 0 21 150
19 87 67 77 2 0 12 0.00 M M 2.8 10 150 M M 0 15 110
20 90 70 80 5 0 15 0.16 M M 5.6 17 300 M M 0 29 330
21 85 65 75 0 0 10 0.18 M M 3.6 10 300 M M 0 21 290
22 84 61 73 -2 0 8 0.00 M M 3.2 10 160 M M 0 16 160
23 93 71 82 8 0 17 0.00 M M 5.1 14 190 M M 0 20 200
24 94 74 84 10 0 19 0.00 M M 6.6 17 180 M M 0 29 140
25 86 73 80 6 0 15 0.16 M M 3.4 13 350 M M 0 22 310
26 94 72 83 9 0 18 0.00 M M 3.0 10 110 M M 0 15 100
27 92 72 82 8 0 17 0.00 M M 7.1 18 200 M M 0 28 200
28 91 75 83 10 0 18 0.00 M M 5.5 15 200 M M 0 22 200
29 91 70 81 8 0 16 0.00 M M 2.8 13 190 M M 0 22 360
30 92 68 80 7 0 15 0.00 M M 2.9 9 30 M M 0 16 40
31 82 67 75 3 0 10 0.68 M M 6.1 16 300 M M 0 30 290
================================================================================
SM 2701 2096 0 389 2.48 M 128.1 M 0
================================================================================
AV 87.1 67.6 4.1 FASTST M M 0 MAX(MPH)
MISC ----> 28 360 48 340
================================================================================
NOTES:
# LAST OF SEVERAL OCCURRENCES
COLUMN 17 PEAK WIND IN M.P.H.
PRELIMINARY LOCAL CLIMATOLOGICAL DATA (WS FORM: F-6) , PAGE 2
STATION: CHILLICOTHE
MONTH: AUGUST
YEAR: 2021
LATITUDE: 39 49 N
LONGITUDE: 93 35 W
[TEMPERATURE DATA] [PRECIPITATION DATA] SYMBOLS USED IN COLUMN 16
AVERAGE MONTHLY: 77.4 TOTAL FOR MONTH: 2.48 1 = FOG OR MIST
DPTR FM NORMAL: 1.8 DPTR FM NORMAL: -2.28 2 = FOG REDUCING VISIBILITY
HIGHEST: 94 ON 26,24 GRTST 24HR 0.80 ON 5- 6 TO 1/4 MILE OR LESS
LOWEST: 58 ON 4 3 = THUNDER
SNOW, ICE PELLETS, HAIL 4 = ICE PELLETS
TOTAL MONTH: M 5 = HAIL
GRTST 24HR M ON M 6 = FREEZING RAIN OR DRIZZLE
GRTST DEPTH: M ON M 7 = DUSTSTORM OR SANDSTORM:
VSBY 1/2 MILE OR LESS
8 = SMOKE OR HAZE
[NO. OF DAYS WITH] [WEATHER - DAYS WITH] 9 = BLOWING SNOW
X = TORNADO
MAX 32 OR BELOW: 0 0.01 INCH OR MORE: 9
MAX 90 OR ABOVE: 11 0.10 INCH OR MORE: 7
MIN 32 OR BELOW: 0 0.50 INCH OR MORE: 2
MIN 0 OR BELOW: 0 1.00 INCH OR MORE: 0
[HDD (BASE 65) ]
TOTAL THIS MO. 0 CLEAR (SCALE 0-3) 31
DPTR FM NORMAL -2 PTCLDY (SCALE 4-7) 0
TOTAL FM JUL 1 0 CLOUDY (SCALE 8-10) 0
DPTR FM NORMAL -1
[CDD (BASE 65) ]
TOTAL THIS MO. 389
DPTR FM NORMAL 58 [PRESSURE DATA]
TOTAL FM JAN 1 1197 HIGHEST SLP M ON M
DPTR FM NORMAL 106 LOWEST SLP 29.67 ON 31
[REMARKS]
#FINAL-08-21#