000
CXUS55 KEAX 010836
CF6CDJ
PRELIMINARY LOCAL CLIMATOLOGICAL DATA (WS FORM: F-6)
STATION: CHILLICOTHE
MONTH: FEBRUARY
YEAR: 2021
LATITUDE: 39 49 N
LONGITUDE: 93 35 W
TEMPERATURE IN F: :PCPN: SNOW: WIND :SUNSHINE: SKY :PK WND
================================================================================
1 2 3 4 5 6A 6B 7 8 9 10 11 12 13 14 15 16 17 18
12Z AVG MX 2MIN
DY MAX MIN AVG DEP HDD CDD WTR SNW DPTH SPD SPD DIR MIN PSBL S-S WX SPD DR
================================================================================
1 31 27 29 1 36 0 0.00 M M 5.8 13 310 M M 0 22 330
2 38 26 32 4 33 0 0.00 M M 3.1 9 130 M M 0 13 130
3 54 26 40 12 25 0 0.00 M M 7.2 15 150 M M 0 24 160
4 47 16 32 3 33 0 0.35 M M 8.1 22 310 M M 0 36 320
5 29 14 22 -7 43 0 0.00 M M 5.3 14 310 M M 0 23 300
6 22 -5 9 -20 56 0 0.19 M M 3.0 13 30 M M 0 19 30
7 4 -5 0 -29 65 0 0.22 M M 5.9 10 70 M M 0 16 70
8 8 3 6 -23 59 0 0.04 M M 6.9 12 20 M M 0 19 40
9 13 5 9 -21 56 0 0.00 M M 5.9 12 30 M M 0 17 40
10 15 9 12 -18 53 0 0.05 M M 7.5 14 30 M M 0 20 20
11 14 5 10 -20 55 0 0.00 M M 8.3 15 20 M M 0 24 360
12 8 -1 4 -26 61 0 0.00 M M 8.6 14 340 M M 0 25 360
13 7 -4 2 -29 63 0 0.02 M M 6.8 12 350 M M 0 19 10
14 1 -5 -2 -33 67 0 0.03 M M 9.0 16 20 M M 0 25 20
15 0 -8 -4 -35 69 0 0.15 M M 7.8 13 350 M M 0 22 340
16 8 -14 -3 -35 68 0 0.00 M M 2.2 7 230 M M 0 11 240
17 22 -8 7 -25 58 0 0.03 M M 2.9 8 30 M M 0 13 100
18 26 -3 12 -20 53 0 0.00 M M 1.9 9 250 M M 0 18 15 260
19 30 -2 14 -18 51 0 0.00 M M 2.8 14 190 M M 0 17 180
20 39 9 24 -9 41 0 0.00 M M 4.6 13 170 M M 0 19 180
21 39 32 36 3 29 0 0.01 M M 7.8 15 140 M M 0 29 120
22 55 27 41 7 24 0 0.00 M M 5.9 13 230 M M 0 22 240
23 62 28 45 11 20 0 0.00 M M 5.0 14 190 M M 0 22 180
24 51 27 39 5 26 0 0.00 M M 6.7 14 340 M M 0 27 330
25 45 23 34 -1 31 0 0.00 M M 1.2 9 200 M M 0 13 200
26 50 23 37 2 28 0 0.00 M M 5.6 15 150 M M 0 23 150
27 58 29 44 8 21 0 0.00 M M 6.8 18 100 M M 0 26 100
28 52 30 41 5 24 0 0.00 M M 8.7 21 310 M M 0 32 300
================================================================================
SM 828 304 1248 0 1.09 M 161.3 M 0
================================================================================
AV 29.6 10.9 5.8 FASTST M M 0 MAX(MPH)
MISC ----> 22 310 36 320
================================================================================
NOTES:
# LAST OF SEVERAL OCCURRENCES
COLUMN 17 PEAK WIND IN M.P.H.
PRELIMINARY LOCAL CLIMATOLOGICAL DATA (WS FORM: F-6) , PAGE 2
STATION: CHILLICOTHE
MONTH: FEBRUARY
YEAR: 2021
LATITUDE: 39 49 N
LONGITUDE: 93 35 W
[TEMPERATURE DATA] [PRECIPITATION DATA] SYMBOLS USED IN COLUMN 16
AVERAGE MONTHLY: 20.2 TOTAL FOR MONTH: 1.09 1 = FOG OR MIST
DPTR FM NORMAL: -11.3 DPTR FM NORMAL: -0.35 2 = FOG REDUCING VISIBILITY
HIGHEST: 62 ON 23 GRTST 24HR 0.35 ON 4- 4 TO 1/4 MILE OR LESS
LOWEST: -14 ON 16 3 = THUNDER
SNOW, ICE PELLETS, HAIL 4 = ICE PELLETS
TOTAL MONTH: M 5 = HAIL
GRTST 24HR M ON M 6 = FREEZING RAIN OR DRIZZLE
GRTST DEPTH: M ON M 7 = DUSTSTORM OR SANDSTORM:
VSBY 1/2 MILE OR LESS
8 = SMOKE OR HAZE
[NO. OF DAYS WITH] [WEATHER - DAYS WITH] 9 = BLOWING SNOW
X = TORNADO
MAX 32 OR BELOW: 16 0.01 INCH OR MORE: 10
MAX 90 OR ABOVE: 0 0.10 INCH OR MORE: 4
MIN 32 OR BELOW: 28 0.50 INCH OR MORE: 0
MIN 0 OR BELOW: 10 1.00 INCH OR MORE: 0
[HDD (BASE 65) ]
TOTAL THIS MO. 1248 CLEAR (SCALE 0-3) 28
DPTR FM NORMAL 309 PTCLDY (SCALE 4-7) 0
TOTAL FM JUL 1 4266 CLOUDY (SCALE 8-10) 0
DPTR FM NORMAL -61
[CDD (BASE 65) ]
TOTAL THIS MO. 0
DPTR FM NORMAL 0 [PRESSURE DATA]
TOTAL FM JAN 1 0 HIGHEST SLP 30.76 ON 14
DPTR FM NORMAL 0 LOWEST SLP 29.54 ON 4
[REMARKS]
#FINAL-02-21#