000
CXUS55 KCYS 020316
CF6CDR
PRELIMINARY LOCAL CLIMATOLOGICAL DATA (WS FORM: F-6) ...CORRECTED...
STATION: CHADRON NEBRASKA AIRPORT
MONTH: APRIL
YEAR: 2021
LATITUDE: 42 50 N
LONGITUDE: 103 6 W
TEMPERATURE IN F: :PCPN: SNOW: WIND :SUNSHINE: SKY :PK WND
================================================================================
1 2 3 4 5 6A 6B 7 8 9 10 11 12 13 14 15 16 17 18
12Z AVG MX 2MIN
DY MAX MIN AVG DEP HDD CDD WTR SNW DPTH SPD SPD DIR MIN PSBL S-S WX SPD DR
================================================================================
1 72 19 46 6 19 0 0.00 M M 6.1 21 240 M M 0 31 220
2 78 29 54 13 11 0 0.00 M M 7.8 21 300 M M 0 28 300
3 80 27 54 13 11 0 0.00 M M 8.1 22 300 M M 0 35 270
4 83 27 55 14 10 0 0.00 M M 4.1 13 360 M M 0 15 10
5 80 36 58 17 7 0 0.00 M M 12.1 26 20 M M 0 35 40
6 46 32 39 -3 26 0 0.14 M M 15.7 29 40 M M 7 12 37 30
7 53 27 40 -2 25 0 0.02 M M 13.0 24 310 M M 4 1 32 310
8 66 26 46 4 19 0 0.00 M M 8.3 33 290 M M 1 47 290
9 50 24 37 -6 28 0 0.18 M M 15.4 30 300 M M 5 1 41 300
10 68 20 44 1 21 0 0.00 M M 7.1 28 280 M M 0 39 270
11 51 28 40 -3 25 0 0.00 M M 19.3 37 310 M M 3 53 300
12 47 25 36 -8 29 0 0.00 M M 19.5 35 300 M M 2 50 310
13 46 18 32 -12 33 0 0.00 M M 14.8 29 300 M M 2 41 300
14 40 19 30 -14 35 0 0.00 M M 5.4 13 50 M M 8 18 50
15 34 30 32 -12 33 0 0.24 M M 8.2 14 30 M M 10 12 18 70
16 37 32 35 -10 30 0 0.20 M M 6.6 14 300 M M 10 1 19 300
17 51 29 40 -5 25 0 T M M 6.7 16 310 M M 5 1 22 310
18 66 27 47 1 18 0 T M M 13.1 28 10 M M 4 47 280
19 33 21 27 -19 38 0 0.01 M M 11.1 22 50 M M 8 18 29 50
20 41 19 30 -16 35 0 T M M 15.3 32 310 M M 7 8 44 310
21 48 16 32 -15 33 0 0.00 M M 6.5 16 190 M M 2 20 190
22 60 28 44 -3 21 0 0.00 M M 10.6 28 170 M M 4 36 180
23 48 26 37 -10 28 0 T M M 10.9 21 40 M M 5 8 28 40
24 62 31 47 -1 18 0 T M M 12.7 36 170 M M 7 45 180
25 73 45 59 11 6 0 T M M 10.0 31 180 M M 3 40 180
26 73 36 55 7 10 0 0.00 M M 9.1 24 40 M M 1 34 10
27 52 37 45 -4 20 0 0.03 M M 10.5 21 30 M M 8 18 27 20
28 67 32 50 1 15 0 0.00 M M 5.1 16 340 M M 1 1 21 340
29 75 34 55 5 10 0 0.00 M M 8.3 23 320 M M 0 33 290
30 87 35 61 11 4 0 0.00 M M 8.8 22 180 M M 0 8 30 170
================================================================================
SM 1767 835 643 0 0.82 M 310.2 M 107
================================================================================
AV 58.9 27.8 10.3 FASTST M M 4 MAX(MPH)
MISC ----> 37 310 53 300
================================================================================
NOTES:
# LAST OF SEVERAL OCCURRENCES
COLUMN 17 PEAK WIND IN M.P.H.
PRELIMINARY LOCAL CLIMATOLOGICAL DATA (WS FORM: F-6) , PAGE 2
STATION: CHADRON NEBRASKA AIRPORT
MONTH: APRIL
YEAR: 2021
LATITUDE: 42 50 N
LONGITUDE: 103 6 W
[TEMPERATURE DATA] [PRECIPITATION DATA] SYMBOLS USED IN COLUMN 16
AVERAGE MONTHLY: 43.4 TOTAL FOR MONTH: 0.82 1 = FOG OR MIST
DPTR FM NORMAL: -1.4 DPTR FM NORMAL: -1.16 2 = FOG REDUCING VISIBILITY
HIGHEST: 87 ON 30 GRTST 24HR 0.42 ON 15-16 TO 1/4 MILE OR LESS
LOWEST: 16 ON 21 3 = THUNDER
SNOW, ICE PELLETS, HAIL 4 = ICE PELLETS
TOTAL MONTH: M 5 = HAIL
GRTST 24HR M ON M 6 = FREEZING RAIN OR DRIZZLE
GRTST DEPTH: M ON M 7 = DUSTSTORM OR SANDSTORM:
VSBY 1/2 MILE OR LESS
8 = SMOKE OR HAZE
[NO. OF DAYS WITH] [WEATHER - DAYS WITH] 9 = BLOWING SNOW
X = TORNADO
MAX 32 OR BELOW: 0 0.01 INCH OR MORE: 7
MAX 90 OR ABOVE: 0 0.10 INCH OR MORE: 4
MIN 32 OR BELOW: 24 0.50 INCH OR MORE: 0
MIN 0 OR BELOW: 0 1.00 INCH OR MORE: 0
[HDD (BASE 65) ]
TOTAL THIS MO. 643 CLEAR (SCALE 0-3) 16
DPTR FM NORMAL 37 PTCLDY (SCALE 4-7) 10
TOTAL FM JUL 1 6540 CLOUDY (SCALE 8-10) 4
DPTR FM NORMAL -223
[CDD (BASE 65) ]
TOTAL THIS MO. 0
DPTR FM NORMAL -2 [PRESSURE DATA]
TOTAL FM JAN 1 0 HIGHEST SLP 30.46 ON 1
DPTR FM NORMAL -2 LOWEST SLP 29.47 ON 26
[REMARKS]
APRIL 4TH...RECORD HIGH 83 DEGREES (PREVIOUS 78 DEGREES IN 2006)
#FINAL-04-21#