000
CXUS55 KCYS 170127
CF6CDR
PRELIMINARY LOCAL CLIMATOLOGICAL DATA (WS FORM: F-6)
STATION: CHADRON NEBRASKA AIRPORT
MONTH: JUNE
YEAR: 2020
LATITUDE: 42 50 N
LONGITUDE: 103 6 W
TEMPERATURE IN F: :PCPN: SNOW: WIND :SUNSHINE: SKY :PK WND
================================================================================
1 2 3 4 5 6A 6B 7 8 9 10 11 12 13 14 15 16 17 18
12Z AVG MX 2MIN
DY MAX MIN AVG DEP HDD CDD WTR SNW DPTH SPD SPD DIR MIN PSBL S-S WX SPD DR
================================================================================
1 95 56 76 15 0 11 0.00 M M 6.7 14 10 M M 0 20 330
2 85 57 71 9 0 6 0.00 M M 9.9 23 30 M M 2 34 20
3 91 55 73 11 0 8 0.00 M M 10.0 26 30 M M 1 35 20
4 87 52 70 8 0 5 0.01 M M 6.9 24 30 M M 0 3 33 30
5 89 51 70 8 0 5 0.19 M M 12.4 35 50 M M 2 138 48 50
6 94 54 74 11 0 9 0.04 M M 14.4 53 230 M M 1 74 220
7 89 49 69 6 0 4 0.01 M M 8.2 23 300 M M 1 38 34 300
8 81 53 67 4 0 2 0.70 M M 15.6 28 10 M M 5 13 37 10
9 69 41 55 -9 10 0 0.24 M M 11.6 29 330 M M 5 1 43 340
10 77 39 58 -6 7 0 0.00 M M 9.4 25 300 M M 3 48 350
11 85 42 64 0 1 0 0.00 M M 6.0 24 180 M M 0 32 180
12 93 62 78 13 0 13 0.00 M M 16.2 30 170 M M 0 40 170
13 93 67 80 15 0 15 T M M 16.5 32 160 M M 1 3 42 180
14 96 53 75 10 0 10 0.00 M M 9.5 30 240 M M 0 41 240
15 84 46 65 -1 0 0 0.00 M M 8.9 25 150 M M 0 35 140
16 99 63 81 15 0 16 0.00 M M 17.8 39 160 M M 0 3 55 160
17 90 51 71 5 0 6 T M M 7.3 24 320 M M 1 3 38 310
18 77 51 64 -3 1 0 0.06 M M 10.2 26 310 M M 4 3 37 320
19 74 47 61 -6 4 0 0.53 M M 6.7 23 180 M M 7 1 27 170
20 85 48 67 0 0 2 0.00 M M 6.5 18 180 M M 1 24 180
21 86 54 70 2 0 5 0.03 M M 6.9 24 230 M M 2 3 36 230
22 78 51 65 -3 0 0 T M M 7.2 26 40 M M 2 34 40
23 85 50 68 0 0 3 0.00 M M 5.3 14 80 M M 1 23 60
24 93 55 74 5 0 9 0.00 M M 6.7 17 180 M M 1 23 170
25 92 64 78 9 0 13 0.01 M M 10.8 23 190 M M 1 3 32 200
26 87 62 75 6 0 10 T M M 6.0 13 200 M M 3 3 20 140
27 95 57 76 6 0 11 0.00 M M 7.2 25 170 M M 0 33 180
28 97 61 79 9 0 14 0.00 M M 9.1 29 360 M M 0 37 360
29 101 56 79 9 0 14 0.00 M M 6.6 18 240 M M 0 3 26 250
30 82 54 68 -2 0 3 0.00 M M 14.9 29 300 M M 5 44 310
================================================================================
SM 2629 1601 23 194 1.82 M 291.4 M 49
================================================================================
AV 87.6 53.4 9.7 FASTST M M 2 MAX(MPH)
MISC ----> # 53 230 # 74 220
================================================================================
NOTES:
# LAST OF SEVERAL OCCURRENCES
COLUMN 17 PEAK WIND IN M.P.H.
PRELIMINARY LOCAL CLIMATOLOGICAL DATA (WS FORM: F-6) , PAGE 2
STATION: CHADRON NEBRASKA AIRPORT
MONTH: JUNE
YEAR: 2020
LATITUDE: 42 50 N
LONGITUDE: 103 6 W
[TEMPERATURE DATA] [PRECIPITATION DATA] SYMBOLS USED IN COLUMN 16
AVERAGE MONTHLY: 70.5 TOTAL FOR MONTH: 1.82 1 = FOG OR MIST
DPTR FM NORMAL: 4.6 DPTR FM NORMAL: -1.42 2 = FOG REDUCING VISIBILITY
HIGHEST: 101 ON 29 GRTST 24HR 0.70 ON 8- 8 TO 1/4 MILE OR LESS
LOWEST: 39 ON 10 3 = THUNDER
SNOW, ICE PELLETS, HAIL 4 = ICE PELLETS
TOTAL MONTH: M 5 = HAIL
GRTST 24HR M ON M 6 = FREEZING RAIN OR DRIZZLE
GRTST DEPTH: M ON M 7 = DUSTSTORM OR SANDSTORM:
VSBY 1/2 MILE OR LESS
8 = SMOKE OR HAZE
[NO. OF DAYS WITH] [WEATHER - DAYS WITH] 9 = BLOWING SNOW
X = TORNADO
MAX 32 OR BELOW: 0 0.01 INCH OR MORE: 10
MAX 90 OR ABOVE: 13 0.10 INCH OR MORE: 4
MIN 32 OR BELOW: 0 0.50 INCH OR MORE: 2
MIN 0 OR BELOW: 0 1.00 INCH OR MORE: 0
[HDD (BASE 65) ]
TOTAL THIS MO. 23 CLEAR (SCALE 0-3) 24
DPTR FM NORMAL -58 PTCLDY (SCALE 4-7) 6
TOTAL FM JUL 1 6979 CLOUDY (SCALE 8-10) 0
DPTR FM NORMAL -167
[CDD (BASE 65) ]
TOTAL THIS MO. 194
DPTR FM NORMAL 86 [PRESSURE DATA]
TOTAL FM JAN 1 215 HIGHEST SLP 30.23 ON 11
DPTR FM NORMAL 87 LOWEST SLP 29.36 ON 28
[REMARKS]
#FINAL-06-20#