000
CXUS54 KLUB 161337
CF6CDS
PRELIMINARY LOCAL CLIMATOLOGICAL DATA (WS FORM: F-6)
STATION: CHILDRESS
MONTH: APRIL
YEAR: 2023
LATITUDE: 34 25 N
LONGITUDE: 100 17 W
TEMPERATURE IN F: :PCPN: SNOW: WIND :SUNSHINE: SKY :PK WND
================================================================================
1 2 3 4 5 6A 6B 7 8 9 10 11 12 13 14 15 16 17 18
12Z AVG MX 2MIN
DY MAX MIN AVG DEP HDD CDD WTR SNW DPTH SPD SPD DIR MIN PSBL S-S WX SPD DR
================================================================================
1 71 38 55 -4 10 0 0.00 0.0 0 10.2 17 160 M M 0 25 160
2 89 46 68 9 0 3 0.00 0.0 0 11.4 20 250 M M 0 29 140
3 94 48 71 12 0 6 0.00 0.0 0 15.3 28 210 M M 0 40 220
4 88 49 69 9 0 4 0.00 0.0 0 22.1 43 240 M M 4 8 56 250
5 62 37 50 -10 15 0 0.00 0.0 0 12.1 26 10 M M 0 33 10
6 64 35 50 -10 15 0 0.00 0.0 0 7.5 15 110 M M 0 23 50
7 70 32 51 -9 14 0 0.00 0.0 0 6.7 14 110 M M 0 20 110
8 75 38 57 -3 8 0 0.00 0.0 0 5.7 15 200 M M 0 24 170
9 78 47 63 2 2 0 0.49 0.0 0 8.7 28 100 M M 1 13 42 90
10 78 47 63 2 2 0 0.00 0.0 0 6.3 15 150 M M 2 12 21 140
11 81 51 66 5 0 1 0.00 0.0 0 11.9 21 140 M M 0 31 140
12 82 52 67 6 0 2 0.00 0.0 0 12.8 22 160 M M 0 32 150
13 85 52 69 7 0 4 0.00 0.0 0 13.8 23 180 M M 0 39 180
14 91 55 73 11 0 8 0.00 0.0 0 11.5 25 240 M M 0 36 230
15 71 48 60 -2 5 0 0.00 0.0 0 17.4 30 350 M M 1 8 39 340
16 72 36 54 -8 11 0 0.00 0.0 0 7.2 14 300 M M 0 19 300
17 84 45 65 2 0 0 0.00 0.0 0 15.5 28 210 M M 0 38 210
18 90 51 71 8 0 6 0.00 0.0 0 13.8 28 160 M M 0 41 160
19 96 64 80 17 0 15 0.00 0.0 0 19.6 37 210 M M 0 50 200
20 75 51 63 0 2 0 0.00 0.0 0 14.0 32 360 M M 2 8 43 350
21 73 43 58 -6 7 0 0.00 0.0 0 7.9 16 130 M M 0 24 130
22 55 45 50 -14 15 0 0.00 0.0 0 14.3 28 60 M M 6 42 60
23 55 42 49 -15 16 0 T 0.0 0 6.9 15 140 M M 9 21 150
24 60 39 50 -14 15 0 0.00 0.0 0 8.6 17 170 M M 8 25 170
25 76 53 65 0 0 0 0.02 0.0 0 11.1 25 140 M M 6 36 150
26 55 47 51 -14 14 0 0.59 0.0 0 7.8 28 340 M M 9 13 39 340
27 70 48 59 -6 6 0 0.00 0.0 0 9.7 18 350 M M 5 25 330
28 59 44 52 -13 13 0 0.12 0.0 0 14.4 33 360 M M 5 1 41 360
29 78 40 59 -7 6 0 0.00 0.0 0 9.6 20 330 M M 0 29 330
30 79 47 63 -3 2 0 0.00 0.0 0 9.9 22 60 M M 0 31 60
================================================================================
SM 2256 1370 178 49 1.22 0.0 343.7 M 58
================================================================================
AV 75.2 45.7 11.5 FASTST M M 2 MAX(MPH)
MISC ----> 43 240 56 250
================================================================================
NOTES:
# LAST OF SEVERAL OCCURRENCES
COLUMN 17 PEAK WIND IN M.P.H.
PRELIMINARY LOCAL CLIMATOLOGICAL DATA (WS FORM: F-6) , PAGE 2
STATION: CHILDRESS
MONTH: APRIL
YEAR: 2023
LATITUDE: 34 25 N
LONGITUDE: 100 17 W
[TEMPERATURE DATA] [PRECIPITATION DATA] SYMBOLS USED IN COLUMN 16
AVERAGE MONTHLY: 60.4 TOTAL FOR MONTH: 1.22 1 = FOG OR MIST
DPTR FM NORMAL: -1.9 DPTR FM NORMAL: -1.08 2 = FOG REDUCING VISIBILITY
HIGHEST: 96 ON 19 GRTST 24HR 0.59 ON 26-26 TO 1/4 MILE OR LESS
LOWEST: 32 ON 7 3 = THUNDER
SNOW, ICE PELLETS, HAIL 4 = ICE PELLETS
TOTAL MONTH: 0.0 INCH 5 = HAIL
GRTST 24HR 0.0 6 = FREEZING RAIN OR DRIZZLE
GRTST DEPTH: 0 7 = DUSTSTORM OR SANDSTORM:
VSBY 1/2 MILE OR LESS
8 = SMOKE OR HAZE
[NO. OF DAYS WITH] [WEATHER - DAYS WITH] 9 = BLOWING SNOW
X = TORNADO
MAX 32 OR BELOW: 0 0.01 INCH OR MORE: 4
MAX 90 OR ABOVE: 4 0.10 INCH OR MORE: 3
MIN 32 OR BELOW: 1 0.50 INCH OR MORE: 1
MIN 0 OR BELOW: 0 1.00 INCH OR MORE: 0
[HDD (BASE 65) ]
TOTAL THIS MO. 178 CLEAR (SCALE 0-3) 22
DPTR FM NORMAL 26 PTCLDY (SCALE 4-7) 5
TOTAL FM JUL 1 2937 CLOUDY (SCALE 8-10) 3
DPTR FM NORMAL -102
[CDD (BASE 65) ]
TOTAL THIS MO. 49
DPTR FM NORMAL -22 [PRESSURE DATA]
TOTAL FM JAN 1 58 HIGHEST SLP 30.40 ON 6
DPTR FM NORMAL -34 LOWEST SLP 29.37 ON 4
[REMARKS]
#FINAL-04-23#