000
CXUS53 KPAH 010639
CLMCGI
CLIMATE REPORT
NATIONAL WEATHER SERVICE PADUCAH KY
1239 AM CST FRI DEC 01 2023
...................................
...THE CAPE GIRARDEAU MO CLIMATE SUMMARY FOR THE MONTH OF NOVEMBER 2023...
CLIMATE NORMAL PERIOD 1991 TO 2020
CLIMATE RECORD PERIOD 1960 TO 2023
WEATHER OBSERVED NORMAL DEPART LAST YEAR`S
VALUE DATE(S) VALUE FROM VALUE
NORMAL
..............................................................
TEMPERATURE (F)
RECORD
HIGH 84 11/01/2016
LOW 8 11/29/1976
HIGHEST 79 11/07 81
LOWEST 22 11/27 13
AVG. MAXIMUM 60.9 56.8 4.1 57.4
AVG. MINIMUM 35.7 36.7 -1.0 33.9
MEAN 48.3 46.7 1.6 45.7
DAYS MAX >= 90 0 0.0 0.0 0
DAYS MAX <= 32 0 0.2 -0.2 0
DAYS MIN <= 32 16 12.2 3.8 14
DAYS MIN <= 0 0 0.0 0.0 0
PRECIPITATION (INCHES)
RECORD
MAXIMUM 9.75 2011
MINIMUM 0.34 1976
TOTALS 0.65 4.25 -3.60 2.71
DAILY AVG. 0.02 0.14 -0.12 0.09
DAYS >= .01 4 9.6 -5.6 8
DAYS >= .10 3 6.3 -3.3 6
DAYS >= .50 0 2.8 -2.8 1
DAYS >= 1.00 0 1.2 -1.2 1
GREATEST
24 HR. TOTAL 0.28 11/20 TO 11/20
DEGREE DAYS
HEATING TOTAL 498 550 -52 577
SINCE 7/1 702 825 -123 MM
COOLING TOTAL 5 3 2 6
SINCE 1/1 1558 1566 -8 MM
..............................................................
WIND (MPH)
AVERAGE WIND SPEED 6.0
HIGHEST WIND SPEED/DIRECTION 29/130 DATE 11/20
HIGHEST GUST SPEED/DIRECTION 44/210 DATE 11/08
SKY COVER
POSSIBLE SUNSHINE (PERCENT) MM
AVERAGE SKY COVER 0.21
NUMBER OF DAYS FAIR 21
NUMBER OF DAYS PC 8
NUMBER OF DAYS CLOUDY 1
AVERAGE RH (PERCENT) 67
WEATHER CONDITIONS. NUMBER OF DAYS WITH
THUNDERSTORM 0 MIXED PRECIP 0
HEAVY RAIN 0 RAIN 2
LIGHT RAIN 6 FREEZING RAIN 0
LT FREEZING RAIN 0 HAIL 0
HEAVY SNOW 0 SNOW 0
LIGHT SNOW 0 SLEET 0
FOG 7 FOG W/VIS <= 1/4 MILE 1
HAZE 6
- INDICATES NEGATIVE NUMBERS.
R INDICATES RECORD WAS SET OR TIED.
MM INDICATES DATA IS MISSING.
T INDICATES TRACE AMOUNT.
[REMARKS:] 2ND DRIEST NOVEMBER AT CAPE GIRARDEAU
$$