000
CXUS53 KPAH 010733
CLSCGI
CLIMATE REPORT
NATIONAL WEATHER SERVICE PADUCAH KY
233 AM CDT THU JUN 01 2023
...................................
...THE CAPE GIRARDEAU MO CLIMATE SUMMARY FOR THE SEASON, FROM
3/1/2023 TO 5/31/2023...
CLIMATE NORMAL PERIOD 1991 TO 2020
CLIMATE RECORD PERIOD 1960 TO 2023
WEATHER OBSERVED NORMAL DEPART LAST YEAR`S
VALUE DATE(S) VALUE FROM VALUE
NORMAL
..............................................................
TEMPERATURE (F)
RECORD
HIGH 97 05/24/1996
LOW -8 03/06/2015
HIGHEST 89 05/31 MM MM
LOWEST 22 03/15 MM MM
AVG. MAXIMUM 69.5 68.4 1.1
AVG. MINIMUM 47.0 47.2 -0.2
MEAN 58.3 57.8 0.5
DAYS MAX >= 90 0 1.5 -1.5
DAYS MAX <= 32 0 0.4 -0.4
DAYS MIN <= 32 7 13.3 -6.3
DAYS MIN <= 0 0 0.0 0.0
PRECIPITATION (INCHES)
RECORD
MAXIMUM 34.79 1973
MINIMUM 5.24 2012
TOTALS 13.91 15.14 -1.23
DAILY AVG. 0.15 0.16 -0.01
DAYS >= .01 23 35.0 -12.0
DAYS >= .10 18 22.8 -4.8
DAYS >= .50 11 9.8 1.2
DAYS >= 1.00 4 4.4 -0.4
GREATEST
24 HR. TOTAL 3.28 03/02 TO 03/03
STORM TOTAL 2.47
(MM/DD(HH))
DEGREE DAYS
HEATING TOTAL 786 842 -56
SINCE 7/1 3744 4177 -433
COOLING TOTAL 187 180 7
SINCE 1/1 187 180 7
FREEZE DATES
RECORD
EARLIEST MM
LATEST MM
EARLIEST 10/09
LATEST 04/19
..............................................................
WIND (MPH)
AVERAGE WIND SPEED 8.5
HIGHEST WIND SPEED/DIRECTION 55/260 DATE 05/08
HIGHEST GUST SPEED/DIRECTION 72/260 DATE 05/08
SKY COVER
POSSIBLE SUNSHINE (PERCENT) MM
AVERAGE SKY COVER 0.35
NUMBER OF DAYS FAIR 50
NUMBER OF DAYS PC 25
NUMBER OF DAYS CLOUDY 17
AVERAGE RH (PERCENT) 67
WEATHER CONDITIONS. NUMBER OF DAYS WITH
THUNDERSTORM 13 MIXED PRECIP 0
HEAVY RAIN 16 RAIN 17
LIGHT RAIN 29 FREEZING RAIN 0
LT FREEZING RAIN 0 HAIL 0
HEAVY SNOW 0 SNOW 0
LIGHT SNOW 0 SLEET 0
FOG 41 FOG W/VIS <= 1/4 MILE 1
HAZE 21
- INDICATES NEGATIVE NUMBERS.
R INDICATES RECORD WAS SET OR TIED.
MM INDICATES DATA IS MISSING.
T INDICATES TRACE AMOUNT.
$$