000
CXUS52 KCHS 011321
CLMCHS
CLIMATE REPORT
NATIONAL WEATHER SERVICE CHARLESTON SC
819 AM EST FRI MAR 01 2024
...................................
...THE NORTH CHARLESTON SC CLIMATE SUMMARY FOR THE MONTH OF FEBRUARY 2024...
CLIMATE NORMAL PERIOD 1991 TO 2020
CLIMATE RECORD PERIOD 1937 TO 2024
WEATHER OBSERVED NORMAL DEPART LAST YEAR`S
VALUE DATE(S) VALUE FROM VALUE DATE(S)
NORMAL
................................................................
TEMPERATURE (F)
RECORD
HIGH 87 02/16/1989
LOW 12 02/12/1973
HIGHEST 78 02/28 86 02/24
02/28
LOWEST 32 02/20 33 02/04
AVG. MAXIMUM 66.6 63.8 2.8 72.9
AVG. MINIMUM 43.8 41.6 2.2 50.1
MEAN 55.2 52.7 2.5 61.5
DAYS MAX >= 90 0 0.0 0.0 0
DAYS MAX <= 32 0 0.0 0.0 0
DAYS MIN <= 32 1 4.4 -3.4 0
DAYS MIN <= 0 0 0.0 0.0 0
PRECIPITATION (INCHES)
RECORD
MAXIMUM 10.47 2013
MINIMUM 0.33 1947
TOTALS 3.46 3.05 0.41 4.10
DAYS >= .01 5 8.5 -3.5 10
DAYS >= .10 4 5.1 -1.1 7
DAYS >= .50 2 2.1 -0.1 2
DAYS >= 1.00 1 0.8 0.2 1
GREATEST
24 HR. TOTAL 2.21 02/11 TO 02/12
SNOWFALL (INCHES)
TOTALS 0.0 0.1 -0.1
SINCE 7/1 0.0 0.3 -0.3
DEGREE DAYS
HEATING TOTAL 280 352 -72 157
SINCE 7/1 1261 1553 -292 MM
COOLING TOTAL 3 7 -4 67
SINCE 1/1 27 11 16 MM
................................................................
WIND (MPH)
AVERAGE WIND SPEED 8.3
HIGHEST WIND SPEED/DIRECTION 32/250
HIGHEST GUST SPEED/DIRECTION 47/260
WEATHER CONDITIONS. NUMBER OF DAYS WITH
THUNDERSTORM 1 MIXED PRECIP 0
HEAVY RAIN 4 RAIN 4
LIGHT RAIN 4 FREEZING RAIN 0
LT FREEZING RAIN 0 HAIL 0
HEAVY SNOW 0 SNOW 0
LIGHT SNOW 0 SLEET 0
FOG 6 FOG W/VIS <= 1/4 MILE 0
HAZE 0
- INDICATES NEGATIVE NUMBERS.
R INDICATES RECORD WAS SET OR TIED.
MM INDICATES DATA IS MISSING.
T INDICATES TRACE AMOUNT.
&&
RECORDS ESTABLISHED AT THE CHARLESTON INTERNATIONAL AIRPORT DURING
THE MONTH:
*FEB 12 - RECORD HIGH MINIMUM TEMPERATURE OF 61 DEGREES
$$