000
CXUS53 KDVN 011548
CLSCID
CLIMATE REPORT
NATIONAL WEATHER SERVICE QUAD CITIES IA IL
1000 AM CST THU DEC 01 2022
...................................
...THE CEDAR RAPIDS IA CLIMATE SUMMARY FOR THE SEASON, FROM
9/1/2022 TO 11/30/2022...
CLIMATE NORMAL PERIOD 1991 TO 2020
CLIMATE RECORD PERIOD 1891 TO 2022
WEATHER OBSERVED NORMAL DEPART LAST YEAR`S
VALUE DATE(S) VALUE FROM VALUE
NORMAL
..............................................................
TEMPERATURE (F)
RECORD
HIGH 105 09/04/1925
LOW -12 11/29/1891
HIGHEST 96 09/20 79 17
LOWEST 6 11/19 20 -14
AVG. MAXIMUM 63.5 60.8 2.7
AVG. MINIMUM 38.9 39.8 -0.9
MEAN 51.2 50.3 0.9
DAYS MAX >= 90 1
DAYS MAX <= 32 8
DAYS MIN <= 32 36
DAYS MIN <= 0 0
PRECIPITATION (INCHES)
TOTALS 6.97 8.31 -1.34
DAILY AVG. 0.08 0.09 -0.01
DAYS >= .01 16
DAYS >= .10 8
DAYS >= .50 6
DAYS >= 1.00 2
GREATEST
24 HR. TOTAL 2.20 11/04 TO 11/05
DEGREE DAYS
HEATING TOTAL 1358 1423 -65
SINCE 7/1 1358 1441 -83
COOLING TOTAL 122 87 35
SINCE 1/1 910 756 154
..............................................................
WIND (MPH)
AVERAGE WIND SPEED 9.9
HIGHEST WIND SPEED/DIRECTION 37/310 DATE 10/12
HIGHEST GUST SPEED/DIRECTION 54/310 DATE 10/12
SKY COVER
POSSIBLE SUNSHINE (PERCENT) MM
AVERAGE SKY COVER 0.28
NUMBER OF DAYS FAIR 58
NUMBER OF DAYS PC 23
NUMBER OF DAYS CLOUDY 10
AVERAGE RH (PERCENT) 68
WEATHER CONDITIONS. NUMBER OF DAYS WITH
THUNDERSTORM 6 HAIL 0
SLEET 0 FOG 42
FOG W/VIS <= 1/4 MILE 6 HAZE 23
- INDICATES NEGATIVE NUMBERS.
R INDICATES RECORD WAS SET OR TIED.
MM INDICATES DATA IS MISSING.
T INDICATES TRACE AMOUNT.
$$
NOTE: SUPPLEMENTAL CLIMATE DATA WAS USED FROM A NEARBY
CLIMATOLOGICALLY REPRESENTATIVE STATION.