000
CXUS55 KOHX 011344
CF6CKV
PRELIMINARY LOCAL CLIMATOLOGICAL DATA (WS FORM: F-6)
STATION: CLARKSVILLE
MONTH: DECEMBER
YEAR: 2023
LATITUDE: 36 37 N
LONGITUDE: 87 25 W
TEMPERATURE IN F: :PCPN: SNOW: WIND :SUNSHINE: SKY :PK WND
================================================================================
1 2 3 4 5 6A 6B 7 8 9 10 11 12 13 14 15 16 17 18
12Z AVG MX 2MIN
DY MAX MIN AVG DEP HDD CDD WTR SNW DPTH SPD SPD DIR MIN PSBL S-S WX SPD DR
================================================================================
1 M M M M M M 0.27 M M 8.2 21 200 M M 10 18 28 190
2 M M M M M M 0.00 M M 4.7 10 310 M M 9 128 13 340
3 M M M M M M 0.00 M M 5.7 16 270 M M 5 128 22 260
4 M M M M M M 0.01 M M 8.1 21 310 M M 5 18 27 320
5 M M M M M M T M M 10.4 29 300 M M 7 128 42 310
6 M M M M M M M M M 5.5 16 350 M M 5 22 330
7 61 M M M M M 0.00 M M 8.0 17 190 M M 0 23 190
8 65 44 55 13 10 0 0.01 M M 11.1 21 200 M M 6 28 180
9 67 44 56 15 9 0 0.01 M M 9.6 20 190 M M 7 138 27 190
10 45 26 36 -5 29 0 0.00 M M 7.1 16 330 M M 4 22 310
11 47 22 35 -6 30 0 0.00 M M 1.8 7 180 M M 0 18 11 250
12 57 27 42 1 23 0 0.00 M M 2.3 10 220 M M 0 14 230
13 57 28 43 3 22 0 0.00 M M 3.4 10 50 M M 0 8 14 80
14 61 32 47 7 18 0 0.00 M M 6.6 14 120 M M 0 17 80
15 61 30 46 6 19 0 0.00 M M 4.6 14 150 M M 0 19 140
16 57 40 49 9 16 0 0.23 M M 7.5 15 150 M M 5 1 21 150
17 52 39 46 6 19 0 0.06 M M 8.0 16 330 M M 10 1 19 350
18 44 26 35 -4 30 0 0.00 M M 11.9 30 300 M M 3 39 300
19 41 20 31 -8 34 0 0.00 M M 3.7 9 140 M M 0 13 330
20 52 23 38 -1 27 0 0.00 M M 4.7 14 190 M M 0 18 210
21 54 32 43 4 22 0 0.00 M M 2.8 9 210 M M 0 12 210
22 62 29 46 7 19 0 0.00 M M 5.2 12 220 M M 1 8 20 190
23 59 47 53 15 12 0 0.07 M M 5.8 14 180 M M 7 1 19 210
24 67 46 57 19 8 0 0.02 M M 8.2 16 130 M M 4 1 22 140
25 65 52 59 21 6 0 0.49 M M 10.3 23 140 M M 9 18 33 140
26 52 35 44 6 21 0 0.00 M M 5.6 13 280 M M 5 1 16 290
27 56 28 42 4 23 0 T M M 5.8 18 280 M M 5 1 26 290
28 41 29 35 -3 30 0 T M M 5.9 14 280 M M 6 1 18 270
29 40 36 38 0 27 0 0.02 M M 6.7 15 260 M M 10 1 20 260
30 42 35 39 1 26 0 0.00 M M 8.6 16 200 M M 7 22 200
31 54 33 44 7 21 0 0.00 M M 10.0 20 320 M M 2 24 320
================================================================================
SM 1359 803 501 0 1.19 M 207.8 M 132
================================================================================
AV 54.4 33.5 6.7 FASTST M M 4 MAX(MPH)
MISC ----> 30 300 42 310
================================================================================
NOTES:
# LAST OF SEVERAL OCCURRENCES
COLUMN 17 PEAK WIND IN M.P.H.
PRELIMINARY LOCAL CLIMATOLOGICAL DATA (WS FORM: F-6) , PAGE 2
STATION: CLARKSVILLE
MONTH: DECEMBER
YEAR: 2023
LATITUDE: 36 37 N
LONGITUDE: 87 25 W
[TEMPERATURE DATA] [PRECIPITATION DATA] SYMBOLS USED IN COLUMN 16
AVERAGE MONTHLY: 43.9 TOTAL FOR MONTH: 1.19 1 = FOG OR MIST
DPTR FM NORMAL: 4.0 DPTR FM NORMAL: -3.17 2 = FOG REDUCING VISIBILITY
HIGHEST: 67 ON 24, 9 GRTST 24HR 0.49 ON 25-25 TO 1/4 MILE OR LESS
LOWEST: 20 ON 19 3 = THUNDER
SNOW, ICE PELLETS, HAIL 4 = ICE PELLETS
TOTAL MONTH: M 5 = HAIL
GRTST 24HR M ON M 6 = FREEZING RAIN OR DRIZZLE
GRTST DEPTH: M ON M 7 = DUSTSTORM OR SANDSTORM:
VSBY 1/2 MILE OR LESS
8 = SMOKE OR HAZE
[NO. OF DAYS WITH] [WEATHER - DAYS WITH] 9 = BLOWING SNOW
X = TORNADO
MAX 32 OR BELOW: 0 0.01 INCH OR MORE: 10
MAX 90 OR ABOVE: 0 0.10 INCH OR MORE: 3
MIN 32 OR BELOW: 13 0.50 INCH OR MORE: 0
MIN 0 OR BELOW: 0 1.00 INCH OR MORE: 0
[HDD (BASE 65) ]
TOTAL THIS MO. 501 CLEAR (SCALE 0-3) 12
DPTR FM NORMAL -276 PTCLDY (SCALE 4-7) 14
TOTAL FM JUL 1 878 CLOUDY (SCALE 8-10) 5
DPTR FM NORMAL -654
[CDD (BASE 65) ]
TOTAL THIS MO. 0
DPTR FM NORMAL 0 [PRESSURE DATA]
TOTAL FM JAN 1 1734 HIGHEST SLP 30.72 ON 14
DPTR FM NORMAL 225 LOWEST SLP 29.77 ON 25
[REMARKS]
#FINAL-12-23#