000
CXUS54 KOHX 021214
CF6CKV
PRELIMINARY LOCAL CLIMATOLOGICAL DATA (WS FORM: F-6)
STATION: CLARKSVILLE
MONTH: FEBRUARY
YEAR: 2020
LATITUDE: 36 37 N
LONGITUDE: 87 25 W
TEMPERATURE IN F: :PCPN: SNOW: WIND :SUNSHINE: SKY :PK WND
================================================================================
1 2 3 4 5 6A 6B 7 8 9 10 11 12 13 14 15 16 17 18
12Z AVG MX 2MIN
DY MAX MIN AVG DEP HDD CDD WTR SNW DPTH SPD SPD DIR MIN PSBL S-S WX SPD DR
================================================================================
1 51 38 45 9 20 0 0.00 M M 6.4 17 280 M M 8 12 25 250
2 69 36 53 17 12 0 0.00 M M 9.2 18 250 M M 0 29 240
3 74 49 62 25 3 0 T M M 12.8 24 220 M M 2 36 220
4 63 45 54 17 11 0 0.72 M M 10.5 22 210 M M 10 1 33 230
5 45 40 43 6 22 0 0.18 M M 9.3 15 320 M M 10 13 19 90
6 39 31 35 -2 30 0 0.04 M M 9.7 20 300 M M 10 1 26 290
7 37 29 33 -4 32 0 T M M 8.0 17 310 M M 8 1 23 310
8 49 28 39 1 26 0 0.00 M M 7.2 22 290 M M 3 34 280
9 68 26 47 9 18 0 T M M 13.3 28 200 M M 5 37 190
10 57 41 49 11 16 0 1.15 M M 10.6 25 190 M M 10 1 34 180
11 43 37 40 2 25 0 0.55 M M 7.8 17 10 M M 7 18 22 350
12 47 38 43 4 22 0 0.80 M M 6.0 26 330 M M 8 1 40 300
13 43 20 32 -7 33 0 0.01 M M 13.7 22 320 M M 9 1 28 330
14 30 16 23 -16 42 0 0.00 M M 5.9 16 350 M M 4 20 350
15 52 14 33 -6 32 0 0.00 M M 5.8 16 190 M M 2 24 190
16 59 37 48 8 17 0 T M M 4.2 13 190 M M 6 17 220
17 68 35 52 12 13 0 0.00 M M 9.0 23 210 M M 3 1 32 210
18 56 37 47 7 18 0 0.45 M M 9.0 25 350 M M 9 18 32 350
19 51 31 41 0 24 0 0.00 M M 10.2 16 40 M M 0 1 23 30
20 44 25 35 -6 30 0 0.00 M M 12.9 23 360 M M 6 30 20
21 41 19 30 -11 35 0 0.00 M M 4.5 14 40 M M 0 18 70
22 53 16 35 -7 30 0 0.00 M M 4.0 13 200 M M 0 1 18 200
23 55 32 44 2 21 0 0.01 M M 6.7 15 220 M M 8 22 220
24 54 43 49 7 16 0 0.83 M M 7.8 17 150 M M 10 1 24 150
25 54 43 49 6 16 0 0.01 M M 9.2 17 240 M M 10 18 25 240
26 43 31 37 -6 28 0 0.02 M M 12.3 24 320 M M 10 1 31 310
27 45 28 37 -6 28 0 T M M 8.0 17 270 M M 5 23 270
28 50 37 44 0 21 0 0.01 M M 9.4 22 280 M M 8 1 29 290
29 48 26 37 -7 28 0 0.00 M M 5.5 13 350 M M 1 18 350
================================================================================
SM 1488 928 669 0 4.78 M 248.9 M 172
================================================================================
AV 51.3 32.0 8.6 FASTST M M 6 MAX(MPH)
MISC ----> # 28 200 # 40 300
================================================================================
NOTES:
# LAST OF SEVERAL OCCURRENCES
COLUMN 17 PEAK WIND IN M.P.H.
PRELIMINARY LOCAL CLIMATOLOGICAL DATA (WS FORM: F-6) , PAGE 2
STATION: CLARKSVILLE
MONTH: FEBRUARY
YEAR: 2020
LATITUDE: 36 37 N
LONGITUDE: 87 25 W
[TEMPERATURE DATA] [PRECIPITATION DATA] SYMBOLS USED IN COLUMN 16
AVERAGE MONTHLY: 41.7 TOTAL FOR MONTH: 4.78 1 = FOG OR MIST
DPTR FM NORMAL: 2.1 DPTR FM NORMAL: 0.61 2 = FOG REDUCING VISIBILITY
HIGHEST: 74 ON 3 GRTST 24HR 1.15 ON 10-10 TO 1/4 MILE OR LESS
LOWEST: 14 ON 15 3 = THUNDER
SNOW, ICE PELLETS, HAIL 4 = ICE PELLETS
TOTAL MONTH: M 5 = HAIL
GRTST 24HR M ON M 6 = FREEZING RAIN OR DRIZZLE
GRTST DEPTH: M ON M 7 = DUSTSTORM OR SANDSTORM:
VSBY 1/2 MILE OR LESS
8 = SMOKE OR HAZE
[NO. OF DAYS WITH] [WEATHER - DAYS WITH] 9 = BLOWING SNOW
X = TORNADO
MAX 32 OR BELOW: 1 0.01 INCH OR MORE: 13
MAX 90 OR ABOVE: 0 0.10 INCH OR MORE: 7
MIN 32 OR BELOW: 15 0.50 INCH OR MORE: 5
MIN 0 OR BELOW: 0 1.00 INCH OR MORE: 1
[HDD (BASE 65) ]
TOTAL THIS MO. 669 CLEAR (SCALE 0-3) 7
DPTR FM NORMAL -44 PTCLDY (SCALE 4-7) 11
TOTAL FM JUL 1 2850 CLOUDY (SCALE 8-10) 11
DPTR FM NORMAL -356
[CDD (BASE 65) ]
TOTAL THIS MO. 0
DPTR FM NORMAL -1 [PRESSURE DATA]
TOTAL FM JAN 1 0 HIGHEST SLP 30.71 ON 21
DPTR FM NORMAL -2 LOWEST SLP 29.50 ON 6
[REMARKS]
#FINAL-02-20#