000
CXUS54 KHGX 011410
CF6CLL
PRELIMINARY LOCAL CLIMATOLOGICAL DATA (WS FORM: F-6)
STATION: COLLEGE STATION
MONTH: AUGUST
YEAR: 2022
LATITUDE: 30 34 N
LONGITUDE: 96 22 W
TEMPERATURE IN F: :PCPN: SNOW: WIND :SUNSHINE: SKY :PK WND
================================================================================
1 2 3 4 5 6A 6B 7 8 9 10 11 12 13 14 15 16 17 18
12Z AVG MX 2MIN
DY MAX MIN AVG DEP HDD CDD WTR SNW DPTH SPD SPD DIR MIN PSBL S-S WX SPD DR
================================================================================
1 102 77 90 4 0 25 0.00 0.0 0 10.0 20 170 M M 1 26 170
2 104 78 91 5 0 26 0.00 0.0 0 11.5 21 170 M M 2 27 180
3 105 78 92 6 0 27 0.00 0.0 0 12.3 22 140 M M 2 38 200
4 104 78 91 5 0 26 0.00 0.0 0 9.9 17 180 M M 1 26 200
5 102 80 91 5 0 26 T 0.0 0 8.4 26 130 M M 3 3 36 120
6 98 76 87 1 0 22 0.00 0.0 0 7.2 20 140 M M 3 26 150
7 103 77 90 4 0 25 0.00 0.0 0 8.4 28 170 M M 1 36 160
8 103 77 90 4 0 25 0.07 0.0 0 7.3 21 170 M M 2 3 26 160
9 103 78 91 5 0 26 0.42 0.0 0 6.1 25 120 M M 3 3 35 120
10 104 78 91 5 0 26 T 0.0 0 5.8 37 350 M M 2 3 49 340
11 103 77 90 4 0 25 0.00 0.0 0 5.9 15 90 M M 3 24 30
12 101 77 89 3 0 24 0.35 0.0 0 6.0 21 40 M M 3 13 27 80
13 101 78 90 4 0 25 0.03 0.0 0 8.0 17 80 M M 2 27 50
14 96 78 87 1 0 22 0.05 0.0 0 9.1 23 150 M M 3 31 150
15 100 76 88 2 0 23 0.00 0.0 0 7.0 17 150 M M 1 23 140
16 102 77 90 4 0 25 0.00 0.0 0 7.0 17 160 M M 2 24 160
17 104 78 91 5 0 26 0.00 0.0 0 6.7 16 200 M M 1 20 180
18 98 76 87 1 0 22 0.26 0.0 0 6.2 33 220 M M 3 3 52 210
19 90 75 83 -3 0 18 0.11 0.0 0 5.2 22 130 M M 5 13 29 130
20 97 76 87 1 0 22 0.54 0.0 0 8.1 21 230 M M 2 38 37 160
21 96 77 87 1 0 22 0.08 0.0 0 11.2 26 170 M M 4 39 180
22 96 75 86 1 0 21 0.51 0.0 0 8.7 25 360 M M 7 13 31 350
23 91 75 83 -2 0 18 T 0.0 0 5.2 14 280 M M 8 1 18 280
24 94 76 85 0 0 20 0.09 0.0 0 7.2 18 360 M M 3 3 23 40
25 95 74 85 0 0 20 0.00 0.0 0 6.9 15 360 M M 2 21 10
26 97 76 87 2 0 22 0.00 0.0 0 5.8 15 330 M M 2 19 320
27 95 77 86 1 0 21 0.00 0.0 0 7.9 22 130 M M 2 28 120
28 98 78 88 3 0 23 0.00 0.0 0 9.1 21 120 M M 2 28 110
29 90 77 84 0 0 19 0.30 0.0 0 7.2 16 180 M M 6 13 23 180
30 89 75 82 -2 0 17 1.72 0.0 0 5.6 22 210 M M 7 13 31 190
31 91 76 84 0 0 19 0.01 0.0 0 3.5 13 60 M M 2 3 17 50
================================================================================
SM 3052 2381 0 708 4.54 0.0 234.4 M 90
================================================================================
AV 98.5 76.8 7.6 FASTST M M 3 MAX(MPH)
MISC ----> 37 350 52 210
================================================================================
NOTES:
# LAST OF SEVERAL OCCURRENCES
COLUMN 17 PEAK WIND IN M.P.H.
PRELIMINARY LOCAL CLIMATOLOGICAL DATA (WS FORM: F-6) , PAGE 2
STATION: COLLEGE STATION
MONTH: AUGUST
YEAR: 2022
LATITUDE: 30 34 N
LONGITUDE: 96 22 W
[TEMPERATURE DATA] [PRECIPITATION DATA] SYMBOLS USED IN COLUMN 16
AVERAGE MONTHLY: 87.6 TOTAL FOR MONTH: 4.54 1 = FOG OR MIST
DPTR FM NORMAL: 1.9 DPTR FM NORMAL: 1.44 2 = FOG REDUCING VISIBILITY
HIGHEST: 105 ON 3 GRTST 24HR 1.72 ON 30-30 TO 1/4 MILE OR LESS
LOWEST: 74 ON 25 3 = THUNDER
SNOW, ICE PELLETS, HAIL 4 = ICE PELLETS
TOTAL MONTH: 0.0 INCH 5 = HAIL
GRTST 24HR 0.0 6 = FREEZING RAIN OR DRIZZLE
GRTST DEPTH: 0 7 = DUSTSTORM OR SANDSTORM:
VSBY 1/2 MILE OR LESS
8 = SMOKE OR HAZE
[NO. OF DAYS WITH] [WEATHER - DAYS WITH] 9 = BLOWING SNOW
X = TORNADO
MAX 32 OR BELOW: 0 0.01 INCH OR MORE: 14
MAX 90 OR ABOVE: 30 0.10 INCH OR MORE: 8
MIN 32 OR BELOW: 0 0.50 INCH OR MORE: 3
MIN 0 OR BELOW: 0 1.00 INCH OR MORE: 1
[HDD (BASE 65) ]
TOTAL THIS MO. 0 CLEAR (SCALE 0-3) 23
DPTR FM NORMAL 0 PTCLDY (SCALE 4-7) 8
TOTAL FM JUL 1 0 CLOUDY (SCALE 8-10) 0
DPTR FM NORMAL 0
[CDD (BASE 65) ]
TOTAL THIS MO. 708
DPTR FM NORMAL 68 [PRESSURE DATA]
TOTAL FM JAN 1 3047 HIGHEST SLP 30.12 ON 7
DPTR FM NORMAL 645 LOWEST SLP 29.77 ON 28
[REMARKS]
#FINAL-08-22#