000
CXUS53 KILX 011428
CF6CMI
PRELIMINARY LOCAL CLIMATOLOGICAL DATA (WS FORM: F-6)
STATION: CHAMPAIGN IL AIRPORT
MONTH: NOVEMBER
YEAR: 2021
LATITUDE: 40 1 N
LONGITUDE: 88 17 W
TEMPERATURE IN F: :PCPN: SNOW: WIND :SUNSHINE: SKY :PK WND
================================================================================
1 2 3 4 5 6A 6B 7 8 9 10 11 12 13 14 15 16 17 18
12Z AVG MX 2MIN
DY MAX MIN AVG DEP HDD CDD WTR SNW DPTH SPD SPD DIR MIN PSBL S-S WX SPD DR
================================================================================
1 46 31 39 -9 26 0 T M M 6.9 16 320 M M 5 20 330
2 48 28 38 -9 27 0 0.00 M M 7.9 18 310 M M 3 24 310
3 49 25 37 -10 28 0 0.00 M M 2.9 9 240 M M 3 8 13 210
4 51 28 40 -6 25 0 0.00 M M 3.9 8 10 M M 2 10 330
5 53 27 40 -6 25 0 0.00 M M 7.1 16 150 M M 0 21 130
6 59 27 43 -3 22 0 0.00 M M 8.0 15 200 M M 0 21 210
7 67 33 50 5 15 0 0.00 M M 9.3 18 200 M M 0 24 180
8 69 42 56 11 9 0 0.00 M M 11.5 20 230 M M 0 24 230
9 60 40 50 6 15 0 0.00 M M 5.4 12 30 M M 4 18 18 40
10 62 41 52 8 13 0 0.00 M M 10.4 16 150 M M 6 128 24 150
11 56 39 48 4 17 0 0.44 M M 16.4 29 260 M M 5 1 39 270
12 44 34 39 -4 26 0 T M M 19.4 35 270 M M 7 44 260
13 40 33 37 -6 28 0 T M M 14.7 23 280 M M 10 1 28 290
14 40 27 34 -8 31 0 0.06 M M 18.4 32 280 M M 9 1 45 290
15 42 24 33 -9 32 0 T M M 8.8 20 110 M M 5 23 110
16 60 31 46 4 19 0 0.00 M M 13.4 22 180 M M 2 31 170
17 64 42 53 12 12 0 0.26 M M 15.2 22 310 M M 8 1 31 190
18 42 24 33 -8 32 0 0.00 M M 13.6 29 270 M M 2 39 250
19 40 20 30 -10 35 0 0.00 M M 6.8 15 140 M M 0 18 140
20 54 33 44 4 21 0 T M M 10.4 21 200 M M 5 26 200
21 56 32 44 4 21 0 0.22 M M 12.4 31 320 M M 4 1 41 320
22 37 21 29 -10 36 0 0.00 M M 9.5 17 310 M M 0 24 320
23 43 19 31 -8 34 0 0.00 M M 10.9 18 170 M M 0 25 160
24 56 34 45 7 20 0 0.01 M M 18.2 31 180 M M 2 41 180
25 48 23 36 -2 29 0 0.20 M M 15.5 26 310 M M 7 1 35 300
26 32 17 25 -13 40 0 0.00 M M 7.7 14 300 M M 4 18 310
27 44 31 38 1 27 0 0.01 M M 9.3 17 330 M M 5 23 330
28 41 24 33 -4 32 0 0.00 M M 11.3 24 310 M M 0 35 300
29 43 21 32 -5 33 0 0.00 M M 12.1 23 180 M M 5 30 170
30 53 31 42 6 23 0 0.00 M M 7.5 16 230 M M 0 20 240
================================================================================
SM 1499 882 753 0 1.20 M 324.8 M 103
================================================================================
AV 50.0 29.4 10.8 FASTST M M 3 MAX(MPH)
MISC ----> 35 270 45 290
================================================================================
NOTES:
# LAST OF SEVERAL OCCURRENCES
COLUMN 17 PEAK WIND IN M.P.H.
PRELIMINARY LOCAL CLIMATOLOGICAL DATA (WS FORM: F-6) , PAGE 2
STATION: CHAMPAIGN IL AIRPORT
MONTH: NOVEMBER
YEAR: 2021
LATITUDE: 40 1 N
LONGITUDE: 88 17 W
[TEMPERATURE DATA] [PRECIPITATION DATA] SYMBOLS USED IN COLUMN 16
AVERAGE MONTHLY: 39.7 TOTAL FOR MONTH: 1.20 1 = FOG OR MIST
DPTR FM NORMAL: -2.2 DPTR FM NORMAL: -1.70 2 = FOG REDUCING VISIBILITY
HIGHEST: 69 ON 8 GRTST 24HR 0.44 ON 11-11 TO 1/4 MILE OR LESS
LOWEST: 17 ON 26 3 = THUNDER
SNOW, ICE PELLETS, HAIL 4 = ICE PELLETS
TOTAL MONTH: M 5 = HAIL
GRTST 24HR M ON M 6 = FREEZING RAIN OR DRIZZLE
GRTST DEPTH: M ON M 7 = DUSTSTORM OR SANDSTORM:
VSBY 1/2 MILE OR LESS
8 = SMOKE OR HAZE
[NO. OF DAYS WITH] [WEATHER - DAYS WITH] 9 = BLOWING SNOW
X = TORNADO
MAX 32 OR BELOW: 1 0.01 INCH OR MORE: 7
MAX 90 OR ABOVE: 0 0.10 INCH OR MORE: 4
MIN 32 OR BELOW: 20 0.50 INCH OR MORE: 0
MIN 0 OR BELOW: 0 1.00 INCH OR MORE: 0
[HDD (BASE 65) ]
TOTAL THIS MO. 753 CLEAR (SCALE 0-3) 15
DPTR FM NORMAL 58 PTCLDY (SCALE 4-7) 13
TOTAL FM JUL 1 984 CLOUDY (SCALE 8-10) 2
DPTR FM NORMAL -120
[CDD (BASE 65) ]
TOTAL THIS MO. 0
DPTR FM NORMAL -1 [PRESSURE DATA]
TOTAL FM JAN 1 1277 HIGHEST SLP 30.58 ON 19
DPTR FM NORMAL 223 LOWEST SLP 29.61 ON 11
[REMARKS]
#FINAL-11-21#