000
CXUS53 KILX 021828
CLSCMI
CLIMATE REPORT
NATIONAL WEATHER SERVICE LINCOLN IL
1228 PM CST TUE MAR 02 2021
...................................
...THE CHAMPAIGN IL AIRPORT CLIMATE SUMMARY FOR THE SEASON, FROM
12/1/2020 TO 2/28/2021...
CLIMATE NORMAL PERIOD 1981 TO 2010
CLIMATE RECORD PERIOD 9999 TO 9999
WEATHER OBSERVED NORMAL DEPART LAST YEAR`S
VALUE DATE(S) VALUE FROM VALUE
NORMAL
..............................................................
TEMPERATURE (F)
RECORD
HIGH MM MM
LOW -8 02/16/2021
HIGHEST 62 12/10 MM MM 65
LOWEST -8R 02/16 MM MM -6
AVG. MAXIMUM 35.7 35.9 -0.2 39.5
AVG. MINIMUM 20.1 19.9 0.2 23.4
MEAN 27.9 27.9 -0.0 31.5
DAYS MAX >= 90 0 0.0 0.0 MM
DAYS MAX <= 32 29 31.9 -2.9 MM
DAYS MIN <= 32 85 77.7 7.3 MM
DAYS MIN <= 0 6 6.1 -0.1 MM
PRECIPITATION (INCHES)
RECORD
MAXIMUM MM MM
MINIMUM MM MM
TOTALS 4.63 6.59 -1.96 4.72
DAILY AVG. 0.05 0.06
DAYS >= .01 18 MM MM MM
DAYS >= .10 10 MM MM MM
DAYS >= .50 3 MM MM MM
DAYS >= 1.00 1 MM MM MM
GREATEST
24 HR. TOTAL 1.15 02/28 TO 02/28 1.61
DEGREE DAYS
HEATING TOTAL 3297 3338 -41 3027
SINCE 7/1 4318 4504 -186 4269
COOLING TOTAL 0 0 0 0
SINCE 1/1 0 0 0 0
FREEZE DATES
RECORD
EARLIEST MM
LATEST MM
EARLIEST 10/05
LATEST 05/09
..............................................................
WIND (MPH)
AVERAGE WIND SPEED 11.6
HIGHEST WIND SPEED/DIRECTION 41/180 DATE 12/23
HIGHEST GUST SPEED/DIRECTION 54/180 DATE 12/23
SKY COVER
POSSIBLE SUNSHINE (PERCENT) MM
AVERAGE SKY COVER 0.56
NUMBER OF DAYS FAIR 24
NUMBER OF DAYS PC 34
NUMBER OF DAYS CLOUDY 32
AVERAGE RH (PERCENT) 79
WEATHER CONDITIONS. NUMBER OF DAYS WITH
THUNDERSTORM 0 MIXED PRECIP 0
HEAVY RAIN 2 RAIN 9
LIGHT RAIN 15 FREEZING RAIN 4
LT FREEZING RAIN 5 HAIL 0
HEAVY SNOW 1 SNOW 4
LIGHT SNOW 30 SLEET 0
FOG 56 FOG W/VIS <= 1/4 MILE 8
HAZE 15
- INDICATES NEGATIVE NUMBERS.
R INDICATES RECORD WAS SET OR TIED.
MM INDICATES DATA IS MISSING.
T INDICATES TRACE AMOUNT.
$$
BAKER