000
CXUS53 KTOP 010800
CF6CNK
PRELIMINARY LOCAL CLIMATOLOGICAL DATA (WS FORM: F-6)
STATION: Concordia KS
MONTH: JUNE
YEAR: 2020
LATITUDE: 39 32 N
LONGITUDE: 97 39 W
TEMPERATURE IN F: :PCPN: SNOW: WIND :SUNSHINE: SKY :PK WND
================================================================================
1 2 3 4 5 6A 6B 7 8 9 10 11 12 13 14 15 16 17 18
12Z AVG MX 2MIN
DY MAX MIN AVG DEP HDD CDD WTR SNW DPTH SPD SPD DIR MIN PSBL S-S WX SPD DR
================================================================================
1 89 67 78 10 0 13 0.00 0.0 0 17.3 28 190 M M 0 41 190
2 92 69 81 12 0 16 0.00 0.0 0 15.1 22 210 M M 0 35 210
3 93 68 81 12 0 16 0.03 0.0 0 6.1 33 330 M M 0 138 57 320
4 94 65 80 10 0 15 0.17 0.0 0 8.9 18 300 M M 0 3 26 300
5 95 70 83 13 0 18 0.01 0.0 0 9.0 23 40 M M 0 3 34 50
6 96 76 86 16 0 21 0.00 0.0 0 15.4 23 160 M M 0 33 170
7 94 76 85 14 0 20 0.00 0.0 0 18.8 31 160 M M 0 43 160
8 94 71 83 12 0 18 0.00 0.0 0 16.2 29 140 M M 0 40 150
9 93 57 75 4 0 10 0.11 0.0 0 15.0 35 360 M M 5 1 51 290
10 79 57 68 -4 0 3 0.46 0.0 0 14.5 26 340 M M 1 13 40 330
11 90 58 74 2 0 9 0.00 0.0 0 7.8 18 230 M M 1 25 230
12 91 61 76 4 0 11 0.00 0.0 0 4.5 12 80 M M 0 18 190
13 96 62 79 6 0 14 0.00 0.0 0 12.2 23 160 M M 0 35 160
14 95 71 83 10 0 18 0.00 0.0 0 16.8 29 180 M M 0 42 170
15 95 71 83 10 0 18 0.00 0.0 0 17.0 25 160 M M 0 34 140
16 95 73 84 10 0 19 0.00 0.0 0 17.1 24 150 M M 0 34 180
17 97 73 85 11 0 20 0.00 0.0 0 19.4 26 160 M M 1 41 190
18 97 67 82 8 0 17 0.61 0.0 0 15.4 25 290 M M 3 13 38 290
19 74 64 69 -6 0 4 0.19 0.0 0 6.2 17 40 M M 9 13 26 40
20 88 65 77 2 0 12 0.00 0.0 0 6.3 14 170 M M 2 1 18 170
21 78 65 72 -3 0 7 0.10 0.0 0 8.3 37 200 M M 2 3 50 210
22 90 64 77 1 0 12 0.06 0.0 0 8.4 21 30 M M 2 3 30 30
23 89 61 75 -1 0 10 0.00 0.0 0 7.2 16 350 M M 1 24 320
24 91 59 75 -1 0 10 0.00 0.0 0 5.2 15 110 M M 0 1 20 110
25 98 66 82 6 0 17 0.00 0.0 0 14.7 26 180 M M 0 38 190
26 96 69 83 6 0 18 0.99 0.0 0 12.9 41 70 M M 1 138 63 70
27 90 68 79 2 0 14 0.45 0.0 0 8.5 31 200 M M 4 13 40 200
28 94 69 82 5 0 17 0.46 0.0 0 12.3 31 280 M M 1 13 47 270
29 96 76 86 8 0 21 0.00 0.0 0 16.1 26 150 M M 2 36 170
30 98 76 87 9 0 22 0.00 0.0 0 13.3 23 150 M M 0 8 33 160
================================================================================
SM 2757 2014 0 440 3.64 0.0 365.9 M 35
================================================================================
AV 91.9 67.1 12.2 FASTST M M 1 MAX(MPH)
MISC ----> # 41 70 # 63 70
================================================================================
NOTES:
# LAST OF SEVERAL OCCURRENCES
COLUMN 17 PEAK WIND IN M.P.H.
PRELIMINARY LOCAL CLIMATOLOGICAL DATA (WS FORM: F-6) , PAGE 2
STATION: Concordia KS
MONTH: JUNE
YEAR: 2020
LATITUDE: 39 32 N
LONGITUDE: 97 39 W
[TEMPERATURE DATA] [PRECIPITATION DATA] SYMBOLS USED IN COLUMN 16
AVERAGE MONTHLY: 79.5 TOTAL FOR MONTH: 3.64 1 = FOG OR MIST
DPTR FM NORMAL: 6.1 DPTR FM NORMAL: -0.41 2 = FOG REDUCING VISIBILITY
HIGHEST: 98 ON 30,25 GRTST 24HR 0.99 ON 26-26 TO 1/4 MILE OR LESS
LOWEST: 57 ON 10, 9 3 = THUNDER
SNOW, ICE PELLETS, HAIL 4 = ICE PELLETS
TOTAL MONTH: 0.0 INCH 5 = HAIL
GRTST 24HR 0.0 6 = FREEZING RAIN OR DRIZZLE
GRTST DEPTH: 0 7 = DUSTSTORM OR SANDSTORM:
VSBY 1/2 MILE OR LESS
8 = SMOKE OR HAZE
[NO. OF DAYS WITH] [WEATHER - DAYS WITH] 9 = BLOWING SNOW
X = TORNADO
MAX 32 OR BELOW: 0 0.01 INCH OR MORE: 12
MAX 90 OR ABOVE: 24 0.10 INCH OR MORE: 9
MIN 32 OR BELOW: 0 0.50 INCH OR MORE: 2
MIN 0 OR BELOW: 0 1.00 INCH OR MORE: 0
[HDD (BASE 65) ]
TOTAL THIS MO. 0 CLEAR (SCALE 0-3) 27
DPTR FM NORMAL -13 PTCLDY (SCALE 4-7) 2
TOTAL FM JUL 1 4823 CLOUDY (SCALE 8-10) 1
DPTR FM NORMAL -585
[CDD (BASE 65) ]
TOTAL THIS MO. 440
DPTR FM NORMAL 175 [PRESSURE DATA]
TOTAL FM JAN 1 521 HIGHEST SLP M ON M
DPTR FM NORMAL 167 LOWEST SLP 29.35 ON 9
[REMARKS]
#FINAL-06-20#