000
CXUS54 KMAF 011933
CF6CNM
PRELIMINARY LOCAL CLIMATOLOGICAL DATA (WS FORM: F-6)
STATION: CARLSBAD
MONTH: SEPTEMBER
YEAR: 2021
LATITUDE: 32 20 N
LONGITUDE: 104 15 W
TEMPERATURE IN F: :PCPN: SNOW: WIND :SUNSHINE: SKY :PK WND
================================================================================
1 2 3 4 5 6A 6B 7 8 9 10 11 12 13 14 15 16 17 18
12Z AVG MX 2MIN
DY MAX MIN AVG DEP HDD CDD WTR SNW DPTH SPD SPD DIR MIN PSBL S-S WX SPD DR
================================================================================
1 96 70 83 5 0 18 0.43 M M 5.3 31 160 M M 3 13 39 160
2 90 69 80 2 0 15 0.03 M M 6.6 22 180 M M 3 13 27 190
3 93 69 81 3 0 16 0.00 M M 5.3 22 240 M M 1 3 25 230
4 94 70 82 5 0 17 0.57 M M 5.8 9 290 M M 2 3 11 290
5 83 68 76 -1 0 11 T M M 6.0 15 40 M M 3 3 17 40
6 91 65 78 1 0 13 0.00 M M 5.1 12 200 M M 0 15 210
7 96 63 80 3 0 15 0.00 M M 4.1 12 140 M M 0 15 130
8 93 66 80 4 0 15 T M M 8.2 20 330 M M 2 3 25 320
9 95 64 80 4 0 15 0.00 M M 7.0 15 150 M M 0 22 190
10 96 58 77 1 0 12 0.00 M M 5.8 16 160 M M 0 23 170
11 95 57 76 1 0 11 0.00 M M 7.0 17 130 M M 0 20 140
12 90 56 73 -2 0 8 0.00 M M 6.1 16 140 M M 0 20 160
13 91 56 74 -1 0 9 0.00 M M 7.0 15 170 M M 0 18 170
14 95 56 76 2 0 11 0.00 M M 6.5 13 160 M M 0 16 150
15 89 66 78 4 0 13 0.00 M M 7.7 16 140 M M 0 24 160
16 94 66 80 6 0 15 0.04 M M 11.9 31 160 M M 1 3 36 160
17 100 58 79 5 0 14 0.00 M M 6.0 20 330 M M 0 26 330
18 92 64 78 5 0 13 0.00 M M 9.3 18 340 M M 0 24 340
19 99 59 79 6 0 14 0.00 M M 7.8 18 180 M M 0 24 180
20 99 66 83 10 0 18 0.00 M M 8.3 17 240 M M 0 22 230
21 81 55 68 -4 0 3 0.00 M M 10.8 18 20 M M 0 25 60
22 81 51 66 -6 0 1 0.00 M M 9.0 20 160 M M 0 25 150
23 89 48 69 -3 0 4 0.00 M M 9.0 18 150 M M 0 23 160
24 90 60 75 4 0 10 0.00 M M 6.9 14 150 M M 0 18 120
25 85 57 71 0 0 6 0.00 M M 6.0 17 150 M M 0 23 160
26 88 61 75 4 0 10 0.00 M M 6.8 15 150 M M 0 21 130
27 89 63 76 6 0 11 T M M 8.8 20 250 M M 1 30 260
28 88 57 73 3 0 8 0.00 M M 9.7 24 260 M M 2 31 250
29 90 59 75 5 0 10 0.00 M M 9.6 22 290 M M 1 29 270
30 72 56 64 -5 1 0 0.10 M M 13.8 31 340 M M 5 13 38 260
================================================================================
SM 2724 1833 1 336 1.17 M 227.2 M 24
================================================================================
AV 90.8 61.1 7.6 FASTST M M 1 MAX(MPH)
MISC ----> # 31 160 39 160
================================================================================
NOTES:
# LAST OF SEVERAL OCCURRENCES
COLUMN 17 PEAK WIND IN M.P.H.
PRELIMINARY LOCAL CLIMATOLOGICAL DATA (WS FORM: F-6) , PAGE 2
STATION: CARLSBAD
MONTH: SEPTEMBER
YEAR: 2021
LATITUDE: 32 20 N
LONGITUDE: 104 15 W
[TEMPERATURE DATA] [PRECIPITATION DATA] SYMBOLS USED IN COLUMN 16
AVERAGE MONTHLY: 76.0 TOTAL FOR MONTH: 1.17 1 = FOG OR MIST
DPTR FM NORMAL: 2.0 DPTR FM NORMAL: -1.41 2 = FOG REDUCING VISIBILITY
HIGHEST: 100 ON 17 GRTST 24HR 0.57 ON 4- 4 TO 1/4 MILE OR LESS
LOWEST: 48 ON 23 3 = THUNDER
SNOW, ICE PELLETS, HAIL 4 = ICE PELLETS
TOTAL MONTH: M 5 = HAIL
GRTST 24HR M ON M 6 = FREEZING RAIN OR DRIZZLE
GRTST DEPTH: M ON M 7 = DUSTSTORM OR SANDSTORM:
VSBY 1/2 MILE OR LESS
8 = SMOKE OR HAZE
[NO. OF DAYS WITH] [WEATHER - DAYS WITH] 9 = BLOWING SNOW
X = TORNADO
MAX 32 OR BELOW: 0 0.01 INCH OR MORE: 5
MAX 90 OR ABOVE: 20 0.10 INCH OR MORE: 3
MIN 32 OR BELOW: 0 0.50 INCH OR MORE: 1
MIN 0 OR BELOW: 0 1.00 INCH OR MORE: 0
[HDD (BASE 65) ]
TOTAL THIS MO. 1 CLEAR (SCALE 0-3) 28
DPTR FM NORMAL -9 PTCLDY (SCALE 4-7) 2
TOTAL FM JUL 1 1 CLOUDY (SCALE 8-10) 0
DPTR FM NORMAL -4
[CDD (BASE 65) ]
TOTAL THIS MO. 336
DPTR FM NORMAL 59 [PRESSURE DATA]
TOTAL FM JAN 1 2022 HIGHEST SLP 30.37 ON 22
DPTR FM NORMAL -106 LOWEST SLP 29.63 ON 1
[REMARKS]
#FINAL-09-21#