000
CXUS56 KSGX 181047
CF6CNO
PRELIMINARY LOCAL CLIMATOLOGICAL DATA (WS FORM: F-6)
STATION: CHINO AIRPORT CA
MONTH: APRIL
YEAR: 2024
LATITUDE: 33 58 N
LONGITUDE: 117 38 W
TEMPERATURE IN F: :PCPN: SNOW: WIND :SUNSHINE: SKY :PK WND
================================================================================
1 2 3 4 5 6A 6B 7 8 9 10 11 12 13 14 15 16 17 18
12Z AVG MX 2MIN
DY MAX MIN AVG DEP HDD CDD WTR SNW DPTH SPD SPD DIR MIN PSBL S-S WX SPD DR
================================================================================
1 74 40 57 -4 8 0 0.00 M M 4.6 21 230 M M 3 128 25 200
2 81 43 62 1 3 0 0.00 M M 4.6 18 240 M M 0 8 23 230
3 80 46 63 2 2 0 0.00 M M 5.1 18 240 M M 1 22 250
4 66 45 56 -5 9 0 T M M 8.0 22 240 M M 7 8 26 240
5 59 42 51 -10 14 0 0.09 M M 7.4 25 250 M M 6 8 33 240
6 66 37 52 -9 13 0 0.00 M M 4.2 15 240 M M 1 18 240
7 70 37 54 -8 11 0 0.00 M M 5.0 17 250 M M 3 21 250
8 75 41 58 -4 7 0 0.00 M M 4.4 15 260 M M 1 20 270
9 83 41 62 0 3 0 0.00 M M 5.9 18 240 M M 0 32 70
10 85 46 66 4 0 1 0.00 M M 4.3 15 250 M M 0 19 240
11 89 47 68 6 0 3 0.00 M M 4.6 15 260 M M 0 8 18 270
12 68 51 60 -2 5 0 0.00 M M 8.1 17 260 M M 8 18 21 240
13 67 41 54 -8 11 0 0.12 M M 5.1 21 290 M M 9 18 24 240
14 59 39 49 -13 16 0 0.17 M M 3.9 16 230 M M 6 18 21 180
15 72 44 58 -5 7 0 0.00 M M 2.8 12 240 M M 4 8 17 270
16 85 44 65 2 0 0 0.00 M M 4.0 18 230 M M 0 8 23 240
17 83 49 66 3 0 1 0.00 M M 4.1 16 270 M M 1 8 20 260
================================================================================
SM 1262 733 109 5 0.38 M 86.1 M 50
================================================================================
AV 74.2 43.1 5.1 FASTST M M 3 MAX(MPH)
MISC ----> 25 250 33 240
================================================================================
NOTES:
# LAST OF SEVERAL OCCURRENCES
COLUMN 17 PEAK WIND IN M.P.H.
PRELIMINARY LOCAL CLIMATOLOGICAL DATA (WS FORM: F-6) , PAGE 2
STATION: CHINO AIRPORT CA
MONTH: APRIL
YEAR: 2024
LATITUDE: 33 58 N
LONGITUDE: 117 38 W
[TEMPERATURE DATA] [PRECIPITATION DATA] SYMBOLS USED IN COLUMN 16
AVERAGE MONTHLY: 58.7 TOTAL FOR MONTH: 0.38 1 = FOG OR MIST
DPTR FM NORMAL: -3.1 DPTR FM NORMAL: 0.01 2 = FOG REDUCING VISIBILITY
HIGHEST: 89 ON 11 GRTST 24HR 0.28 ON 13-14 TO 1/4 MILE OR LESS
LOWEST: 37 ON 7, 6 3 = THUNDER
SNOW, ICE PELLETS, HAIL 4 = ICE PELLETS
TOTAL MONTH: M 5 = HAIL
GRTST 24HR M ON M 6 = FREEZING RAIN OR DRIZZLE
GRTST DEPTH: M ON M 7 = DUSTSTORM OR SANDSTORM:
VSBY 1/2 MILE OR LESS
8 = SMOKE OR HAZE
[NO. OF DAYS WITH] [WEATHER - DAYS WITH] 9 = BLOWING SNOW
X = TORNADO
MAX 32 OR BELOW: 0 0.01 INCH OR MORE: 3
MAX 90 OR ABOVE: 0 0.10 INCH OR MORE: 2
MIN 32 OR BELOW: 0 0.50 INCH OR MORE: 0
MIN 0 OR BELOW: 0 1.00 INCH OR MORE: 0
[HDD (BASE 65) ]
TOTAL THIS MO. 109 CLEAR (SCALE 0-3) 10
DPTR FM NORMAL 37 PTCLDY (SCALE 4-7) 6
TOTAL FM JUL 1 1353 CLOUDY (SCALE 8-10) 1
DPTR FM NORMAL 33
[CDD (BASE 65) ]
TOTAL THIS MO. 5
DPTR FM NORMAL -12 [PRESSURE DATA]
TOTAL FM JAN 1 5 HIGHEST SLP M ON M
DPTR FM NORMAL -35 LOWEST SLP 29.78 ON 11
[REMARKS]