000
CXUS56 KSGX 011045
CF6CNO
PRELIMINARY LOCAL CLIMATOLOGICAL DATA (WS FORM: F-6)
STATION: CHINO AIRPORT CA
MONTH: MAY
YEAR: 2022
LATITUDE: 33 58 N
LONGITUDE: 117 38 W
TEMPERATURE IN F: :PCPN: SNOW: WIND :SUNSHINE: SKY :PK WND
================================================================================
1 2 3 4 5 6A 6B 7 8 9 10 11 12 13 14 15 16 17 18
12Z AVG MX 2MIN
DY MAX MIN AVG DEP HDD CDD WTR SNW DPTH SPD SPD DIR MIN PSBL S-S WX SPD DR
================================================================================
1 79 51 65 -1 0 0 0.00 M M 6.5 18 230 M M 0 18 23 270
2 80 56 68 2 0 3 0.00 M M 8.4 22 220 M M 5 178 26 240
3 77 56 67 1 0 2 0.00 M M 7.2 17 230 M M 5 8 23 270
4 92 51 72 6 0 7 0.00 M M 5.5 17 250 M M 0 18 22 270
5 90 54 72 6 0 7 0.00 M M 6.0 17 270 M M 3 18 29 250
6 87 54 71 5 0 6 0.00 M M 6.5 17 240 M M 1 18 22 230
7 82 55 69 3 0 4 0.00 M M 8.1 20 240 M M 2 18 24 250
8 75 54 65 -2 0 0 0.00 M M 11.8 20 240 M M 7 25 240
9 74 50 62 -5 3 0 0.00 M M 8.0 20 240 M M 5 29 240
10 75 45 60 -7 5 0 0.00 M M 6.8 21 260 M M 2 8 25 210
11 74 45 60 -7 5 0 0.00 M M 6.5 24 220 M M 1 8 30 220
12 87 43 65 -2 0 0 0.00 M M 5.0 18 250 M M 1 8 23 250
13 97 50 74 7 0 9 0.00 M M 4.1 20 220 M M 0 8 24 230
14 101 52 77 9 0 12 0.00 M M 4.8 16 240 M M 2 8 20 220
15 93 53 73 5 0 8 0.00 M M 6.8 20 240 M M 3 8 22 230
16 83 55 69 1 0 4 0.00 M M 7.7 20 250 M M 0 18 22 240
17 65 57 61 -7 4 0 0.00 M M 3.1 5 200 M M 7 18 M M
18 86 56 71 3 0 6 0.00 M M 6.7 17 240 M M 0 18 21 250
19 79 59 69 1 0 4 0.00 M M 8.1 20 250 M M 6 8 25 250
20 70 57 64 -4 1 0 0.00 M M 8.0 16 250 M M 10 18 19 250
21 77 59 68 0 0 3 0.00 M M 9.2 22 240 M M 7 8 26 240
22 83 56 70 2 0 5 0.00 M M 8.1 21 240 M M 4 24 240
23 80 53 67 -2 0 2 0.00 M M 6.4 17 250 M M 2 18 21 280
24 89 58 74 5 0 9 0.00 M M 6.5 18 260 M M 3 8 23 260
25 88 54 71 2 0 6 0.00 M M 6.3 18 250 M M 0 18 24 260
26 88 56 72 3 0 7 0.00 M M 7.7 23 250 M M 2 18 28 260
27 84 54 69 0 0 4 0.00 M M 7.8 17 250 M M 6 8 21 240
28 71 56 64 -5 1 0 0.00 M M 6.7 15 250 M M 9 18 18 230
29 79 57 68 -2 0 3 0.00 M M 8.1 18 230 M M 6 8 23 240
30 83 51 67 -3 0 2 0.00 M M 7.0 18 250 M M 2 18 25 240
31 85 52 69 -1 0 4 0.00 M M 4.9 20 240 M M 0 18 25 250
================================================================================
SM 2553 1659 19 117 0.00 M 214.3 M 101
================================================================================
AV 82.4 53.5 6.9 FASTST M M 3 MAX(MPH)
MISC ----> 24 220 30 220
================================================================================
NOTES:
# LAST OF SEVERAL OCCURRENCES
COLUMN 17 PEAK WIND IN M.P.H.
PRELIMINARY LOCAL CLIMATOLOGICAL DATA (WS FORM: F-6) , PAGE 2
STATION: CHINO AIRPORT CA
MONTH: MAY
YEAR: 2022
LATITUDE: 33 58 N
LONGITUDE: 117 38 W
[TEMPERATURE DATA] [PRECIPITATION DATA] SYMBOLS USED IN COLUMN 16
AVERAGE MONTHLY: 67.9 TOTAL FOR MONTH: 0.00 1 = FOG OR MIST
DPTR FM NORMAL: 0.2 DPTR FM NORMAL: -0.17 2 = FOG REDUCING VISIBILITY
HIGHEST: 101 ON 14 GRTST 24HR 0.00 ON 1- 1 TO 1/4 MILE OR LESS
LOWEST: 43 ON 12 3 = THUNDER
SNOW, ICE PELLETS, HAIL 4 = ICE PELLETS
TOTAL MONTH: M 5 = HAIL
GRTST 24HR M ON M 6 = FREEZING RAIN OR DRIZZLE
GRTST DEPTH: M ON M 7 = DUSTSTORM OR SANDSTORM:
VSBY 1/2 MILE OR LESS
8 = SMOKE OR HAZE
[NO. OF DAYS WITH] [WEATHER - DAYS WITH] 9 = BLOWING SNOW
X = TORNADO
MAX 32 OR BELOW: 0 0.01 INCH OR MORE: 0
MAX 90 OR ABOVE: 5 0.10 INCH OR MORE: 0
MIN 32 OR BELOW: 0 0.50 INCH OR MORE: 0
MIN 0 OR BELOW: 0 1.00 INCH OR MORE: 0
[HDD (BASE 65) ]
TOTAL THIS MO. 19 CLEAR (SCALE 0-3) 19
DPTR FM NORMAL -11 PTCLDY (SCALE 4-7) 10
TOTAL FM JUL 1 1133 CLOUDY (SCALE 8-10) 2
DPTR FM NORMAL -251
[CDD (BASE 65) ]
TOTAL THIS MO. 117
DPTR FM NORMAL 3 [PRESSURE DATA]
TOTAL FM JAN 1 233 HIGHEST SLP 30.17 ON 12
DPTR FM NORMAL 53 LOWEST SLP 29.76 ON 30
[REMARKS]
#FINAL-05-22#