000
CXUS56 KSGX 011245
CF6CNO
PRELIMINARY LOCAL CLIMATOLOGICAL DATA (WS FORM: F-6)
STATION: CHINO AIRPORT CA
MONTH: AUGUST
YEAR: 2020
LATITUDE: 33 58 N
LONGITUDE: 117 38 W
TEMPERATURE IN F: :PCPN: SNOW: WIND :SUNSHINE: SKY :PK WND
================================================================================
1 2 3 4 5 6A 6B 7 8 9 10 11 12 13 14 15 16 17 18
12Z AVG MX 2MIN
DY MAX MIN AVG DEP HDD CDD WTR SNW DPTH SPD SPD DIR MIN PSBL S-S WX SPD DR
================================================================================
1 104 65 85 8 0 20 0.00 0.0 0 6.3 22 270 M M 0 8 25 290
2 101 63 82 5 0 17 0.00 0.0 0 5.5 18 270 M M 0 8 22 270
3 98 63 81 4 0 16 0.00 0.0 0 6.0 17 250 M M 1 8 21 240
4 91 64 78 1 0 13 0.00 0.0 0 7.8 17 260 M M 2 18 22 260
5 90 65 78 1 0 13 0.00 0.0 0 8.2 18 240 M M 3 8 22 250
6 89 64 77 0 0 12 0.00 0.0 0 6.4 18 270 M M 4 8 21 240
7 93 61 77 0 0 12 0.00 0.0 0 5.7 18 260 M M 0 8 23 260
8 95 62 79 2 0 14 0.00 0.0 0 6.0 18 250 M M 0 8 22 250
9 97 64 81 4 0 16 0.00 0.0 0 6.5 17 230 M M 0 22 240
10 98 63 81 4 0 16 0.00 0.0 0 6.0 20 240 M M 0 8 22 230
11 98 59 79 2 0 14 0.00 0.0 0 5.3 16 250 M M 0 8 20 250
12 103 59 81 4 0 16 0.00 0.0 0 5.3 17 260 M M 1 8 21 250
13 107 71 89 12 0 24 0.00 0.0 0 5.3 18 230 M M 2 8 22 260
14 108 70 89 12 0 24 0.00 0.0 0 4.6 18 250 M M 1 8 22 240
15 113 74 94 17 0 29 0.00 0.0 0 5.3 17 230 M M 2 8 23 250
16 106 74 90 13 0 25 0.00 0.0 0 5.4 21 250 M M 1 8 23 250
17 105 75 90 13 0 25 0.00 0.0 0 6.2 16 260 M M 3 8 20 280
18 114 74 94 17 0 29 0.00 0.0 0 5.5 21 240 M M 2 8 26 240
19 109 75 92 15 0 27 0.00 0.0 0 6.5 21 250 M M 1 8 25 260
20 108 73 91 14 0 26 0.00 0.0 0 5.8 20 270 M M 1 8 23 270
21 106 72 89 12 0 24 0.00 0.0 0 6.3 21 260 M M 1 8 25 280
22 103 76 90 13 0 25 0.00 0.0 0 7.8 20 240 M M 1 8 24 240
23 101 74 88 11 0 23 0.00 0.0 0 7.2 18 250 M M 2 8 25 250
24 101 73 87 10 0 22 0.00 0.0 0 6.8 18 250 M M 1 8 22 260
25 102 69 86 9 0 21 0.00 0.0 0 6.0 17 270 M M 0 8 22 250
26 104 68 86 9 0 21 0.00 0.0 0 5.6 20 270 M M 0 8 33 230
27 106 67 87 10 0 22 0.00 0.0 0 5.1 18 220 M M 0 8 23 240
28 102 64 83 6 0 18 0.00 0.0 0 6.5 20 250 M M 0 8 24 250
29 97 63 80 4 0 15 0.00 0.0 0 6.0 21 260 M M 0 25 270
30 94 60 77 1 0 12 0.00 0.0 0 6.8 18 250 M M 1 8 22 250
31 91 61 76 0 0 11 0.00 0.0 0 7.5 20 240 M M 0 8 23 250
================================================================================
SM 3134 2085 0 602 0.00 0.0 191.2 M 30
================================================================================
AV101.1 67.3 6.2 FASTST M M 1 MAX(MPH)
MISC ----> # 22 270 # 33 230
================================================================================
NOTES:
# LAST OF SEVERAL OCCURRENCES
COLUMN 17 PEAK WIND IN M.P.H.
PRELIMINARY LOCAL CLIMATOLOGICAL DATA (WS FORM: F-6) , PAGE 2
STATION: CHINO AIRPORT CA
MONTH: AUGUST
YEAR: 2020
LATITUDE: 33 58 N
LONGITUDE: 117 38 W
[TEMPERATURE DATA] [PRECIPITATION DATA] SYMBOLS USED IN COLUMN 16
AVERAGE MONTHLY: 84.2 TOTAL FOR MONTH: 0.00 1 = FOG OR MIST
DPTR FM NORMAL: 7.2 DPTR FM NORMAL: -0.07 2 = FOG REDUCING VISIBILITY
HIGHEST: 114 ON 18 GRTST 24HR 0.00 ON 31-31 TO 1/4 MILE OR LESS
LOWEST: 59 ON 12,11 3 = THUNDER
SNOW, ICE PELLETS, HAIL 4 = ICE PELLETS
TOTAL MONTH: 0.0 INCH 5 = HAIL
GRTST 24HR 0.0 6 = FREEZING RAIN OR DRIZZLE
GRTST DEPTH: 0 7 = DUSTSTORM OR SANDSTORM:
VSBY 1/2 MILE OR LESS
8 = SMOKE OR HAZE
[NO. OF DAYS WITH] [WEATHER - DAYS WITH] 9 = BLOWING SNOW
X = TORNADO
MAX 32 OR BELOW: 0 0.01 INCH OR MORE: 0
MAX 90 OR ABOVE: 30 0.10 INCH OR MORE: 0
MIN 32 OR BELOW: 0 0.50 INCH OR MORE: 0
MIN 0 OR BELOW: 0 1.00 INCH OR MORE: 0
[HDD (BASE 65) ]
TOTAL THIS MO. 0 CLEAR (SCALE 0-3) 29
DPTR FM NORMAL 0 PTCLDY (SCALE 4-7) 2
TOTAL FM JUL 1 0 CLOUDY (SCALE 8-10) 0
DPTR FM NORMAL 0
[CDD (BASE 65) ]
TOTAL THIS MO. 602
DPTR FM NORMAL 228 [PRESSURE DATA]
TOTAL FM JAN 1 1682 HIGHEST SLP M ON M
DPTR FM NORMAL 697 LOWEST SLP 29.66 ON 20
[REMARKS]
#FINAL-08-20#