000
CXUS53 KICT 040645
CF6CNU
PRELIMINARY LOCAL CLIMATOLOGICAL DATA (WS FORM: F-6)
STATION: CHANUTE KS
MONTH: OCTOBER
YEAR: 2022
LATITUDE: 37 40 N
LONGITUDE: 95 29 W
TEMPERATURE IN F: :PCPN: SNOW: WIND :SUNSHINE: SKY :PK WND
================================================================================
1 2 3 4 5 6A 6B 7 8 9 10 11 12 13 14 15 16 17 18
12Z AVG MX 2MIN
DY MAX MIN AVG DEP HDD CDD WTR SNW DPTH SPD SPD DIR MIN PSBL S-S WX SPD DR
================================================================================
1 84 42 63 -2 2 0 0.00 M M 6.1 12 80 M M 0 20 80
2 86 45 66 1 0 1 0.00 M M 5.5 13 120 M M 0 17 120
3 87 55 71 7 0 6 0.00 M M 7.1 12 120 M M 0 16 130
4 87 54 71 7 0 6 0.00 M M 6.3 13 180 M M 0 17 180
5 83 58 71 7 0 6 T M M 6.5 13 340 M M 4 18 330
6 86 51 69 6 0 4 0.00 M M 5.3 14 330 M M 1 8 25 310
7 69 47 58 -5 7 0 0.00 M M 10.1 21 360 M M 3 29 360
8 69 44 57 -5 8 0 0.00 M M 3.0 9 10 M M 5 13 10
9 81 47 64 2 1 0 0.00 M M 6.8 17 220 M M 6 28 200
10 84 52 68 6 0 3 0.00 M M 9.2 21 180 M M 2 1 26 180
11 77 64 71 10 0 6 0.28 M M 16.8 29 190 M M 5 13 38 200
12 78 52 65 4 0 0 0.13 M M 11.0 24 330 M M 2 13 34 320
13 73 43 58 -2 7 0 0.00 M M 10.4 29 300 M M 0 42 280
14 87 37 62 2 3 0 0.00 M M 8.3 24 240 M M 0 35 230
15 79 48 64 4 1 0 T M M 5.8 13 80 M M 2 3 18 40
16 74 46 60 1 5 0 0.00 M M 7.9 20 340 M M 0 26 330
17 58 37 48 -11 17 0 0.00 M M 9.4 20 330 M M 0 27 340
18 50 21 36 -23 29 0 0.00 M M 7.5 14 360 M M 0 24 30
19 62 17 40 -18 25 0 0.00 M M 9.2 14 190 M M 0 17 240
20 81 32 57 -1 8 0 0.00 M M 7.6 16 220 M M 0 19 210
21 88 49 69 11 0 4 0.00 M M 13.9 23 170 M M 0 31 180
22 84 69 77 20 0 12 0.00 M M 20.6 31 180 M M 0 43 170
23 86 71 79 22 0 14 T M M 26.3 38 180 M M 0 3 54 180
24 75 51 63 7 2 0 0.81 M M 14.6 26 180 M M 7 18 37 180
25 63 39 51 -5 14 0 0.10 M M 10.0 23 320 M M 4 30 10
26 69 34 52 -4 13 0 0.00 M M 4.6 13 100 M M 0 16 100
27 68 47 58 3 7 0 0.02 M M 9.6 18 140 M M 2 25 160
28 71 43 57 2 8 0 T M M 6.8 17 50 M M 1 25 50
29 74 48 61 7 4 0 T M M 7.0 15 60 M M 3 22 20
30 72 55 64 10 1 0 0.00 M M 5.0 15 20 M M 7 19 20
31 75 43 59 5 6 0 0.00 M M 3.9 12 280 M M 2 17 300
================================================================================
SM 2360 1441 168 62 1.34 M 282.1 M 56
================================================================================
AV 76.1 46.5 9.1 FASTST M M 2 MAX(MPH)
MISC ----> 38 180 54 180
================================================================================
NOTES:
# LAST OF SEVERAL OCCURRENCES
COLUMN 17 PEAK WIND IN M.P.H.
PRELIMINARY LOCAL CLIMATOLOGICAL DATA (WS FORM: F-6) , PAGE 2
STATION: CHANUTE KS
MONTH: OCTOBER
YEAR: 2022
LATITUDE: 37 40 N
LONGITUDE: 95 29 W
[TEMPERATURE DATA] [PRECIPITATION DATA] SYMBOLS USED IN COLUMN 16
AVERAGE MONTHLY: 61.3 TOTAL FOR MONTH: 1.34 1 = FOG OR MIST
DPTR FM NORMAL: 1.9 DPTR FM NORMAL: -1.99 2 = FOG REDUCING VISIBILITY
HIGHEST: 88 ON 21 GRTST 24HR 0.91 ON 24-25 TO 1/4 MILE OR LESS
LOWEST: 17 ON 19 3 = THUNDER
SNOW, ICE PELLETS, HAIL 4 = ICE PELLETS
TOTAL MONTH: M 5 = HAIL
GRTST 24HR M ON M 6 = FREEZING RAIN OR DRIZZLE
GRTST DEPTH: M ON M 7 = DUSTSTORM OR SANDSTORM:
VSBY 1/2 MILE OR LESS
8 = SMOKE OR HAZE
[NO. OF DAYS WITH] [WEATHER - DAYS WITH] 9 = BLOWING SNOW
X = TORNADO
MAX 32 OR BELOW: 0 0.01 INCH OR MORE: 5
MAX 90 OR ABOVE: 0 0.10 INCH OR MORE: 4
MIN 32 OR BELOW: 3 0.50 INCH OR MORE: 1
MIN 0 OR BELOW: 0 1.00 INCH OR MORE: 0
[HDD (BASE 65) ]
TOTAL THIS MO. 168 CLEAR (SCALE 0-3) 22
DPTR FM NORMAL -53 PTCLDY (SCALE 4-7) 9
TOTAL FM JUL 1 172 CLOUDY (SCALE 8-10) 0
DPTR FM NORMAL -82
[CDD (BASE 65) ]
TOTAL THIS MO. 62
DPTR FM NORMAL 16 [PRESSURE DATA]
TOTAL FM JAN 1 2186 HIGHEST SLP 30.50 ON 8
DPTR FM NORMAL 480 LOWEST SLP 29.52 ON 22
[REMARKS]
#FINAL-10-22#