000
CXUS53 KICT 011410
CF6CNU
PRELIMINARY LOCAL CLIMATOLOGICAL DATA (WS FORM: F-6)
STATION: CHANUTE KS
MONTH: AUGUST
YEAR: 2021
LATITUDE: 37 40 N
LONGITUDE: 95 29 W
TEMPERATURE IN F: :PCPN: SNOW: WIND :SUNSHINE: SKY :PK WND
================================================================================
1 2 3 4 5 6A 6B 7 8 9 10 11 12 13 14 15 16 17 18
12Z AVG MX 2MIN
DY MAX MIN AVG DEP HDD CDD WTR SNW DPTH SPD SPD DIR MIN PSBL S-S WX SPD DR
================================================================================
1 87 66 77 -4 0 12 0.25 M M 5.1 14 10 M M 4 18 20 30
2 86 64 75 -6 0 10 0.00 M M 5.8 13 40 M M 1 18 17 350
3 86 62 74 -7 0 9 0.00 M M 4.0 10 80 M M 1 18 15 360
4 86 60 73 -8 0 8 0.00 M M 4.1 8 130 M M 1 1 13 210
5 87 68 78 -3 0 13 0.00 M M 7.0 15 160 M M 2 18 18 160
6 91 66 79 -2 0 14 0.00 M M 9.2 16 180 M M 0 18 22 180
7 95 75 85 4 0 20 0.00 M M 12.7 22 170 M M 0 28 160
8 90 69 80 -1 0 15 0.80 M M 10.2 24 300 M M 3 13 34 290
9 93 78 86 5 0 21 0.00 M M 11.5 20 170 M M 2 26 180
10 96 79 88 7 0 23 0.00 M M 13.1 22 190 M M 0 32 170
11 99 77 88 7 0 23 0.00 M M 15.0 24 200 M M 0 33 180
12 98 78 88 8 0 23 0.00 M M 13.0 18 120 M M 0 29 120
13 85 70 78 -2 0 13 0.43 M M 8.1 24 20 M M 3 13 33 20
14 89 70 80 0 0 15 0.00 M M 6.6 13 90 M M 1 16 70
15 89 68 79 -1 0 14 0.00 M M 6.4 13 80 M M 2 17 70
16 90 69 80 0 0 15 0.02 M M 5.3 12 140 M M 2 17 210
17 90 69 80 0 0 15 0.01 M M 7.1 15 90 M M 2 3 21 110
18 88 68 78 -2 0 13 0.00 M M 6.2 16 150 M M 2 1 22 120
19 92 73 83 3 0 18 T M M 8.0 21 160 M M 5 27 160
20 94 76 85 6 0 20 T M M 11.7 20 160 M M 4 26 150
21 89 72 81 2 0 16 0.23 M M 5.1 16 320 M M 3 13 21 330
22 95 72 84 5 0 19 0.00 M M 8.1 14 180 M M 2 19 180
23 98 78 88 9 0 23 0.00 M M 11.3 18 190 M M 1 27 220
24 99 76 88 10 0 23 0.00 M M 13.5 22 170 M M 0 30 190
25 99 78 89 11 0 24 0.00 M M 10.1 18 160 M M 0 24 160
26 98 73 86 8 0 21 0.00 M M 7.7 16 190 M M 0 23 180
27 96 74 85 7 0 20 0.00 M M 10.4 21 160 M M 0 29 150
28 95 75 85 7 0 20 0.00 M M 10.2 17 160 M M 1 29 180
29 94 72 83 6 0 18 0.00 M M 5.6 14 180 M M 2 19 170
30 96 71 84 7 0 19 0.03 M M 4.2 23 90 M M 2 3 33 100
31 89 69 79 2 0 14 T M M 7.8 26 20 M M 1 3 42 20
================================================================================
SM 2859 2215 0 531 1.77 M 264.1 M 47
================================================================================
AV 92.2 71.5 8.5 FASTST M M 2 MAX(MPH)
MISC ----> 26 20 42 20
================================================================================
NOTES:
# LAST OF SEVERAL OCCURRENCES
COLUMN 17 PEAK WIND IN M.P.H.
PRELIMINARY LOCAL CLIMATOLOGICAL DATA (WS FORM: F-6) , PAGE 2
STATION: CHANUTE KS
MONTH: AUGUST
YEAR: 2021
LATITUDE: 37 40 N
LONGITUDE: 95 29 W
[TEMPERATURE DATA] [PRECIPITATION DATA] SYMBOLS USED IN COLUMN 16
AVERAGE MONTHLY: 81.8 TOTAL FOR MONTH: 1.77 1 = FOG OR MIST
DPTR FM NORMAL: 2.2 DPTR FM NORMAL: -2.02 2 = FOG REDUCING VISIBILITY
HIGHEST: 99 ON 25,24 GRTST 24HR 0.80 ON 8- 8 TO 1/4 MILE OR LESS
LOWEST: 60 ON 4 3 = THUNDER
SNOW, ICE PELLETS, HAIL 4 = ICE PELLETS
TOTAL MONTH: M 5 = HAIL
GRTST 24HR M ON M 6 = FREEZING RAIN OR DRIZZLE
GRTST DEPTH: M ON M 7 = DUSTSTORM OR SANDSTORM:
VSBY 1/2 MILE OR LESS
8 = SMOKE OR HAZE
[NO. OF DAYS WITH] [WEATHER - DAYS WITH] 9 = BLOWING SNOW
X = TORNADO
MAX 32 OR BELOW: 0 0.01 INCH OR MORE: 7
MAX 90 OR ABOVE: 20 0.10 INCH OR MORE: 4
MIN 32 OR BELOW: 0 0.50 INCH OR MORE: 1
MIN 0 OR BELOW: 0 1.00 INCH OR MORE: 0
[HDD (BASE 65) ]
TOTAL THIS MO. 0 CLEAR (SCALE 0-3) 26
DPTR FM NORMAL -1 PTCLDY (SCALE 4-7) 5
TOTAL FM JUL 1 0 CLOUDY (SCALE 8-10) 0
DPTR FM NORMAL 0
[CDD (BASE 65) ]
TOTAL THIS MO. 531
DPTR FM NORMAL 78 [PRESSURE DATA]
TOTAL FM JAN 1 1523 HIGHEST SLP 30.22 ON 14
DPTR FM NORMAL 79 LOWEST SLP 29.69 ON 31
[REMARKS]
#FINAL-08-21#