000
CXUS55 KGJT 010911
CF6CNY
PRELIMINARY LOCAL CLIMATOLOGICAL DATA (WS FORM: F-6)
STATION: CANYONLANDS AIRPORT UT
MONTH: OCTOBER
YEAR: 2023
LATITUDE: 38 46 N
LONGITUDE: 109 45 W
TEMPERATURE IN F: :PCPN: SNOW: WIND :SUNSHINE: SKY :PK WND
================================================================================
1 2 3 4 5 6A 6B 7 8 9 10 11 12 13 14 15 16 17 18
12Z AVG MX 2MIN
DY MAX MIN AVG DEP HDD CDD WTR SNW DPTH SPD SPD DIR MIN PSBL S-S WX SPD DR
================================================================================
1 75 54 65 3 0 0 0.00 M M 10.7 31 200 M M 3 43 200
2 69 50 60 -1 5 0 0.08 M M 9.2 26 150 M M 3 1 35 160
3 67 40 54 -7 11 0 0.00 M M 5.6 16 290 M M 2 25 280
4 71 40 56 -4 9 0 0.00 M M 3.7 13 280 M M 0 17 290
5 75 40 58 -2 7 0 0.00 M M 3.2 16 60 M M 0 8 22 70
6 78 43 61 2 4 0 0.00 M M 4.3 22 60 M M 0 34 70
7 80 43 62 3 3 0 0.00 M M 2.0 10 310 M M 0 8 13 310
8 82 40 61 3 4 0 0.00 M M 3.5 9 330 M M 0 8 14 310
9 80 41 61 3 4 0 0.00 M M 3.5 12 280 M M 0 14 260
10 81 44 63 6 2 0 0.00 M M 7.8 21 180 M M 0 8 28 210
11 74 46 60 3 5 0 0.17 M M 10.6 30 240 M M 5 3 40 240
12 62 41 52 -4 13 0 0.00 M M 12.4 26 300 M M 1 35 290
13 63 39 51 -5 14 0 0.00 M M 5.2 18 70 M M 1 23 70
14 66 38 52 -3 13 0 0.00 M M 3.6 9 80 M M 0 13 130
15 72 34 53 -2 12 0 0.00 M M 2.8 12 90 M M 0 17 100
16 75 37 56 2 9 0 0.00 M M 2.1 8 330 M M 0 13 40
17 80 38 59 5 6 0 0.00 M M 3.2 12 320 M M 0 14 330
18 79 40 60 7 5 0 0.00 M M 2.1 12 330 M M 0 16 240
19 82 42 62 9 3 0 0.00 M M 3.3 12 300 M M 0 8 17 20
20 81 39 60 8 5 0 0.00 M M 1.9 10 140 M M 0 8 13 160
21 80 40 60 8 5 0 0.00 M M 3.0 12 140 M M 0 8 13 140
22 80 38 59 8 6 0 0.00 M M 1.7 10 270 M M 0 3 14 150
23 78 47 63 12 2 0 0.00 M M 8.4 20 240 M M 1 26 170
24 73 38 56 6 9 0 0.00 M M 1.8 8 220 M M 0 12 250
25 73 37 55 5 10 0 0.00 M M 5.1 23 210 M M 0 32 210
26 70 39 55 6 10 0 T M M 12.4 31 310 M M 5 40 310
27 63 27 45 -4 20 0 0.00 M M 4.0 15 320 M M 1 20 310
28 63 40 52 4 13 0 0.08 M M 7.7 23 320 M M 6 33 270
29 49 26 38 -10 27 0 0.00 M M 14.5 28 30 M M 4 38 40
30 48 14 31 -16 34 0 0.00 M M 2.3 10 130 M M 0 8 16 160
31 54 19 37 -10 28 0 0.00 M M 2.2 10 60 M M 0 14 70
================================================================================
SM 2223 1194 298 0 0.33 M 163.8 M 32
================================================================================
AV 71.7 38.5 5.3 FASTST M M 1 MAX(MPH)
MISC ----> # 31 200 43 200
================================================================================
NOTES:
# LAST OF SEVERAL OCCURRENCES
COLUMN 17 PEAK WIND IN M.P.H.
PRELIMINARY LOCAL CLIMATOLOGICAL DATA (WS FORM: F-6) , PAGE 2
STATION: CANYONLANDS AIRPORT UT
MONTH: OCTOBER
YEAR: 2023
LATITUDE: 38 46 N
LONGITUDE: 109 45 W
[TEMPERATURE DATA] [PRECIPITATION DATA] SYMBOLS USED IN COLUMN 16
AVERAGE MONTHLY: 55.1 TOTAL FOR MONTH: 0.33 1 = FOG OR MIST
DPTR FM NORMAL: 0.9 DPTR FM NORMAL: -0.51 2 = FOG REDUCING VISIBILITY
HIGHEST: 82 ON 19, 8 GRTST 24HR 0.17 ON 11-11 TO 1/4 MILE OR LESS
LOWEST: 14 ON 30 3 = THUNDER
SNOW, ICE PELLETS, HAIL 4 = ICE PELLETS
TOTAL MONTH: M 5 = HAIL
GRTST 24HR M ON M 6 = FREEZING RAIN OR DRIZZLE
GRTST DEPTH: M ON M 7 = DUSTSTORM OR SANDSTORM:
VSBY 1/2 MILE OR LESS
8 = SMOKE OR HAZE
[NO. OF DAYS WITH] [WEATHER - DAYS WITH] 9 = BLOWING SNOW
X = TORNADO
MAX 32 OR BELOW: 0 0.01 INCH OR MORE: 3
MAX 90 OR ABOVE: 0 0.10 INCH OR MORE: 1
MIN 32 OR BELOW: 4 0.50 INCH OR MORE: 0
MIN 0 OR BELOW: 0 1.00 INCH OR MORE: 0
[HDD (BASE 65) ]
TOTAL THIS MO. 298 CLEAR (SCALE 0-3) 27
DPTR FM NORMAL -46 PTCLDY (SCALE 4-7) 4
TOTAL FM JUL 1 303 CLOUDY (SCALE 8-10) 0
DPTR FM NORMAL -87
[CDD (BASE 65) ]
TOTAL THIS MO. 0
DPTR FM NORMAL -7 [PRESSURE DATA]
TOTAL FM JAN 1 1436 HIGHEST SLP M ON M
DPTR FM NORMAL 22 LOWEST SLP 29.29 ON 11
[REMARKS]
#FINAL-10-23#