000
CXUS55 KRIW 011010
CF6COD
PRELIMINARY LOCAL CLIMATOLOGICAL DATA (WS FORM: F-6)
STATION: CODY WY
MONTH: APRIL
YEAR: 2022
LATITUDE: 44 31 N
LONGITUDE: 109 1 W
TEMPERATURE IN F: :PCPN: SNOW: WIND :SUNSHINE: SKY :PK WND
================================================================================
1 2 3 4 5 6A 6B 7 8 9 10 11 12 13 14 15 16 17 18
12Z AVG MX 2MIN
DY MAX MIN AVG DEP HDD CDD WTR SNW DPTH SPD SPD DIR MIN PSBL S-S WX SPD DR
================================================================================
1 48 18 33 -9 32 0 T M M 5.4 15 10 M M 2 1 20 10
2 61 24 43 1 22 0 0.00 M M 7.0 18 230 M M 1 8 32 220
3 54 30 42 0 23 0 0.00 M M 10.8 17 150 M M 0 30 310
4 54 29 42 0 23 0 T M M 7.8 21 30 M M 4 1 39 220
5 40 29 35 -7 30 0 0.01 M M 13.5 22 290 M M 3 1 38 290
6 47 30 39 -4 26 0 0.00 M M 11.0 16 320 M M 2 32 300
7 53 20 37 -6 28 0 0.00 M M 5.6 14 50 M M 0 17 30
8 71 27 49 6 16 0 0.00 M M 6.8 16 250 M M 0 27 250
9 55 27 41 -2 24 0 T M M 14.3 24 270 M M 4 12 39 280
10 39 27 33 -11 32 0 0.03 M M 8.4 21 250 M M 6 1 35 260
11 38 21 30 -14 35 0 0.02 M M 5.5 15 360 M M 9 1 16 360
12 30 9 20 -24 45 0 T M M 17.6 28 350 M M 10 1 39 10
13 21 6 14 -30 51 0 T M M 6.6 15 40 M M 8 18 40
14 28 10 19 -25 46 0 T M M 6.0 14 10 M M 9 1 M M
15 29 11 20 -25 45 0 0.02 M M 6.5 14 10 M M 9 1 M M
16 44 20 32 -13 33 0 0.02 M M 7.6 16 20 M M 4 23 20
17 45 26 36 -9 29 0 T M M 9.9 27 20 M M 5 1 37 20
18 57 21 39 -7 26 0 T M M 7.6 17 140 M M 1 22 160
19 57 37 47 1 18 0 0.00 M M 9.1 25 240 M M 0 39 240
20 53 30 42 -4 23 0 0.00 M M 11.4 27 290 M M 0 38 250
21 63 26 45 -1 20 0 T M M 6.4 15 20 M M 3 M M
22 49 32 41 -6 24 0 0.37 M M 9.6 22 360 M M 9 1 32 360
23 42 32 37 -10 28 0 0.09 M M 11.0 20 360 M M 10 1 30 20
24 48 32 40 -7 25 0 T M M 8.2 16 10 M M 8 18 40
25 59 29 44 -4 21 0 0.00 M M 7.4 13 140 M M 1 17 200
26 68 35 52 4 13 0 0.00 M M 8.9 21 230 M M 0 35 220
27 63 35 49 1 16 0 T M M 7.6 20 150 M M 3 41 260
28 57 33 45 -3 20 0 0.17 M M 6.5 16 10 M M 5 1 27 280
29 48 32 40 -9 25 0 T M M 11.1 28 10 M M 8 35 10
30 54 27 41 -8 24 0 0.00 M M 6.3 16 110 M M 1 22 110
================================================================================
SM 1475 765 823 0 0.73 M 261.4 M 125
================================================================================
AV 49.2 25.5 8.7 FASTST M M 4 MAX(MPH)
MISC ----> 28 350 41 260
================================================================================
NOTES:
# LAST OF SEVERAL OCCURRENCES
COLUMN 17 PEAK WIND IN M.P.H.
PRELIMINARY LOCAL CLIMATOLOGICAL DATA (WS FORM: F-6) , PAGE 2
STATION: CODY WY
MONTH: APRIL
YEAR: 2022
LATITUDE: 44 31 N
LONGITUDE: 109 1 W
[TEMPERATURE DATA] [PRECIPITATION DATA] SYMBOLS USED IN COLUMN 16
AVERAGE MONTHLY: 37.3 TOTAL FOR MONTH: 0.73 1 = FOG OR MIST
DPTR FM NORMAL: -7.7 DPTR FM NORMAL: M 2 = FOG REDUCING VISIBILITY
HIGHEST: 71 ON 8 GRTST 24HR 0.37 ON 22-22 TO 1/4 MILE OR LESS
LOWEST: 6 ON 13 3 = THUNDER
SNOW, ICE PELLETS, HAIL 4 = ICE PELLETS
TOTAL MONTH: M 5 = HAIL
GRTST 24HR M ON M 6 = FREEZING RAIN OR DRIZZLE
GRTST DEPTH: M ON M 7 = DUSTSTORM OR SANDSTORM:
VSBY 1/2 MILE OR LESS
8 = SMOKE OR HAZE
[NO. OF DAYS WITH] [WEATHER - DAYS WITH] 9 = BLOWING SNOW
X = TORNADO
MAX 32 OR BELOW: 4 0.01 INCH OR MORE: 8
MAX 90 OR ABOVE: 0 0.10 INCH OR MORE: 2
MIN 32 OR BELOW: 26 0.50 INCH OR MORE: 0
MIN 0 OR BELOW: 0 1.00 INCH OR MORE: 0
[HDD (BASE 65) ]
TOTAL THIS MO. 823 CLEAR (SCALE 0-3) 14
DPTR FM NORMAL 225 PTCLDY (SCALE 4-7) 8
TOTAL FM JUL 1 6465 CLOUDY (SCALE 8-10) 8
DPTR FM NORMAL 265
[CDD (BASE 65) ]
TOTAL THIS MO. 0
DPTR FM NORMAL 0 [PRESSURE DATA]
TOTAL FM JAN 1 0 HIGHEST SLP M ON M
DPTR FM NORMAL 0 LOWEST SLP M ON M
[REMARKS]
#FINAL-04-22#