000
CXUS51 KGYX 050954
CF6CON
PRELIMINARY LOCAL CLIMATOLOGICAL DATA (WS FORM: F-6)
STATION: CONCORD NH
MONTH: AUGUST
YEAR: 2021
LATITUDE: 43 12 N
LONGITUDE: 71 30 W
TEMPERATURE IN F: :PCPN: SNOW: WIND :SUNSHINE: SKY :PK WND
================================================================================
1 2 3 4 5 6A 6B 7 8 9 10 11 12 13 14 15 16 17 18
12Z AVG MX 2MIN
DY MAX MIN AVG DEP HDD CDD WTR SNW DPTH SPD SPD DIR MIN PSBL S-S WX SPD DR
================================================================================
1 77 54 66 -5 0 1 0.10 0.0 0 3.3 13 140 M M 7 1 17 130
2 77 54 66 -5 0 1 0.03 0.0 0 5.5 20 320 M M 5 12 26 310
3 78 48 63 -8 2 0 0.00 0.0 0 3.4 13 170 M M 0 1 18 130
4 78 53 66 -5 0 1 T 0.0 0 2.9 10 190 M M 1 16 190
5 75 60 68 -3 0 3 0.03 0.0 0 3.4 9 310 M M 9 128 11 320
6 87 58 73 2 0 8 0.00 0.0 0 1.7 10 210 M M 4 12 21 260
7 89 59 74 3 0 9 0.00 0.0 0 3.1 12 220 M M 1 1 16 200
8 87 67 77 6 0 12 0.00 0.0 0 3.1 13 190 M M 2 3 15 180
9 82 66 74 4 0 9 T 0.0 0 5.3 12 140 M M 7 17 90
10 80 65 73 3 0 8 0.01 0.0 0 3.8 10 160 M M 8 1 14 120
11 92 69 81 11 0 16 0.00 0.0 0 5.7 14 180 M M 6 1 18 170
12 93 72 83 13 0 18 0.03 0.0 0 5.2 28 300 M M 1 13 36 310
13 92 68 80 10 0 15 0.00 0.0 0 3.0 10 230 M M 0 13 230
14 89 59 74 4 0 9 0.03 0.0 0 4.7 24 310 M M 2 1 32 320
15 80 54 67 -3 0 2 0.00 0.0 0 5.4 16 310 M M 0 21 330
16 79 49 64 -6 1 0 0.00 0.0 0 1.6 9 250 M M 0 13 140
17 85 54 70 0 0 5 0.00 0.0 0 3.1 13 190 M M 4 12 15 180
18 84 68 76 7 0 11 T 0.0 0 4.2 9 300 M M 4 12 250
19 76 70 73 4 0 8 0.92 0.0 0 4.1 13 90 M M 9 1 19 80
20 89 69 79 10 0 14 0.14 0.0 0 2.5 8 310 M M 7 1 12 60
21 86 70 78 9 0 13 0.00 0.0 0 4.2 12 100 M M 7 12 16 100
22 74 68 71 2 0 6 0.32 0.0 0 10.7 20 40 M M 10 1 27 40
23 81 69 75 6 0 10 0.68 0.0 0 6.1 14 80 M M 10 1 17 60
24 90 68 79 11 0 14 0.59 0.0 0 4.4 13 340 M M 5 1 18 350
25 92 63 78 10 0 13 0.00 0.0 0 2.3 12 310 M M 1 12 15 300
26 94 65 80 12 0 15 T 0.0 0 2.3 12 300 M M 1 16 290
27 89 66 78 10 0 13 0.00 0.0 0 5.0 15 330 M M 0 1 21 300
28 69 58 64 -4 1 0 0.05 0.0 0 3.1 10 100 M M 7 14 100
29 66 58 62 -5 3 0 0.43 0.0 0 2.2 8 200 M M 10 1 11 140
30 86 63 75 8 0 10 T 0.0 0 4.4 14 220 M M 5 1 18 240
31 82 59 71 4 0 6 0.00 0.0 0 3.0 15 300 M M 1 1 19 300
================================================================================
SM 2578 1923 7 250 3.36 0.0 122.7 M 134
================================================================================
AV 83.2 62.0 4.0 FASTST M M 4 MAX(MPH)
MISC ----> 28 300 36 310
================================================================================
NOTES:
# LAST OF SEVERAL OCCURRENCES
COLUMN 17 PEAK WIND IN M.P.H.
PRELIMINARY LOCAL CLIMATOLOGICAL DATA (WS FORM: F-6) , PAGE 2
STATION: CONCORD NH
MONTH: AUGUST
YEAR: 2021
LATITUDE: 43 12 N
LONGITUDE: 71 30 W
[TEMPERATURE DATA] [PRECIPITATION DATA] SYMBOLS USED IN COLUMN 16
AVERAGE MONTHLY: 72.6 TOTAL FOR MONTH: 3.36 1 = FOG OR MIST
DPTR FM NORMAL: 3.1 DPTR FM NORMAL: -0.27 2 = FOG REDUCING VISIBILITY
HIGHEST: 94 ON 26 GRTST 24HR 1.26 ON 23-24 TO 1/4 MILE OR LESS
LOWEST: 48 ON 3 3 = THUNDER
SNOW, ICE PELLETS, HAIL 4 = ICE PELLETS
TOTAL MONTH: 0.0 INCH 5 = HAIL
GRTST 24HR 0.0 6 = FREEZING RAIN OR DRIZZLE
GRTST DEPTH: 0 7 = DUSTSTORM OR SANDSTORM:
VSBY 1/2 MILE OR LESS
8 = SMOKE OR HAZE
[NO. OF DAYS WITH] [WEATHER - DAYS WITH] 9 = BLOWING SNOW
X = TORNADO
MAX 32 OR BELOW: 0 0.01 INCH OR MORE: 13
MAX 90 OR ABOVE: 6 0.10 INCH OR MORE: 7
MIN 32 OR BELOW: 0 0.50 INCH OR MORE: 3
MIN 0 OR BELOW: 0 1.00 INCH OR MORE: 0
[HDD (BASE 65) ]
TOTAL THIS MO. 7 CLEAR (SCALE 0-3) 13
DPTR FM NORMAL -14 PTCLDY (SCALE 4-7) 12
TOTAL FM JUL 1 24 CLOUDY (SCALE 8-10) 6
DPTR FM NORMAL -5
[CDD (BASE 65) ]
TOTAL THIS MO. 250
DPTR FM NORMAL 91 [PRESSURE DATA]
TOTAL FM JAN 1 616 HIGHEST SLP 30.38 ON 28
DPTR FM NORMAL 141 LOWEST SLP 29.69 ON 31
[REMARKS]
#FINAL-08-21#